000
CXUS53 KDDC 011634
CF6DDC
PRELIMINARY LOCAL CLIMATOLOGICAL DATA (WS FORM: F-6)

                                          STATION:   DODGE CITY KS
                                          MONTH:     MARCH
                                          YEAR:      2014
                                          LATITUDE:   37 46 N
                                          LONGITUDE:  99 58 W

  TEMPERATURE IN F:       :PCPN:    SNOW:  WIND      :SUNSHINE: SKY     :PK WND
================================================================================
1   2   3   4   5  6A  6B    7    8   9   10  11  12  13   14  15   16   17  18
                                     12Z  AVG MX 2MIN
DY MAX MIN AVG DEP HDD CDD  WTR  SNW DPTH SPD SPD DIR MIN PSBL S-S WX    SPD DR
================================================================================

 1  24   4  14 -26  51   0    T  0.6    0 20.0 29  20   M    M  10 189    35  30
 2   5  -2   2 -38  63   0 0.19  2.7    1 17.9 31  30   M    M  10 18     37  30
 3  18  -5   7 -33  58   0 0.00  0.0    3 12.3 24 190   M    M   1 18     30 190
 4  46  15  31 -10  34   0 0.00  0.0    3 12.7 21 160   M    M   0        25 160
 5  36  23  30 -11  35   0 0.05  0.3    T 12.3 28  10   M    M   4 168    33  10
 6  66  23  45   4  20   0 0.00  0.0    T 16.2 28 190   M    M   4 12     33 190
 7  53  29  41  -1  24   0 0.00  0.0    0 18.7 33  20   M    M   4 8      39  20
 8  44  23  34  -8  31   0 0.02  0.8    T 15.5 29  10   M    M   7 18     35  10
 9  68  27  48   6  17   0 0.00  0.0    T 13.3 24 220   M    M   0        29 200
10  79  32  56  13   9   0 0.00  0.0    0 10.0 17 170   M    M   0        24 170
11  60  31  46   3  19   0 0.00  0.0    0 26.3 47 360   M    M   3        59 360
12  55  26  41  -2  24   0 0.00  0.0    0 13.1 23 310   M    M   0        32 320
13  69  23  46   2  19   0 0.00  0.0    0 14.8 33 210   M    M   0        39 200
14  65  40  53   9  12   0 0.00  0.0    0 11.6 28 360   M    M   1        34  30
15  69  34  52   8  13   0 0.00  0.0    0 16.8 41 360   M    M   2 8      50  10
16  48  28  38  -6  27   0 0.00  0.0    0 18.6 33 360   M    M   3        43 360
17  72  27  50   5  15   0 0.00  0.0    0 18.1 31 160   M    M   0        40 150
18  60  33  47   2  18   0    T  0.0    0 22.0 40 320   M    M   3 8      48 320
19  57  25  41  -4  24   0 0.00  0.0    0 10.6 21 330   M    M   0        27 330
20  70  33  52   6  13   0 0.00  0.0    0 10.5 18 230   M    M   0        24 230
21  60  36  48   2  17   0 0.00  0.0    0 17.8 35  10   M    M   0        42  10
22  47  23  35 -11  30   0    T    T    0 18.0 35  20   M    M   1        42  20
23  44  18  31 -15  34   0 0.00  0.0    T 13.4 25 170   M    M   5        31 160
24  51  26  39  -8  26   0 0.00  0.0    0 15.0 30  20   M    M   0        39 360
25  53  21  37 -10  28   0 0.00  0.0    0 12.5 25 160   M    M   2        30 160
26  52  36  44  -3  21   0 0.00  0.0    0 25.9 38 180   M    M   5 18     45 190
27  61  31  46  -2  19   0 0.00  0.0    0 15.6 32 320   M    M   1        38 320
28  62  30  46  -2  19   0 0.01  0.0    0  8.4 20  40   M    M   4 8      24  40
29  70  21  46  -2  19   0 0.00  0.0    0 13.2 25 200   M    M   0 18     34 180
30  82  48  65  17   0   0 0.00  0.0    0 24.4 37 180   M    M   0 8      49 170
31  69  35  52   3  13   0 0.00  0.0    0 19.8 32 170   M    M   2 8      41 180
================================================================================
SM 1715  794       752   0 0.27  4.4     495.3          M       72
================================================================================
AV 55.3 25.6                              16.0 FASTST   M    M   2      MAX(MPH)
                                 MISC ---->    47 360                     59 360
================================================================================
NOTES:
# LAST OF SEVERAL OCCURRENCES

COLUMN 17 PEAK WIND IN M.P.H.

PRELIMINARY LOCAL CLIMATOLOGICAL DATA (WS FORM: F-6) , PAGE 2

                                          STATION:  DODGE CITY KS
                                          MONTH:    MARCH
                                          YEAR:     2014
                                          LATITUDE:   37 46 N
                                          LONGITUDE:  99 58 W

[TEMPERATURE DATA]      [PRECIPITATION DATA]       SYMBOLS USED IN COLUMN 16

AVERAGE MONTHLY: 40.5   TOTAL FOR MONTH:   0.27    1 = FOG OR MIST
DPTR FM NORMAL:  -3.9   DPTR FM NORMAL:   -1.32    2 = FOG REDUCING VISIBILITY
HIGHEST:    82 ON 30    GRTST 24HR  0.19 ON  2- 2      TO 1/4 MILE OR LESS
LOWEST:     -5 ON  3                               3 = THUNDER
                        SNOW, ICE PELLETS, HAIL    4 = ICE PELLETS
                        TOTAL MONTH:   4.4 INCHES  5 = HAIL
                        GRTST 24HR   2.7 ON   2    6 = FREEZING RAIN OR DRIZZLE
                        GRTST DEPTH:   3 ON  4, 3  7 = DUSTSTORM OR SANDSTORM:
                                                       VSBY 1/2 MILE OR LESS
                                                   8 = SMOKE OR HAZE
[NO. OF DAYS WITH]      [WEATHER - DAYS WITH]      9 = BLOWING SNOW
                                                   X = TORNADO
MAX 32 OR BELOW:   3    0.01 INCH OR MORE:   4
MAX 90 OR ABOVE:   0    0.10 INCH OR MORE:   1
MIN 32 OR BELOW:  23    0.50 INCH OR MORE:   0
MIN  0 OR BELOW:   2    1.00 INCH OR MORE:   0

[HDD (BASE 65) ]
TOTAL THIS MO.   752    CLEAR  (SCALE 0-3)  22
DPTR FM NORMAL   112    PTCLDY (SCALE 4-7)   7
TOTAL FM JUL 1  4909    CLOUDY (SCALE 8-10)  2
DPTR FM NORMAL   422

[CDD (BASE 65) ]
TOTAL THIS MO.     0
DPTR FM NORMAL    -1    [PRESSURE DATA]
TOTAL FM JAN 1     0    HIGHEST SLP 30.61 ON  2
DPTR FM NORMAL    -1    LOWEST  SLP 29.24 ON 18

[REMARKS]
#FINAL-03-14#
