000
CXUS53 KDDC 021524
CF6DDC
PRELIMINARY LOCAL CLIMATOLOGICAL DATA (WS FORM: F-6)

                                          STATION:   DODGE CITY KS
                                          MONTH:     DECEMBER
                                          YEAR:      2017
                                          LATITUDE:   37 46 N
                                          LONGITUDE:  99 58 W

  TEMPERATURE IN F:       :PCPN:    SNOW:  WIND      :SUNSHINE: SKY     :PK WND
================================================================================
1   2   3   4   5  6A  6B    7    8   9   10  11  12  13   14  15   16   17  18
                                     12Z  AVG MX 2MIN
DY MAX MIN AVG DEP HDD CDD  WTR  SNW DPTH SPD SPD DIR MIN PSBL S-S WX    SPD DR
================================================================================

 1  63  34  49  13  16   0 0.00  0.0    0 13.8 29 190   M    M   0        35 190
 2  63  27  45   9  20   0 0.00  0.0    0  7.2 12 190   M    M   0        14 340
 3  78  35  57  22   8   0 0.00  0.0    0 15.8 30 190   M    M   0 128    42 210
 4  61  25  43   8  22   0 0.00  0.0    0 18.1 39 320   M    M   0        54 320
 5  48  20  34   0  31   0 0.00  0.0    0 10.3 18 260   M    M   0        25 250
 6  48  21  35   1  30   0 0.00  0.0    0 14.0 31  20   M    M   0        44  20
 7  34   7  21 -13  44   0 0.00  0.0    0  8.7 18 350   M    M   0 8      26 350
 8  50  13  32  -2  33   0 0.00  0.0    0 14.7 32 360   M    M   2        44 360
 9  56  29  43  10  22   0 0.00  0.0    0 12.6 24 350   M    M   0        33 350
10  67  29  48  15  17   0 0.00  0.0    0 12.1 20 310   M    M   0        24 300
11  65  27  46  13  19   0 0.00  0.0    0 15.0 30 350   M    M   0 8      45 350
12  61  18  40   7  25   0 0.00  0.0    0  9.9 17 250   M    M   0        23 260
13  62  36  49  16  16   0 0.00  0.0    0 13.0 26 360   M    M   0        39 350
14  48  26  37   5  28   0 0.00  0.0    0 12.2 24  10   M    M   4        36 320
15  56  17  37   5  28   0 0.00  0.0    0 11.7 20 220   M    M   0        26 210
16  63  27  45  13  20   0    T  0.0    0 15.6 28 190   M    M   1        37 190
17  47  23  35   3  30   0    T  0.0    0  8.5 20 170   M    M   3 18     27 350
18  59  21  40   8  25   0 0.00  0.0    0  8.7 21 210   M    M   0 18     27 210
19  57  24  41   9  24   0 0.00  0.0    0 11.7 22  50   M    M   0        29  40
20  51  19  35   3  30   0 0.00  0.0    0 11.4 26 170   M    M   4 128    37 160
21  41  20  31  -1  34   0 0.00  0.0    0 16.6 31 350   M    M   8 128    41 350
22  38  14  26  -6  39   0 0.00  0.0    0  9.9 22 350   M    M   3        29 350
23  34   8  21 -11  44   0 0.00  0.0    0 10.0 22  30   M    M   2 1      32  30
24  32  12  22 -10  43   0 0.00  0.0    0 10.7 26  20   M    M   3        34  30
25  34  10  22 -10  43   0    T    T    0 13.9 25 160   M    M   2 1      32 160
26  12   4   8 -24  57   0    T    T    0 14.0 22  30   M    M   9 1      29  20
27  20   8  14 -18  51   0 0.00  0.0    0 11.9 22 170   M    M  10        27 160
28  45  17  31  -1  34   0 0.00  0.0    0  9.6 20 220   M    M   4 8      27 200
29  50  15  33   1  32   0    T    T    0 13.9 29  10   M    M   2 18     38  10
30  15   5  10 -22  55   0    T    T    0 12.1 25  20   M    M  10 8      35  10
31  14  -5   5 -27  60   0 0.00  0.0    0 11.0 20  30   M    M   5        27  10
================================================================================
SM 1472  586       980   0    T    T     378.6          M       72
================================================================================
AV 47.5 18.9                              12.2 FASTST   M    M   2      MAX(MPH)
                                 MISC ---->    39 320                     54 320
================================================================================
NOTES:
# LAST OF SEVERAL OCCURRENCES

COLUMN 17 PEAK WIND IN M.P.H.

PRELIMINARY LOCAL CLIMATOLOGICAL DATA (WS FORM: F-6) , PAGE 2

                                          STATION:  DODGE CITY KS
                                          MONTH:    DECEMBER
                                          YEAR:     2017
                                          LATITUDE:   37 46 N
                                          LONGITUDE:  99 58 W

[TEMPERATURE DATA]      [PRECIPITATION DATA]       SYMBOLS USED IN COLUMN 16

AVERAGE MONTHLY: 33.2   TOTAL FOR MONTH:      T    1 = FOG OR MIST
DPTR FM NORMAL:   0.4   DPTR FM NORMAL:   -0.84    2 = FOG REDUCING VISIBILITY
HIGHEST:    78 ON  3    GRTST 24HR    T  ON 30-30      TO 1/4 MILE OR LESS
LOWEST:     -5 ON 31                               3 = THUNDER
                        SNOW, ICE PELLETS, HAIL    4 = ICE PELLETS
                        TOTAL MONTH:    T          5 = HAIL
                        GRTST 24HR    T  ON 30-30  6 = FREEZING RAIN OR DRIZZLE
                        GRTST DEPTH:   0           7 = DUSTSTORM OR SANDSTORM:
                                                       VSBY 1/2 MILE OR LESS
                                                   8 = SMOKE OR HAZE
[NO. OF DAYS WITH]      [WEATHER - DAYS WITH]      9 = BLOWING SNOW
                                                   X = TORNADO
MAX 32 OR BELOW:   5    0.01 INCH OR MORE:   0
MAX 90 OR ABOVE:   0    0.10 INCH OR MORE:   0
MIN 32 OR BELOW:  28    0.50 INCH OR MORE:   0
MIN  0 OR BELOW:   1    1.00 INCH OR MORE:   0

[HDD (BASE 65) ]
TOTAL THIS MO.   980    CLEAR  (SCALE 0-3)  21
DPTR FM NORMAL   -20    PTCLDY (SCALE 4-7)   7
TOTAL FM JUL 1  1834    CLOUDY (SCALE 8-10)  3
DPTR FM NORMAL  -180

[CDD (BASE 65) ]
TOTAL THIS MO.     0
DPTR FM NORMAL     0    [PRESSURE DATA]
TOTAL FM JAN 1  1520    HIGHEST SLP 30.87 ON 31
DPTR FM NORMAL    57    LOWEST  SLP 29.49 ON  4

[REMARKS]
#FINAL-12-17#
