000
CXUS53 KDDC 050332
CF6DDC
PRELIMINARY LOCAL CLIMATOLOGICAL DATA (WS FORM: F-6)

                                          STATION:   DODGE CITY KS
                                          MONTH:     JUNE
                                          YEAR:      2014
                                          LATITUDE:   37 46 N
                                          LONGITUDE:  99 58 W

  TEMPERATURE IN F:       :PCPN:    SNOW:  WIND      :SUNSHINE: SKY     :PK WND
================================================================================
1   2   3   4   5  6A  6B    7    8   9   10  11  12  13   14  15   16   17  18
                                     12Z  AVG MX 2MIN
DY MAX MIN AVG DEP HDD CDD  WTR  SNW DPTH SPD SPD DIR MIN PSBL S-S WX    SPD DR
================================================================================

 1  94  65  80  11   0  15 0.67  0.0    0 17.5 52 270   M    M   3 123    66 260
 2  83  61  72   2   0   7 0.00  0.0    0  7.1 14 350   M    M   5 1238   18  20
 3  94  66  80  10   0  15    T  0.0    0 18.1 37 180   M    M   0 138    45 180
 4  86  63  75   5   0  10 0.00  0.0    0 16.9 26  10   M    M   2 1      33  40
 5  85  62  74   3   0   9 0.02  0.0    0  9.7 24 330   M    M   1 13     33 350
 6  83  59  71   0   0   6 0.83  0.0    0  9.9 37 280   M    M   2 13     45 280
 7  77  57  67  -4   0   2 0.10  0.0    0 11.1 21 350   M    M   7 1      25 350
 8  75  57  66  -6   0   1 0.51  0.0    0 11.9 25 290   M    M   8 138    31 290
 9  63  53  58 -14   7   0 0.27  0.0    0 20.7 32 300   M    M   9 18     43 350
10  79  54  67  -5   0   2    T  0.0    0  8.9 20 350   M    M   4 18     26 350
11  91  61  76   4   0  11 0.37  0.0    0 18.4 37 320   M    M   1 13     51 290
12  74  58  66  -7   0   1 0.00  0.0    0 12.1 23  10   M    M   2        29  10
13  82  52  67  -6   0   2 0.00  0.0    0 17.3 30 170   M    M   2        38 160
14  96  59  78   4   0  13 1.58  0.0    0 23.4 45 270   M    M   0 13     53 260
15  83  54  69  -5   0   4 0.00  0.0    0 10.4 23 350   M    M   0 3      31 360
16  97  69  83   9   0  18 0.00  0.0    0 22.8 36 210   M    M   0 1      45 210
17  98  73  86  12   0  21 0.00  0.0    0 21.9 32 170   M    M   0 8      41 200
18  92  72  82   7   0  17    T  0.0    0 19.2 30 160   M    M   0 3      40 160
19  89  61  75   0   0  10 0.00  0.0    0 10.2 22 220   M    M   1        28 220
20  92  68  80   5   0  15 0.00  0.0    0 14.9 24 170   M    M   1        31 170
21  91  63  77   1   0  12 0.00  0.0    0 15.7 26 180   M    M   0        35 180
22  93  62  78   2   0  13 1.77  0.0    0 12.7 36 320   M    M   3 13     51 320
23  83  61  72  -4   0   7    T  0.0    0  8.8 17  30   M    M   2 1      22  30
24  84  62  73  -3   0   8 0.49  0.0    0 10.1 32  10   M    M   4 13     41 360
25  86  60  73  -4   0   8 0.00  0.0    0  9.1 18 180   M    M   0        23 170
26  84  62  73  -4   0   8 0.20  0.0    0 16.9 30 160   M    M   1 13     39 160
27  85  70  78   1   0  13 0.00  0.0    0 21.8 32 160   M    M   1        40 180
28  81  59  70  -8   0   5 1.44  0.0    0 11.8 38 320   M    M   4 13     54 340
29  91  71  81   3   0  16 0.00  0.0    0 13.5 20 180   M    M   5 18     25 130
30  96  64  80   2   0  15 0.84  0.0    0 14.7 31 360   M    M   1 13     42 350
================================================================================
SM 2587 1858         7 284 9.09  0.0     437.5          M       69
================================================================================
AV 86.2 61.9                              14.6 FASTST   M    M   2      MAX(MPH)
                                 MISC ---->    52 270                     66 260
================================================================================
NOTES:
# LAST OF SEVERAL OCCURRENCES

COLUMN 17 PEAK WIND IN M.P.H.

PRELIMINARY LOCAL CLIMATOLOGICAL DATA (WS FORM: F-6) , PAGE 2

                                          STATION:  DODGE CITY KS
                                          MONTH:    JUNE
                                          YEAR:     2014
                                          LATITUDE:   37 46 N
                                          LONGITUDE:  99 58 W

[TEMPERATURE DATA]      [PRECIPITATION DATA]       SYMBOLS USED IN COLUMN 16

AVERAGE MONTHLY: 74.1   TOTAL FOR MONTH:   9.09    1 = FOG OR MIST
DPTR FM NORMAL:   0.2   DPTR FM NORMAL:    5.85    2 = FOG REDUCING VISIBILITY
HIGHEST:    98 ON 17    GRTST 24HR  1.77 ON 22-22      TO 1/4 MILE OR LESS
LOWEST:     52 ON 13                               3 = THUNDER
                        SNOW, ICE PELLETS, HAIL    4 = ICE PELLETS
                        TOTAL MONTH:   0.0 INCH    5 = HAIL
                        GRTST 24HR     0.0         6 = FREEZING RAIN OR DRIZZLE
                        GRTST DEPTH:   0           7 = DUSTSTORM OR SANDSTORM:
                                                       VSBY 1/2 MILE OR LESS
                                                   8 = SMOKE OR HAZE
[NO. OF DAYS WITH]      [WEATHER - DAYS WITH]      9 = BLOWING SNOW
                                                   X = TORNADO
MAX 32 OR BELOW:   0    0.01 INCH OR MORE:  13
MAX 90 OR ABOVE:  12    0.10 INCH OR MORE:  12
MIN 32 OR BELOW:   0    0.50 INCH OR MORE:   7
MIN  0 OR BELOW:   0    1.00 INCH OR MORE:   3

[HDD (BASE 65) ]
TOTAL THIS MO.     7    CLEAR  (SCALE 0-3)  22
DPTR FM NORMAL    -6    PTCLDY (SCALE 4-7)   6
TOTAL FM JUL 1  5378    CLOUDY (SCALE 8-10)  2
DPTR FM NORMAL   411

[CDD (BASE 65) ]
TOTAL THIS MO.   284
DPTR FM NORMAL     6    [PRESSURE DATA]
TOTAL FM JAN 1   456    HIGHEST SLP 30.09 ON 13
DPTR FM NORMAL    69    LOWEST  SLP 29.38 ON 14

[REMARKS]
#FINAL-06-14#
