000
CXUS53 KDDC 011420
CF6DDC
PRELIMINARY LOCAL CLIMATOLOGICAL DATA (WS FORM: F-6)

                                          STATION:   DODGE CITY KS
                                          MONTH:     SEPTEMBER
                                          YEAR:      2012
                                          LATITUDE:   37 46 N
                                          LONGITUDE:  99 58 W

  TEMPERATURE IN F:       :PCPN:    SNOW:  WIND      :SUNSHINE: SKY     :PK WND
================================================================================
1   2   3   4   5  6A  6B    7    8   9   10  11  12  13   14  15   16   17  18
                                     12Z  AVG MX 2MIN
DY MAX MIN AVG DEP HDD CDD  WTR  SNW DPTH SPD SPD DIR MIN PSBL S-S WX    SPD DR
================================================================================

 1  95  63  79   4   0  14 0.00  0.0    0  8.5 15 140   M    M   0        20 200
 2 100  68  84   9   0  19 0.00  0.0    0 11.7 21 210   M    M   0        25 200
 3 100  71  86  12   0  21 0.00  0.0    0 10.0 21  10   M    M   0        26  10
 4  94  68  81   7   0  16    T  0.0    0  6.3 17  50   M    M   1 3      20  50
 5  89  65  77   3   0  12 0.00  0.0    0  9.0 21 350   M    M   0 3      28  20
 6  95  62  79   6   0  14 0.01  0.0    0 11.5 29 170   M    M   1 138    38 170
 7  73  51  62 -11   3   0 0.00  0.0    0 16.5 40  10   M    M   2        48  10
 8  82  47  65  -7   0   0 0.00  0.0    0  7.8 18 310   M    M   0 8      24 350
 9  85  50  68  -4   0   3 0.00  0.0    0  8.2 17  10   M    M   0        26 360
10  92  53  73   1   0   8 0.00  0.0    0 15.1 26 190   M    M   0        35 190
11  97  64  81  10   0  16 0.00  0.0    0 21.3 36 170   M    M   0        45 180
12  88  53  71   0   0   6 0.03  0.0    0 16.9 31 360   M    M   3        40 360
13  63  44  54 -16  11   0 0.30  0.0    0 15.4 25  10   M    M   7 1      33  10
14  74  42  58 -12   7   0 0.00  0.0    0  6.9 16  50   M    M   0        22  60
15  77  44  61  -9   4   0 0.00  0.0    0  5.1 13 140   M    M   0 18     16 150
16  81  50  66  -3   0   1 0.00  0.0    0  8.0 15 150   M    M   3 12     21 170
17  74  46  60  -9   5   0 0.00  0.0    0 12.6 29 360   M    M   0 1      35 360
18  80  43  62  -6   3   0 0.00  0.0    0  9.4 20 210   M    M   0 1      28 210
19  95  50  73   5   0   8 0.00  0.0    0 10.3 20  20   M    M   0        25  20
20  85  47  66  -1   0   1 0.00  0.0    0  8.3 16 130   M    M   0        22 120
21  88  51  70   3   0   5 0.00  0.0    0  7.2 17  10   M    M   0 8      22  30
22  77  50  64  -2   1   0 0.00  0.0    0 11.5 23  50   M    M   0        30  50
23  76  47  62  -4   3   0 0.01  0.0    0 10.2 20 140   M    M   1        29 140
24  83  49  66   0   0   1 0.00  0.0    0  7.3 14 270   M    M   0        18 350
25  87  53  70   5   0   5    T  0.0    0  9.8 22  10   M    M   0        26  10
26  82  54  68   3   0   3    T  0.0    0  9.3 24 100   M    M   1 1      30 110
27  76  58  67   3   0   2 0.02  0.0    0  5.9 17 100   M    M   7 1238   22  80
28  75  57  66   2   0   1 0.54  0.0    0  3.9 13  60   M    M   6 13     15  80
29  69  54  62  -1   3   0 0.00  0.0    0  4.3 14  70   M    M   6 128    16  70
30  78  47  63   0   2   0    T  0.0    0  2.4 14  30   M    M   1 123    17  40
================================================================================
SM 2510 1601        42 156 0.91  0.0     290.6          M       39
================================================================================
AV 83.7 53.4                               9.7 FASTST   M    M   1      MAX(MPH)
                                 MISC ---->    40  10                     48  10
================================================================================
NOTES:
# LAST OF SEVERAL OCCURRENCES

COLUMN 17 PEAK WIND IN M.P.H.

PRELIMINARY LOCAL CLIMATOLOGICAL DATA (WS FORM: F-6) , PAGE 2

                                          STATION:  DODGE CITY KS
                                          MONTH:    SEPTEMBER
                                          YEAR:     2012
                                          LATITUDE:   37 46 N
                                          LONGITUDE:  99 58 W

[TEMPERATURE DATA]      [PRECIPITATION DATA]       SYMBOLS USED IN COLUMN 16

AVERAGE MONTHLY: 68.6   TOTAL FOR MONTH:   0.91    1 = FOG OR MIST
DPTR FM NORMAL:  -0.6   DPTR FM NORMAL:   -0.76    2 = FOG REDUCING VISIBILITY
HIGHEST:   100 ON  3, 2 GRTST 24HR  0.56 ON 27-28      TO 1/4 MILE OR LESS
LOWEST:     42 ON 14                               3 = THUNDER
                        SNOW, ICE PELLETS, HAIL    4 = ICE PELLETS
                        TOTAL MONTH:   0.0 INCH    5 = HAIL
                        GRTST 24HR     0.0         6 = FREEZING RAIN OR DRIZZLE
                        GRTST DEPTH:   0           7 = DUSTSTORM OR SANDSTORM:
                                                       VSBY 1/2 MILE OR LESS
                                                   8 = SMOKE OR HAZE
[NO. OF DAYS WITH]      [WEATHER - DAYS WITH]      9 = BLOWING SNOW
                                                   X = TORNADO
MAX 32 OR BELOW:   0    0.01 INCH OR MORE:   6
MAX 90 OR ABOVE:   8    0.10 INCH OR MORE:   2
MIN 32 OR BELOW:   0    0.50 INCH OR MORE:   1
MIN  0 OR BELOW:   0    1.00 INCH OR MORE:   0

[HDD (BASE 65) ]
TOTAL THIS MO.    42    CLEAR  (SCALE 0-3)  25
DPTR FM NORMAL   -19    PTCLDY (SCALE 4-7)   5
TOTAL FM JUL 1    42    CLOUDY (SCALE 8-10)  0
DPTR FM NORMAL   -23

[CDD (BASE 65) ]
TOTAL THIS MO.   156
DPTR FM NORMAL   -31    [PRESSURE DATA]
TOTAL FM JAN 1  1759    HIGHEST SLP 30.44 ON 14
DPTR FM NORMAL   326    LOWEST  SLP 29.70 ON 25

[REMARKS]
#FINAL-09-12#
