000
CXUS53 KDDC 030204
CF6DDC
PRELIMINARY LOCAL CLIMATOLOGICAL DATA (WS FORM: F-6)

                                          STATION:   DODGE CITY KS
                                          MONTH:     JUNE
                                          YEAR:      2012
                                          LATITUDE:   37 46 N
                                          LONGITUDE:  99 58 W

  TEMPERATURE IN F:       :PCPN:    SNOW:  WIND      :SUNSHINE: SKY     :PK WND
================================================================================
1   2   3   4   5  6A  6B    7    8   9   10  11  12  13   14  15   16   17  18
                                     12Z  AVG MX 2MIN
DY MAX MIN AVG DEP HDD CDD  WTR  SNW DPTH SPD SPD DIR MIN PSBL S-S WX    SPD DR
================================================================================

 1  73  47  60  -9   5   0    T  0.0    0 13.6 28 140   M    M   3        32 140
 2  89  53  71   1   0   6 0.15  0.0    0 10.0 35 130   M    M   2 138    46 130
 3  91  61  76   6   0  11    T  0.0    0 10.3 28 160   M    M   1        33 160
 4  94  62  78   8   0  13    T  0.0    0  7.5 18 100   M    M   1 138    26  90
 5  92  61  77   6   0  12 0.00  0.0    0  8.0 21 110   M    M   1 18     26 110
 6  87  58  73   2   0   8 0.00  0.0    0 11.7 25 140   M    M   1 18     32 130
 7  84  58  71   0   0   6 0.00  0.0    0 14.7 28 160   M    M   3 128    35 160
 8  87  54  71  -1   0   6 0.00  0.0    0 16.0 25 170   M    M   0 18     31 160
 9  94  64  79   7   0  14 0.00  0.0    0 24.7 36 170   M    M   0        44 170
10  86  64  75   3   0  10 0.00  0.0    0 17.3 28 180   M    M   0 8      36 160
11  88  55  72   0   0   7 0.00  0.0    0 11.3 26  30   M    M   0 8      33  20
12  87  56  72  -1   0   7 0.00  0.0    0 16.5 30 150   M    M   0 8      39 170
13  92  62  77   4   0  12 0.00  0.0    0 18.0 25 160   M    M   1        33 160
14  99  63  81   7   0  16 0.55  0.0    0 20.4 36 270   M    M   4 138    51 270
15  87  60  74   0   0   9    T  0.0    0  9.7 25 110   M    M   0 1      28 100
16  88  59  74   0   0   9 1.08  0.0    0  8.7 33 310   M    M   1 13     44 320
17  95  67  81   7   0  16 0.00  0.0    0 15.7 26 190   M    M   0 8      35 160
18 100  68  84   9   0  19 0.00  0.0    0 21.6 33 170   M    M   0        45 160
19  95  72  84   9   0  19 0.00  0.0    0 28.8 41 180   M    M   0 8      51 180
20  95  68  82   7   0  17 0.00  0.0    0 23.5 38 180   M    M   3 38     47 180
21  86  60  73  -3   0   8    T  0.0    0  9.3 23  50   M    M   5 3      29  50
22  90  61  76   0   0  11 0.00  0.0    0 17.9 30 150   M    M   2 18     39 150
23 103  72  88  12   0  23 0.00  0.0    0 21.9 36 200   M    M   0        47 200
24 107  71  89  13   0  24 0.00  0.0    0 13.0 22 170   M    M   0        26 160
25 108  71  90  13   0  25 0.00  0.0    0 11.0 20 190   M    M   0 8      25 170
26 110  72  91  14   0  26 0.00  0.0    0 13.9 28 210   M    M   0        36 190
27 111  73  92  15   0  27 0.00  0.0    0 17.2 29 180   M    M   0        39 180
28 108  71  90  12   0  25 0.00  0.0    0 13.6 24 160   M    M   0 8      30 150
29 106  78  92  14   0  27    T  0.0    0 14.9 24 170   M    M   0        31 170
30 105  69  87   9   0  22    T  0.0    0 13.3 29 350   M    M   0 38     37 350
================================================================================
SM 2837 1910         5 435 1.78  0.0     454.0          M       28
================================================================================
AV 94.6 63.7                              15.1 FASTST   M    M   1      MAX(MPH)
                                 MISC ---->    41 180                   # 51 270
================================================================================
NOTES:
# LAST OF SEVERAL OCCURRENCES

COLUMN 17 PEAK WIND IN M.P.H.

PRELIMINARY LOCAL CLIMATOLOGICAL DATA (WS FORM: F-6) , PAGE 2

                                          STATION:  DODGE CITY KS
                                          MONTH:    JUNE
                                          YEAR:     2012
                                          LATITUDE:   37 46 N
                                          LONGITUDE:  99 58 W

[TEMPERATURE DATA]      [PRECIPITATION DATA]       SYMBOLS USED IN COLUMN 16

AVERAGE MONTHLY: 79.2   TOTAL FOR MONTH:   1.78    1 = FOG OR MIST
DPTR FM NORMAL:   5.3   DPTR FM NORMAL:   -1.46    2 = FOG REDUCING VISIBILITY
HIGHEST:   111 ON 27    GRTST 24HR  1.08 ON 16-16      TO 1/4 MILE OR LESS
LOWEST:     47 ON  1                               3 = THUNDER
                        SNOW, ICE PELLETS, HAIL    4 = ICE PELLETS
                        TOTAL MONTH:   0.0 INCH    5 = HAIL
                        GRTST 24HR     0.0         6 = FREEZING RAIN OR DRIZZLE
                        GRTST DEPTH:   0           7 = DUSTSTORM OR SANDSTORM:
                                                       VSBY 1/2 MILE OR LESS
                                                   8 = SMOKE OR HAZE
[NO. OF DAYS WITH]      [WEATHER - DAYS WITH]      9 = BLOWING SNOW
                                                   X = TORNADO
MAX 32 OR BELOW:   0    0.01 INCH OR MORE:   3
MAX 90 OR ABOVE:  19    0.10 INCH OR MORE:   3
MIN 32 OR BELOW:   0    0.50 INCH OR MORE:   2
MIN  0 OR BELOW:   0    1.00 INCH OR MORE:   1

[HDD (BASE 65) ]
TOTAL THIS MO.     5    CLEAR  (SCALE 0-3)  26
DPTR FM NORMAL    -8    PTCLDY (SCALE 4-7)   4
TOTAL FM JUL 1  4301    CLOUDY (SCALE 8-10)  0
DPTR FM NORMAL  -666

[CDD (BASE 65) ]
TOTAL THIS MO.   435
DPTR FM NORMAL   157    [PRESSURE DATA]
TOTAL FM JAN 1   652    HIGHEST SLP 30.14 ON 21
DPTR FM NORMAL   265    LOWEST  SLP 29.46 ON 10

[REMARKS]
#FINAL-06-12#
