000
CXUS53 KDDC 021356
CF6DDC
PRELIMINARY LOCAL CLIMATOLOGICAL DATA (WS FORM: F-6)

                                          STATION:   DODGE CITY KS
                                          MONTH:     MARCH
                                          YEAR:      2012
                                          LATITUDE:   37 46 N
                                          LONGITUDE:  99 58 W

  TEMPERATURE IN F:       :PCPN:    SNOW:  WIND      :SUNSHINE: SKY     :PK WND
================================================================================
1   2   3   4   5  6A  6B    7    8   9   10  11  12  13   14  15   16   17  18
                                     12Z  AVG MX 2MIN
DY MAX MIN AVG DEP HDD CDD  WTR  SNW DPTH SPD SPD DIR MIN PSBL S-S WX    SPD DR
================================================================================

 1  68  28  48   8  17   0 0.00  0.0    0 16.1 26  10   M    M   0 8      33  10
 2  52  23  38  -2  27   0 0.00  0.0    0 13.5 29 350   M    M   2        35 350
 3  51  19  35  -5  30   0 0.00  0.0    0 13.9 33 300   M    M   2        43 300
 4  69  32  51  10  14   0 0.00  0.0    0 15.2 31 350   M    M   1        38 350
 5  75  30  53  12  12   0 0.00  0.0    0 20.4 37 190   M    M   0        45 190
 6  80  44  62  21   3   0 0.00  0.0    0 22.1 41 180   M    M   0        52 180
 7  59  36  48   6  17   0 0.02  0.0    0 17.2 31 190   M    M   2 38     38 180
 8  50  29  40  -2  25   0    T    T    0 14.2 31  20   M    M   2 3      41  20
 9  59  22  41  -1  24   0 0.00  0.0    0  8.0 16 180   M    M   0        18 170
10  61  29  45   2  20   0 0.05  0.0    0 14.2 25 170   M    M   3 1      32 170
11  46  37  42  -1  23   0 0.15  0.0    0 10.9 20 170   M    M   8 1      23 170
12  76  35  56  13   9   0 0.00  0.0    0 11.5 18 290   M    M   0 1      22 200
13  83  41  62  18   3   0 0.00  0.0    0 13.9 29 210   M    M   0 8      35 180
14  82  42  62  18   3   0 0.00  0.0    0 11.5 23 210   M    M   0 8      29 210
15  77  43  60  16   5   0 0.00  0.0    0  6.4 21 180   M    M   2 128    25 180
16  84  42  63  19   2   0 0.00  0.0    0 16.0 30 170   M    M   1 128    37 170
17  83  57  70  25   0   5 0.00  0.0    0 20.4 33 170   M    M   2 18     41 170
18  77  56  67  22   0   2    T  0.0    0 24.5 38 160   M    M   5 138    46 150
19  64  44  54   9  11   0 0.36  0.0    0 18.1 32 170   M    M   3 13     39 180
20  56  37  47   1  18   0 0.11  0.0    0  8.3 20  40   M    M   7 12     25  40
21  49  42  46   0  19   0 1.98  0.0    0 10.5 21 360   M    M  10 1      24  30
22  50  34  42  -4  23   0    T  0.0    0  9.0 17 350   M    M   9 12     21 350
23  66  36  51   5  14   0 0.00  0.0    0  6.2 12 160   M    M   0        14 160
24  74  43  59  12   6   0 0.00  0.0    0 10.5 15 140   M    M   0        20 120
25  79  47  63  16   2   0 0.00  0.0    0 15.9 28 170   M    M   0 1      35 150
26  79  56  68  21   0   3 0.00  0.0    0 20.2 33 180   M    M   0        41 160
27  72  49  61  13   4   0 0.00  0.0    0 11.3 24  60   M    M   0        31  60
28  74  50  62  14   3   0 0.00  0.0    0  5.7 13 120   M    M   3 128    16 130
29  77  50  64  16   1   0 0.00  0.0    0 11.3 18 350   M    M   0        24 360
30  75  44  60  12   5   0 0.00  0.0    0  7.7 15 170   M    M   1 18     23 150
31  82  53  68  19   0   3 0.00  0.0    0 11.7 22 160   M    M   0 18     26 160
================================================================================
SM 2129 1230       340  13 2.67    T     416.3          M       63
================================================================================
AV 68.7 39.7                              13.4 FASTST   M    M   2    MAX(MPH)
                                 MISC ---->    41 180                     52 180
================================================================================
NOTES:
# LAST OF SEVERAL OCCURRENCES

COLUMN 17 PEAK WIND IN M.P.H.

PRELIMINARY LOCAL CLIMATOLOGICAL DATA (WS FORM: F-6) , PAGE 2

                                          STATION:  DODGE CITY KS
                                          MONTH:    MARCH
                                          YEAR:     2012
                                          LATITUDE:   37 46 N
                                          LONGITUDE:  99 58 W

[TEMPERATURE DATA]      [PRECIPITATION DATA]       SYMBOLS USED IN COLUMN 16

AVERAGE MONTHLY: 54.2   TOTAL FOR MONTH:   2.67    1 = FOG OR MIST
DPTR FM NORMAL:   9.8   DPTR FM NORMAL:    1.08    2 = FOG REDUCING VISIBILITY
HIGHEST:    84 ON 16    GRTST 24HR  1.98 ON 21-21      TO 1/4 MILE OR LESS
LOWEST:     19 ON  3                               3 = THUNDER
                        SNOW, ICE PELLETS, HAIL    4 = ICE PELLETS
                        TOTAL MONTH:    T          5 = HAIL
                        GRTST 24HR    T  ON  8- 8  6 = FREEZING RAIN OR DRIZZLE
                        GRTST DEPTH:   0           7 = DUSTSTORM OR SANDSTORM:
                                                       VSBY 1/2 MILE OR LESS
                                                   8 = SMOKE OR HAZE
[NO. OF DAYS WITH]      [WEATHER - DAYS WITH]      9 = BLOWING SNOW
                                                   X = TORNADO
MAX 32 OR BELOW:   0    0.01 INCH OR MORE:   6
MAX 90 OR ABOVE:   0    0.10 INCH OR MORE:   4
MIN 32 OR BELOW:   8    0.50 INCH OR MORE:   1
MIN  0 OR BELOW:   0    1.00 INCH OR MORE:   1

[HDD (BASE 65) ]
TOTAL THIS MO.   340    CLEAR  (SCALE 0-3)  25
DPTR FM NORMAL  -300    PTCLDY (SCALE 4-7)   4
TOTAL FM JUL 1  4010    CLOUDY (SCALE 8-10)  2
DPTR FM NORMAL  -477

[CDD (BASE 65) ]
TOTAL THIS MO.    13
DPTR FM NORMAL    12    [PRESSURE DATA]
TOTAL FM JAN 1    13    HIGHEST SLP 30.61 ON  9
DPTR FM NORMAL    12    LOWEST  SLP 29.47 ON 19

[REMARKS]
#FINAL-03-12#
