000
CXUS53 KDDC 031533
CF6DDC
PRELIMINARY LOCAL CLIMATOLOGICAL DATA (WS FORM: F-6)

                                          STATION:   DODGE CITY KS
                                          MONTH:     FEBRUARY
                                          YEAR:      2014
                                          LATITUDE:   37 46 N
                                          LONGITUDE:  99 58 W

  TEMPERATURE IN F:       :PCPN:    SNOW:  WIND      :SUNSHINE: SKY     :PK WND
================================================================================
1   2   3   4   5  6A  6B    7    8   9   10  11  12  13   14  15   16   17  18
                                     12Z  AVG MX 2MIN
DY MAX MIN AVG DEP HDD CDD  WTR  SNW DPTH SPD SPD DIR MIN PSBL S-S WX    SPD DR
================================================================================

 1  28  15  22 -11  43   0 0.00  0.0    0 13.2 24  10   M    M   9 1      29  10
 2  32   5  19 -14  46   0 0.00  0.0    0  7.6 16 180   M    M   1        21 180
 3  37  16  27  -6  38   0 0.00  0.0    0 15.4 28 180   M    M   4        33 170
 4  28   4  16 -18  49   0 0.33  5.5    1 20.6 36  20   M    M  10 128    42  20
 5   6  -3   2 -32  63   0    T    T    6 17.8 28  10   M    M   6 18     35 350
 6   6   3   5 -29  60   0    T  0.1    6  7.6 13 180   M    M  10 8      14 170
 7  18   3  11 -23  54   0    T    T    6 13.6 20 170   M    M  10 18     24 170
 8  26  15  21 -13  44   0 0.01    T    5  8.1 18 200   M    M   8 128    23 200
 9  23  11  17 -17  48   0 0.04  0.8    5 14.5 22  20   M    M  10 18     26  30
10  14   7  11 -24  54   0 0.17  2.6    6  7.9 16  30   M    M  10 18     19  30
11  20   3  12 -23  53   0 0.00  0.0    7 10.7 22 180   M    M   3 18     26 180
12  36  17  27  -8  38   0 0.00  0.0    6 11.6 20 350   M    M   1        25 340
13  52  25  39   4  26   0 0.00  0.0    4 10.2 23 220   M    M   0        29 210
14  53  32  43   7  22   0 0.00  0.0    T 13.3 30 360   M    M   1        38 350
15  58  30  44   8  21   0 0.00  0.0    T 14.0 28  10   M    M   0        33  20
16  55  27  41   5  24   0 0.00  0.0    0 13.3 26 170   M    M   0        30 170
17  59  32  46  10  19   0 0.00  0.0    0 15.4 35 330   M    M   0        45 320
18  73  35  54  17  11   0 0.00  0.0    0 14.3 30 360   M    M   0        35 350
19  56  31  44   7  21   0 0.00  0.0    0 10.3 23 160   M    M   1        28 160
20  48  29  39   2  26   0 0.05  1.0    T 21.5 48 360   M    M   3 12     60 360
21  59  25  42   5  23   0 0.00  0.0    0 11.0 30 320   M    M   0        35 320
22  57  23  40   2  25   0 0.00  0.0    0 10.2 21  60   M    M   0        28  50
23  32  17  25 -13  40   0 0.00  0.0    0 12.0 23  50   M    M   4 1      27  50
24  44  14  29  -9  36   0 0.00  0.0    0 10.0 26  10   M    M   0        34  10
25  28  11  20 -19  45   0 0.00  0.0    0 16.9 25  10   M    M   5        30  10
26  41   8  25 -14  40   0    T    T    0  8.8 18 260   M    M   3 18     26 220
27  52  18  35  -4  30   0 0.00  0.0    0 13.7 29 150   M    M   0        34 150
28  58  25  42   2  23   0 0.00  0.0    0 14.3 28 140   M    M   2        34 140
================================================================================
SM 1099  478      1022   0 0.60  10.0    357.8          M      101
================================================================================
AV 39.3 17.1                              12.8 FASTST   M    M   4      MAX(MPH)
                                 MISC ---->    48 360                     60 360
================================================================================
NOTES:
# LAST OF SEVERAL OCCURRENCES

COLUMN 17 PEAK WIND IN M.P.H.

PRELIMINARY LOCAL CLIMATOLOGICAL DATA (WS FORM: F-6) , PAGE 2

                                          STATION:  DODGE CITY KS
                                          MONTH:    FEBRUARY
                                          YEAR:     2014
                                          LATITUDE:   37 46 N
                                          LONGITUDE:  99 58 W

[TEMPERATURE DATA]      [PRECIPITATION DATA]       SYMBOLS USED IN COLUMN 16

AVERAGE MONTHLY: 28.2   TOTAL FOR MONTH:   0.60    1 = FOG OR MIST
DPTR FM NORMAL:  -7.7   DPTR FM NORMAL:   -0.08    2 = FOG REDUCING VISIBILITY
HIGHEST:    73 ON 18    GRTST 24HR  0.33 ON  4- 4      TO 1/4 MILE OR LESS
LOWEST:     -3 ON  5                               3 = THUNDER
                        SNOW, ICE PELLETS, HAIL    4 = ICE PELLETS
                        TOTAL MONTH:  10.0 INCHES  5 = HAIL
                        GRTST 24HR   5.5 ON  4- 4  6 = FREEZING RAIN OR DRIZZLE
                        GRTST DEPTH:   7 ON 11     7 = DUSTSTORM OR SANDSTORM:
                                                       VSBY 1/2 MILE OR LESS
                                                   8 = SMOKE OR HAZE
[NO. OF DAYS WITH]      [WEATHER - DAYS WITH]      9 = BLOWING SNOW
                                                   X = TORNADO
MAX 32 OR BELOW:  12    0.01 INCH OR MORE:   5
MAX 90 OR ABOVE:   0    0.10 INCH OR MORE:   2
MIN 32 OR BELOW:  27    0.50 INCH OR MORE:   0
MIN  0 OR BELOW:   1    1.00 INCH OR MORE:   0

[HDD (BASE 65) ]
TOTAL THIS MO.  1022    CLEAR  (SCALE 0-3)  17
DPTR FM NORMAL   207    PTCLDY (SCALE 4-7)   5
TOTAL FM JUL 1  4157    CLOUDY (SCALE 8-10)  6
DPTR FM NORMAL   310

[CDD (BASE 65) ]
TOTAL THIS MO.     0
DPTR FM NORMAL     0    [PRESSURE DATA]
TOTAL FM JAN 1     0    HIGHEST SLP 30.74 ON  5
DPTR FM NORMAL     0    LOWEST  SLP 29.31 ON 20

[REMARKS]
#FINAL-02-14#
