000
CXUS53 KDDC 011558
CF6DDC
PRELIMINARY LOCAL CLIMATOLOGICAL DATA (WS FORM: F-6)

                                          STATION:   DODGE CITY KS
                                          MONTH:     MARCH
                                          YEAR:      2017
                                          LATITUDE:   37 46 N
                                          LONGITUDE:  99 58 W

  TEMPERATURE IN F:       :PCPN:    SNOW:  WIND      :SUNSHINE: SKY     :PK WND
================================================================================
1   2   3   4   5  6A  6B    7    8   9   10  11  12  13   14  15   16   17  18
                                     12Z  AVG MX 2MIN
DY MAX MIN AVG DEP HDD CDD  WTR  SNW DPTH SPD SPD DIR MIN PSBL S-S WX    SPD DR
================================================================================

 1  53  27  40   0  25   0 0.00  0.0    0 15.1 32 320   M    M   1 8      41 320
 2  59  17  38  -2  27   0 0.00  0.0    0  5.0 12  10   M    M   0        14 100
 3  71  25  48   8  17   0 0.00  0.0    0 16.3 31 230   M    M   0        40 210
 4  73  39  56  15   9   0 0.00  0.0    0 21.6 32 170   M    M   0        39 170
 5  82  46  64  23   1   0 0.00  0.0    0 22.5 33 180   M    M   0        43 170
 6  79  29  54  13  11   0 0.00  0.0    0 23.4 46 270   M    M   4 8      58 260
 7  63  25  44   2  21   0 0.00  0.0    0 15.1 30 280   M    M   0        37 280
 8  71  29  50   8  15   0 0.00  0.0    0  9.8 17 200   M    M   0 8      22 230
 9  80  30  55  13  10   0 0.00  0.0    0 10.7 29  40   M    M   0 8      39  40
10  42  22  32 -11  33   0 0.00  0.0    0 12.4 26  40   M    M   6        33  30
11  47  26  37  -6  28   0 0.00  0.0    0  9.4 20  30   M    M   6        26  30
12  56  22  39  -4  26   0    T  0.0    0 14.2 31 170   M    M   3 18     38 170
13  43  28  36  -8  29   0 0.00  0.0    0 13.5 31 350   M    M   5        39 360
14  52  21  37  -7  28   0 0.00  0.0    0 11.1 22 150   M    M   1 8      24 150
15  65  23  44   0  21   0 0.00  0.0    0 16.8 30 190   M    M   0 18     36 180
16  82  37  60  16   5   0 0.00  0.0    0 10.6 20 180   M    M   0 18     24 180
17  74  43  59  14   6   0 0.00  0.0    0 11.6 24  30   M    M   0        31  40
18  75  37  56  11   9   0 0.00  0.0    0 13.9 23 170   M    M   1        29 160
19  94  54  74  29   0   9 0.00  0.0    0 11.3 24 270   M    M   0        37 280
20  82  47  65  19   0   0 0.00  0.0    0 11.5 20  20   M    M   0        25  10
21  64  44  54   8  11   0 0.00  0.0    0 16.8 28  30   M    M   2        35  50
22  63  42  53   7  12   0    T  0.0    0 13.1 24 150   M    M   6        28 150
23  84  46  65  19   0   0    T  0.0    0 23.8 54 180   M    M   8 18     68 170
24  69  40  55   8  10   0 0.07  0.0    0 16.2 29 340   M    M   5 1      36 340
25  65  38  52   5  13   0 0.00  0.0    0 12.9 25 350   M    M   5 1      31 320
26  53  33  43  -4  22   0 0.02  0.0    0 12.4 20  20   M    M   8 1238   25  80
27  68  31  50   2  15   0 0.00  0.0    0  7.4 16 320   M    M   2 1      19 310
28  49  44  47  -1  18   0 1.34  0.0    0 15.1 29  70   M    M   9 123    38  60
29  46  39  43  -5  22   0 1.15  0.0    0 23.6 37 360   M    M  10 1      46 350
30  59  38  49   1  16   0 0.00  0.0    0 12.2 24 320   M    M   6        30 340
31  47  35  41  -8  24   0    T  0.0    0 11.7 23  30   M    M   9 123    29  40
================================================================================
SM 2010 1057       484   9 2.58  0.0     441.0          M       97
================================================================================
AV 64.8 34.1                              14.2 FASTST   M    M   3      MAX(MPH)
                                 MISC ---->    54 180                     68 170
================================================================================
NOTES:
# LAST OF SEVERAL OCCURRENCES

COLUMN 17 PEAK WIND IN M.P.H.

PRELIMINARY LOCAL CLIMATOLOGICAL DATA (WS FORM: F-6) , PAGE 2

                                          STATION:  DODGE CITY KS
                                          MONTH:    MARCH
                                          YEAR:     2017
                                          LATITUDE:   37 46 N
                                          LONGITUDE:  99 58 W

[TEMPERATURE DATA]      [PRECIPITATION DATA]       SYMBOLS USED IN COLUMN 16

AVERAGE MONTHLY: 49.5   TOTAL FOR MONTH:   2.58    1 = FOG OR MIST
DPTR FM NORMAL:   5.1   DPTR FM NORMAL:    0.99    2 = FOG REDUCING VISIBILITY
HIGHEST:    94 ON 19    GRTST 24HR  1.34 ON 28-28      TO 1/4 MILE OR LESS
LOWEST:     17 ON  2                               3 = THUNDER
                        SNOW, ICE PELLETS, HAIL    4 = ICE PELLETS
                        TOTAL MONTH:   0.0 INCH    5 = HAIL
                        GRTST 24HR     0.0         6 = FREEZING RAIN OR DRIZZLE
                        GRTST DEPTH:   0           7 = DUSTSTORM OR SANDSTORM:
                                                       VSBY 1/2 MILE OR LESS
                                                   8 = SMOKE OR HAZE
[NO. OF DAYS WITH]      [WEATHER - DAYS WITH]      9 = BLOWING SNOW
                                                   X = TORNADO
MAX 32 OR BELOW:   0    0.01 INCH OR MORE:   4
MAX 90 OR ABOVE:   1    0.10 INCH OR MORE:   2
MIN 32 OR BELOW:  14    0.50 INCH OR MORE:   2
MIN  0 OR BELOW:   0    1.00 INCH OR MORE:   2

[HDD (BASE 65) ]
TOTAL THIS MO.   484    CLEAR  (SCALE 0-3)  18
DPTR FM NORMAL  -156    PTCLDY (SCALE 4-7)  10
TOTAL FM JUL 1  3718    CLOUDY (SCALE 8-10)  3
DPTR FM NORMAL  -769

[CDD (BASE 65) ]
TOTAL THIS MO.     9
DPTR FM NORMAL     8    [PRESSURE DATA]
TOTAL FM JAN 1     9    HIGHEST SLP 30.53 ON 10
DPTR FM NORMAL     8    LOWEST  SLP 29.35 ON  6

[REMARKS]
#FINAL-03-17#
