000
CXUS43 KDDC 021440
CF6DDC
PRELIMINARY LOCAL CLIMATOLOGICAL DATA (WS FORM: F-6)

                                          STATION:   DODGE CITY KS
                                          MONTH:     JUNE
                                          YEAR:      2011
                                          LATITUDE:   37 46 N
                                          LONGITUDE:  99 58 W

  TEMPERATURE IN F:       :PCPN:    SNOW:  WIND      :SUNSHINE: SKY     :PK WND
================================================================================
1   2   3   4   5  6A  6B    7    8   9   10  11  12  13   14  15   16   17  18
                                     12Z  AVG MX 2MIN
DY MAX MIN AVG DEP HDD CDD  WTR  SNW DPTH SPD SPD DIR MIN PSBL S-S WX    SPD DR
================================================================================

 1  97  59  78   8   0  13 0.01  0.0    0 19.1 36 170   M    M   2 38     43 170
 2  99  68  84  14   0  19 0.00  0.0    0 21.8 33 170   M    M   0        45 210
 3  97  72  85  15   0  20 0.00  0.0    0 19.3 32 180   M    M   0        41 180
 4  98  70  84  13   0  19    T  0.0    0 13.0 25 230   M    M   0        30 230
 5 100  63  82  11   0  17 0.00  0.0    0 13.3 25 190   M    M   0        33 190
 6 101  66  84  13   0  19 0.00  0.0    0 16.4 33 190   M    M   0        40 190
 7 102  74  88  16   0  23 0.00  0.0    0 22.2 31 170   M    M   0 8      45 200
 8  94  69  82  10   0  17 0.00  0.0    0 14.6 24 170   M    M   0        30 180
 9  85  58  72  -1   0   7 0.00  0.0    0 13.4 20 350   M    M   0        25  40
10  82  54  68  -5   0   3 0.00  0.0    0 14.4 26  10   M    M   4        31  10
11  91  51  71  -2   0   6 0.10  0.0    0 14.4 38 290   M    M   2 123    47 270
12  92  60  76   3   0  11 0.00  0.0    0 16.8 32 130   M    M   2        40 130
13  98  65  82   8   0  17 0.00  0.0    0 11.5 25 250   M    M   0 18     35 250
14  94  62  78   4   0  13    T  0.0    0 13.3 38 320   M    M   4 138    55 320
15  95  53  74   0   0   9 0.04  0.0    0 10.4 31 350   M    M   1        39 340
16 104  63  84   9   0  19 0.11  0.0    0 22.1 46  50   M    M   0 38     60  50
17  91  63  77   2   0  12 0.00  0.0    0 15.8 40  20   M    M   2 3      48  20
18  91  57  74  -1   0   9 0.00  0.0    0 11.5 37  20   M    M   2        46  10
19 104  61  83   7   0  18 0.00  0.0    0 12.0 28 200   M    M   0        33 200
20  87  63  75  -1   0  10    T  0.0    0 20.2 36 300   M    M   2        44 300
21  86  58  72  -4   0   7 0.00  0.0    0 18.2 37 320   M    M   1        48 320
22  94  55  75  -1   0  10 0.00  0.0    0 11.7 26 310   M    M   0        36 300
23  99  61  80   3   0  15 0.00  0.0    0 13.9 31  80   M    M   0 3      40 180
24 104  71  88  11   0  23    T  0.0    0 15.2 37 160   M    M   0 8      46 160
25 101  69  85   8   0  20 0.00  0.0    0 14.0 25 150   M    M   0        32 150
26 110  69  90  13   0  25 0.00  0.0    0  8.7 20 180   M    M   0        25 190
27  89  64  77   0   0  12 0.00  0.0    0 18.5 41 360   M    M   2 8      49 360
28  95  58  77  -1   0  12 0.06  0.0    0 14.9 31 140   M    M   0 3      39 270
29 106  66  86   8   0  21    T  0.0    0 21.4 31 180   M    M   0        41 210
30 108  73  91  13   0  26 0.00  0.0    0 18.8 32 170   M    M   0        41 170
================================================================================
SM 2894 1895         0 452 0.32  0.0     470.8          M       24
================================================================================
AV 96.5 63.2                              15.7 FASTST   M    M   1    MAX(MPH)
                                 MISC ---->    46  50                     60  50
================================================================================
NOTES:
# LAST OF SEVERAL OCCURRENCES

COLUMN 17 PEAK WIND IN M.P.H.

PRELIMINARY LOCAL CLIMATOLOGICAL DATA (WS FORM: F-6) , PAGE 2

                                          STATION:  DODGE CITY KS
                                          MONTH:    JUNE
                                          YEAR:     2011
                                          LATITUDE:   37 46 N
                                          LONGITUDE:  99 58 W

[TEMPERATURE DATA]      [PRECIPITATION DATA]       SYMBOLS USED IN COLUMN 16

AVERAGE MONTHLY: 79.9   TOTAL FOR MONTH:   0.32    1 = FOG OR MIST
DPTR FM NORMAL:   5.6   DPTR FM NORMAL:   -2.83    2 = FOG REDUCING VISIBILITY
HIGHEST:   110 ON 26    GRTST 24HR  0.15 ON 15-16      TO 1/4 MILE OR LESS
LOWEST:     51 ON 11                               3 = THUNDER
                        SNOW, ICE PELLETS, HAIL    4 = ICE PELLETS
                        TOTAL MONTH:   0.0 INCH    5 = HAIL
                        GRTST 24HR     0.0         6 = FREEZING RAIN OR DRIZZLE
                        GRTST DEPTH:   0           7 = DUSTSTORM OR SANDSTORM:
                                                       VSBY 1/2 MILE OR LESS
                                                   8 = SMOKE OR HAZE
[NO. OF DAYS WITH]      [WEATHER - DAYS WITH]      9 = BLOWING SNOW
                                                   X = TORNADO
MAX 32 OR BELOW:   0    0.01 INCH OR MORE:   5
MAX 90 OR ABOVE:  25    0.10 INCH OR MORE:   2
MIN 32 OR BELOW:   0    0.50 INCH OR MORE:   0
MIN  0 OR BELOW:   0    1.00 INCH OR MORE:   0

[HDD (BASE 65) ]
TOTAL THIS MO.     0    CLEAR  (SCALE 0-3)  28
DPTR FM NORMAL   -12    PTCLDY (SCALE 4-7)   2
TOTAL FM JUL 1  4856    CLOUDY (SCALE 8-10)  0
DPTR FM NORMAL  -181

[CDD (BASE 65) ]
TOTAL THIS MO.   452
DPTR FM NORMAL   161    [PRESSURE DATA]
TOTAL FM JAN 1   580    HIGHEST SLP 30.18 ON  1
DPTR FM NORMAL   190    LOWEST  SLP 29.19 ON 20

[REMARKS]
#FINAL-06-11#
