000
CXUS43 KDDC 011639
CF6DDC
PRELIMINARY LOCAL CLIMATOLOGICAL DATA (WS FORM: F-6)

                                          STATION:   DODGE CITY KS
                                          MONTH:     MAY
                                          YEAR:      2011
                                          LATITUDE:   37 46 N
                                          LONGITUDE:  99 58 W

  TEMPERATURE IN F:       :PCPN:    SNOW:  WIND      :SUNSHINE: SKY     :PK WND
================================================================================
1   2   3   4   5  6A  6B    7    8   9   10  11  12  13   14  15   16   17  18
                                     12Z  AVG MX 2MIN
DY MAX MIN AVG DEP HDD CDD  WTR  SNW DPTH SPD SPD DIR MIN PSBL S-S WX    SPD DR
================================================================================

 1  58  42  50  -9  15   0 0.00  0.0    0 10.5 21 360   M    M   6        28 360
 2  62  36  49 -10  16   0    T  0.0    0  7.9 16 300   M    M   5 3      21 320
 3  72  35  54  -5  11   0 0.00  0.0    0  9.3 20 240   M    M   0        31 260
 4  82  44  63   3   2   0 0.00  0.0    0 20.4 39 210   M    M   0        48 210
 5  71  41  56  -4   9   0 0.00  0.0    0 10.8 23 360   M    M   2        33 360
 6  88  44  66   6   0   1 0.00  0.0    0 15.6 36 210   M    M   0 8      44 200
 7  87  47  67   6   0   2 0.00  0.0    0 10.1 18  90   M    M   0        28 130
 8 100  53  77  16   0  12 0.00  0.0    0 12.1 29 200   M    M   1 12     37 220
 9  97  53  75  14   0  10 0.00  0.0    0 17.1 35 200   M    M   0        44 200
10  91  54  73  11   0   8 0.00  0.0    0 15.6 31 150   M    M   0 38     37 130
11  82  53  68   6   0   3 0.29  0.0    0 17.7 40 150   M    M   2 138    46 150
12  67  45  56  -6   9   0    T  0.0    0 19.8 33 320   M    M   4        40 320
13  64  40  52 -11  13   0 0.00  0.0    0 18.5 32 360   M    M   6        38 360
14  64  33  49 -14  16   0 0.00  0.0    0 14.0 29 360   M    M   0        40 350
15  67  35  51 -12  14   0 0.00  0.0    0 14.1 25  10   M    M   4        31 360
16  72  35  54 -10  11   0 0.00  0.0    0  8.7 17 170   M    M   1        24 140
17  76  48  62  -2   3   0 0.00  0.0    0 22.3 33 140   M    M   1        45 140
18  71  48  60  -4   5   0 0.15  0.0    0 15.7 29 140   M    M   6 13     35 140
19  89  55  72   7   0   7 0.20  0.0    0 13.9 43 160   M    M   4 123    49 160
20  79  56  68   3   0   3    T  0.0    0  9.8 22 230   M    M   3 1      31 250
21  84  57  71   6   0   6 0.00  0.0    0  8.6 17 230   M    M   4 128    26 200
22  89  49  69   3   0   4 0.00  0.0    0  7.7 17 250   M    M   0        22 270
23  86  56  71   5   0   6 0.00  0.0    0 12.2 22  40   M    M   0        26  40
24  94  50  72   5   0   7    T  0.0    0 15.1 46 290   M    M   5 128    61 280
25  67  49  58  -9   7   0 0.01  0.0    0 20.7 41 350   M    M   7 1      52 350
26  77  39  58  -9   7   0 0.00  0.0    0 12.3 23 150   M    M   0        30 140
27  84  56  70   2   0   5 0.00  0.0    0 15.3 28 150   M    M   0        33 150
28  79  58  69   1   0   4 0.02  0.0    0 15.3 25  70   M    M   8 18     33  50
29 106  61  84  15   0  19 0.01  0.0    0 19.4 44 170   M    M   4 1238   53 160
30  94  59  77   8   0  12 0.00  0.0    0 30.6 45 170   M    M   0 38     59 170
31  86  47  67  -2   0   2 0.00  0.0    0  7.9 16 100   M    M   0        21 110
================================================================================
SM 2485 1478       138 111 0.68  0.0     449.0          M       73
================================================================================
AV 80.2 47.7                              14.5 FASTST   M    M   2      MAX(MPH)
                                 MISC ---->    46 290                     61 280
================================================================================
NOTES:
# LAST OF SEVERAL OCCURRENCES

COLUMN 17 PEAK WIND IN M.P.H.

PRELIMINARY LOCAL CLIMATOLOGICAL DATA (WS FORM: F-6) , PAGE 2

                                          STATION:  DODGE CITY KS
                                          MONTH:    MAY
                                          YEAR:     2011
                                          LATITUDE:   37 46 N
                                          LONGITUDE:  99 58 W

[TEMPERATURE DATA]      [PRECIPITATION DATA]       SYMBOLS USED IN COLUMN 16

AVERAGE MONTHLY: 64.0   TOTAL FOR MONTH:   0.68    1 = FOG OR MIST
DPTR FM NORMAL:   0.2   DPTR FM NORMAL:   -2.32    2 = FOG REDUCING VISIBILITY
HIGHEST:   106 ON 29    GRTST 24HR  0.35 ON 18-19      TO 1/4 MILE OR LESS
LOWEST:     33 ON 14                               3 = THUNDER
                        SNOW, ICE PELLETS, HAIL    4 = ICE PELLETS
                        TOTAL MONTH:   0.0 INCH    5 = HAIL
                        GRTST 24HR     0.0         6 = FREEZING RAIN OR DRIZZLE
                        GRTST DEPTH:   0           7 = DUSTSTORM OR SANDSTORM:
                                                       VSBY 1/2 MILE OR LESS
                                                   8 = SMOKE OR HAZE
[NO. OF DAYS WITH]      [WEATHER - DAYS WITH]      9 = BLOWING SNOW
                                                   X = TORNADO
MAX 32 OR BELOW:   0    0.01 INCH OR MORE:   6
MAX 90 OR ABOVE:   6    0.10 INCH OR MORE:   3
MIN 32 OR BELOW:   0    0.50 INCH OR MORE:   0
MIN  0 OR BELOW:   0    1.00 INCH OR MORE:   0

[HDD (BASE 65) ]
TOTAL THIS MO.   138    CLEAR  (SCALE 0-3)  19
DPTR FM NORMAL    17    PTCLDY (SCALE 4-7)  11
TOTAL FM JUL 1  4856    CLOUDY (SCALE 8-10)  1
DPTR FM NORMAL  -169

[CDD (BASE 65) ]
TOTAL THIS MO.   111
DPTR FM NORMAL    32    [PRESSURE DATA]
TOTAL FM JAN 1   128    HIGHEST SLP 30.33 ON  2
DPTR FM NORMAL    29    LOWEST  SLP 29.23 ON 24

[REMARKS]
#FINAL-05-11#
