000
CXUS53 KDDC 011543
CF6DDC
PRELIMINARY LOCAL CLIMATOLOGICAL DATA (WS FORM: F-6)

                                          STATION:   DODGE CITY KS
                                          MONTH:     NOVEMBER
                                          YEAR:      2017
                                          LATITUDE:   37 46 N
                                          LONGITUDE:  99 58 W

  TEMPERATURE IN F:       :PCPN:    SNOW:  WIND      :SUNSHINE: SKY     :PK WND
================================================================================
1   2   3   4   5  6A  6B    7    8   9   10  11  12  13   14  15   16   17  18
                                     12Z  AVG MX 2MIN
DY MAX MIN AVG DEP HDD CDD  WTR  SNW DPTH SPD SPD DIR MIN PSBL S-S WX    SPD DR
================================================================================

 1  76  35  56   6   9   0 0.00  0.0    0 12.0 24 170   M    M   0 8      30 170
 2  56  34  45  -5  20   0 0.00  0.0    0 15.3 32  10   M    M   3 18     43 360
 3  45  29  37 -12  28   0 0.00  0.0    0  7.2 15  40   M    M   6 18     19  40
 4  56  34  45  -4  20   0 0.00  0.0    0  7.1 14 170   M    M   6 128    19 170
 5  50  26  38 -10  27   0 0.00  0.0    0 11.8 25  10   M    M   6 18     36 350
 6  44  26  35 -13  30   0 0.00  0.0    0  5.9 10  20   M    M   7 1      14  30
 7  41  23  32 -15  33   0 0.00  0.0    0 11.1 22  10   M    M   5        29  20
 8  53  20  37 -10  28   0 0.00  0.0    0  6.7 16 190   M    M   0        22 180
 9  52  24  38  -8  27   0 0.00  0.0    0  8.1 16  80   M    M   0        23  70
10  53  27  40  -6  25   0 0.00  0.0    0 15.6 24 160   M    M   8 1      33 160
11  60  44  52   7  13   0 0.00  0.0    0 13.4 23 170   M    M  10 18     30 170
12  56  35  46   1  19   0 0.00  0.0    0  8.8 15 360   M    M   6 1      20 360
13  56  36  46   2  19   0 0.00  0.0    0 13.5 21 150   M    M   7 18     28 150
14  73  47  60  16   5   0 0.00  0.0    0 13.0 22 190   M    M   5 18     28 200
15  59  36  48   5  17   0 0.00  0.0    0 10.7 24  10   M    M   0 18     34 360
16  66  35  51   8  14   0 0.00  0.0    0 18.6 30 170   M    M   0 18     40 190
17  79  45  62  20   3   0 0.00  0.0    0 14.5 25 350   M    M   0 1      36 270
18  53  27  40  -2  25   0 0.01  0.0    0 17.3 35 360   M    M   3        49 360
19  64  23  44   3  21   0 0.00  0.0    0 11.6 28 210   M    M   0        37 210
20  68  30  49   8  16   0 0.00  0.0    0 11.9 17 210   M    M   0        24 200
21  53  22  38  -2  27   0 0.00  0.0    0 13.3 33  20   M    M   0 8      43  20
22  61  20  41   1  24   0 0.00  0.0    0 11.2 23 190   M    M   0        29 190
23  74  42  58  19   7   0 0.00  0.0    0  7.7 14 210   M    M   0        18 260
24  82  40  61  22   4   0    T  0.0    0 10.2 22  20   M    M   1        29  20
25  61  33  47   9  18   0 0.00  0.0    0  7.9 17  30   M    M   0 8      25  40
26  69  34  52  14  13   0 0.00  0.0    0 11.2 20 220   M    M   0        27 210
27  79  39  59  21   6   0 0.00  0.0    0 15.8 26 190   M    M   0        35 200
28  60  33  47  10  18   0 0.00  0.0    0 21.5 38  30   M    M   0 8      51  20
29  60  24  42   5  23   0 0.00  0.0    0  7.1 16 180   M    M   0 8      21 180
30  54  27  41   5  24   0 0.00  0.0    0  8.6 16  20   M    M   0 8      22  20
================================================================================
SM 1813  950       563   0 0.01  0.0     348.6          M       73
================================================================================
AV 60.4 31.7                              11.6 FASTST   M    M   2      MAX(MPH)
                                 MISC ---->    38  30                     51  20
================================================================================
NOTES:
# LAST OF SEVERAL OCCURRENCES

COLUMN 17 PEAK WIND IN M.P.H.

PRELIMINARY LOCAL CLIMATOLOGICAL DATA (WS FORM: F-6) , PAGE 2

                                          STATION:  DODGE CITY KS
                                          MONTH:    NOVEMBER
                                          YEAR:     2017
                                          LATITUDE:   37 46 N
                                          LONGITUDE:  99 58 W

[TEMPERATURE DATA]      [PRECIPITATION DATA]       SYMBOLS USED IN COLUMN 16

AVERAGE MONTHLY: 46.1   TOTAL FOR MONTH:   0.01    1 = FOG OR MIST
DPTR FM NORMAL:   3.0   DPTR FM NORMAL:   -0.75    2 = FOG REDUCING VISIBILITY
HIGHEST:    82 ON 24    GRTST 24HR  0.01 ON 18-18      TO 1/4 MILE OR LESS
LOWEST:     20 ON 22, 8                            3 = THUNDER
                        SNOW, ICE PELLETS, HAIL    4 = ICE PELLETS
                        TOTAL MONTH:   0.0 INCH    5 = HAIL
                        GRTST 24HR     0.0         6 = FREEZING RAIN OR DRIZZLE
                        GRTST DEPTH:   0           7 = DUSTSTORM OR SANDSTORM:
                                                       VSBY 1/2 MILE OR LESS
                                                   8 = SMOKE OR HAZE
[NO. OF DAYS WITH]      [WEATHER - DAYS WITH]      9 = BLOWING SNOW
                                                   X = TORNADO
MAX 32 OR BELOW:   0    0.01 INCH OR MORE:   1
MAX 90 OR ABOVE:   0    0.10 INCH OR MORE:   0
MIN 32 OR BELOW:  14    0.50 INCH OR MORE:   0
MIN  0 OR BELOW:   0    1.00 INCH OR MORE:   0

[HDD (BASE 65) ]
TOTAL THIS MO.   563    CLEAR  (SCALE 0-3)  19
DPTR FM NORMAL   -95    PTCLDY (SCALE 4-7)  10
TOTAL FM JUL 1   854    CLOUDY (SCALE 8-10)  1
DPTR FM NORMAL  -160

[CDD (BASE 65) ]
TOTAL THIS MO.     0
DPTR FM NORMAL    -1    [PRESSURE DATA]
TOTAL FM JAN 1  1520    HIGHEST SLP 30.46 ON 30
DPTR FM NORMAL    57    LOWEST  SLP 29.41 ON 17

[REMARKS]
#FINAL-11-17#
