000
CXUS43 KDDC 020024
CF6DDC
PRELIMINARY LOCAL CLIMATOLOGICAL DATA (WS FORM: F-6)

                                          STATION:   DODGE CITY KS
                                          MONTH:     NOVEMBER
                                          YEAR:      2010
                                          LATITUDE:   37 46 N
                                          LONGITUDE:  99 58 W

  TEMPERATURE IN F:       :PCPN:    SNOW:  WIND      :SUNSHINE: SKY     :PK WND
================================================================================
1   2   3   4   5  6A  6B    7    8   9   10  11  12  13   14  15   16   17  18
                                     12Z  AVG MX 2MIN
DY MAX MIN AVG DEP HDD CDD  WTR  SNW DPTH SPD SPD DIR MIN PSBL S-S WX    SPD DR
================================================================================

 1  62  36  49   0  16   0 0.00  0.0    0 10.2 21 360   M    M   0        25 360
 2  68  31  50   1  15   0 0.00  0.0    0  7.3 14 360   M    M   0        18  10
 3  71  39  55   7  10   0 0.00  0.0    0 14.5 33 350   M    M   0        41 360
 4  58  29  44  -3  21   0 0.00  0.0    0 12.7 25 350   M    M   0        33 360
 5  58  22  40  -7  25   0 0.00  0.0    0  9.5 18 170   M    M   0        23 170
 6  72  35  54   8  11   0 0.00  0.0    0 15.3 23 170   M    M   0        28 180
 7  80  42  61  15   4   0 0.00  0.0    0 19.2 36 170   M    M   0        46 200
 8  77  38  58  13   7   0 0.00  0.0    0  9.9 21 170   M    M   0 8      26 170
 9  79  46  63  18   2   0 0.00  0.0    0 18.6 26 170   M    M   0        35 180
10  57  34  46   1  19   0 0.00  0.0    0  9.3 21 320   M    M   1        26 320
11  51  34  43  -1  22   0 0.36  0.0    0 12.0 24 110   M    M   7 13     30 110
12  41  33  37  -7  28   0 0.84  0.0    0 15.8 25 360   M    M   8 13     32 360
13  51  26  39  -4  26   0 0.00  0.0    0  7.6 15 320   M    M   2 1      20 350
14  50  34  42  -1  23   0    T  0.0    0  6.3 13 230   M    M   6        17 210
15  55  30  43   1  22   0 0.00  0.0    0  5.2 13 290   M    M   1 18     16 290
16  58  28  43   1  22   0 0.00  0.0    0 11.7 22 210   M    M   2        30 190
17  41  29  35  -6  30   0 0.07    T    0 13.4 37  10   M    M   7 1      46  10
18  53  24  39  -2  26   0 0.00  0.0    0 15.5 30 180   M    M   0 1      37 190
19  60  35  48   7  17   0 0.00  0.0    0 11.9 22 190   M    M   0        26 190
20  36  32  34  -6  31   0 0.00  0.0    0  7.0 17  20   M    M  10 12     22  10
21  75  30  53  13  12   0 0.00  0.0    0 12.6 25 220   M    M   4 12     35 210
22  42  22  32  -8  33   0 0.00  0.0    0  6.9 20 360   M    M   6 12     25  10
23  50  19  35  -4  30   0 0.00  0.0    0 13.0 29 140   M    M   2 12     35 140
24  59  20  40   1  25   0 0.00  0.0    0 18.8 30 350   M    M   0        37 360
25  38  14  26 -12  39   0 0.00  0.0    0  8.1 23  10   M    M   0        29  10
26  53  13  33  -5  32   0 0.00  0.0    0  5.8 16 310   M    M   0        21 320
27  60  22  41   3  24   0 0.00  0.0    0 14.1 30 180   M    M   0        35 170
28  61  32  47   9  18   0 0.00  0.0    0 21.1 36 170   M    M   0        44 170
29  41  23  32  -5  33   0 0.00  0.0    0 17.7 30 340   M    M   6        40 340
30  44  20  32  -5  33   0 0.00  0.0    0 14.9 30 300   M    M   1        36 320
================================================================================
SM 1701  872       656   0 1.27    T     365.9          M       63
================================================================================
AV 56.7 29.1                              12.2 FASTST   M    M   2    MAX(MPH)
                                 MISC ---->    37  10               #     46  10
================================================================================
NOTES:
# LAST OF SEVERAL OCCURRENCES

COLUMN 17 PEAK WIND IN M.P.H.

PRELIMINARY LOCAL CLIMATOLOGICAL DATA (WS FORM: F-6) , PAGE 2

                                          STATION:  DODGE CITY KS
                                          MONTH:    NOVEMBER
                                          YEAR:     2010
                                          LATITUDE:   37 46 N
                                          LONGITUDE:  99 58 W

[TEMPERATURE DATA]      [PRECIPITATION DATA]       SYMBOLS USED IN COLUMN 16

AVERAGE MONTHLY: 42.9   TOTAL FOR MONTH:   1.27    1 = FOG OR MIST
DPTR FM NORMAL:   0.5   DPTR FM NORMAL:    0.26    2 = FOG REDUCING VISIBILITY
HIGHEST:    80 ON  7    GRTST 24HR  1.19 ON 11-12      TO 1/4 MILE OR LESS
LOWEST:     13 ON 26                               3 = THUNDER
                        SNOW, ICE PELLETS, HAIL    4 = ICE PELLETS
                        TOTAL MONTH:    T          5 = HAIL
                        GRTST 24HR    T  ON 17       = FREEZING RAIN OR DRIZZLE
                        GRTST DEPTH:   0           7 = DUSTSTORM OR SANDSTORM:
                                                       VSBY 1/2 MILE OR LESS
                                                   8 = SMOKE OR HAZE
[NO. OF DAYS WITH]      [WEATHER - DAYS WITH]      9 = BLOWING SNOW
                                                   X = TORNADO
MAX 32 OR BELOW:   0    0.01 INCH OR MORE:   3
MAX 90 OR ABOVE:   0    0.10 INCH OR MORE:   2
MIN 32 OR BELOW:  19    0.50 INCH OR MORE:   1
MIN  0 OR BELOW:   0    1.00 INCH OR MORE:   0

[HDD (BASE 65) ]
TOTAL THIS MO.   656    CLEAR  (SCALE 0-3)  22
DPTR FM NORMAL   -18    PTCLDY (SCALE 4-7)   6
TOTAL FM JUL 1   829    CLOUDY (SCALE 8-10)  2
DPTR FM NORMAL  -186

[CDD (BASE 65) ]
TOTAL THIS MO.     0
DPTR FM NORMAL    -1    [PRESSURE DATA]
TOTAL FM JAN 1  1701    HIGHEST SLP 30.45 ON  4
DPTR FM NORMAL   220    LOWEST  SLP 29.39 ON 28

[REMARKS]
#FINAL-11-10#
