000
CXUS43 KDDC 021631
CF6DDC
PRELIMINARY LOCAL CLIMATOLOGICAL DATA (WS FORM: F-6)

                                          STATION:   DODGE CITY KS
                                          MONTH:     OCTOBER
                                          YEAR:      2010
                                          LATITUDE:   37 46 N
                                          LONGITUDE:  99 58 W

  TEMPERATURE IN F:       :PCPN:    SNOW:  WIND      :SUNSHINE: SKY     :PK WND
================================================================================
1   2   3   4   5  6A  6B    7    8   9   10  11  12  13   14  15   16   17  18
                                     12Z  AVG MX 2MIN
DY MAX MIN AVG DEP HDD CDD  WTR  SNW DPTH SPD SPD DIR MIN PSBL S-S WX    SPD DR
================================================================================

 1  80  47  64   0   1   0 0.00  0.0    0  7.9 16 180   M    M   1 8      25 190
 2  68  47  58  -5   7   0 0.00  0.0    0 11.4 23  30   M    M   0 8      30  40
 3  64  45  55  -8  10   0 0.02  0.0    0 12.9 21 160   M    M   4 38     26 150
 4  74  44  59  -4   6   0 0.00  0.0    0 18.7 30 160   M    M   0        39 160
 5  82  49  66   4   0   1 0.00  0.0    0 18.2 30 170   M    M   0        38 170
 6  88  52  70   8   0   5 0.00  0.0    0  8.7 17 210   M    M   0 8      22 180
 7  90  51  71  10   0   6 0.00  0.0    0 10.2 23 170   M    M   0        28 180
 8  89  57  73  12   0   8 0.00  0.0    0 14.2 25 190   M    M   0        32 190
 9  80  49  65   4   0   0 0.00  0.0    0  9.9 21 310   M    M   0 8      29 320
10  68  45  57  -3   8   0 0.11  0.0    0  7.9 25 300   M    M   3 1      31 310
11  65  48  57  -3   8   0 0.02  0.0    0 10.7 21 360   M    M   6        26 320
12  73  48  61   2   4   0 0.00  0.0    0 13.9 32 360   M    M   2        38 360
13  70  39  55  -4  10   0 0.00  0.0    0  7.6 16 350   M    M   1 8      23 360
14  83  45  64   6   1   0 0.00  0.0    0  9.1 23 230   M    M   0        29 230
15  86  48  67   9   0   2 0.00  0.0    0 10.1 21 160   M    M   0 8      26 170
16  88  51  70  13   0   5 0.00  0.0    0  9.7 20  20   M    M   0 8      25  20
17  83  38  61   4   4   0 0.00  0.0    0  8.0 18 160   M    M   0        23 160
18  71  44  58   2   7   0 0.00  0.0    0 12.7 28  50   M    M   0        35  60
19  70  39  55  -1  10   0 0.00  0.0    0  5.2 13  20   M    M   2        15  20
20  82  39  61   6   4   0 0.00  0.0    0  6.6 15 200   M    M   0 8      18 250
21  82  50  66  11   0   1 0.79  0.0    0 10.4 43 200   M    M   2 138    55 210
22  71  51  61   7   4   0 0.18  0.0    0 13.1 29 190   M    M   5 12     35 190
23  75  50  63   9   2   0 0.00  0.0    0 11.7 22 170   M    M   0        28 190
24  76  45  61   8   4   0 0.00  0.0    0  9.0 16 170   M    M   0        22 160
25  75  47  61   8   4   0    T  0.0    0 16.0 33 320   M    M   2 8      48 340
26  67  38  53   1  12   0 0.00  0.0    0 14.2 24 270   M    M   0        33 280
27  65  35  50  -2  15   0 0.00  0.0    0 15.3 32 310   M    M   0        39 320
28  63  32  48  -3  17   0 0.00  0.0    0  7.9 13 180   M    M   0        21 300
29  76  39  58   7   7   0 0.00  0.0    0 18.4 32 200   M    M   0        41 210
30  80  40  60  10   5   0 0.00  0.0    0 11.4 23 360   M    M   0        26  40
31  64  36  50   0  15   0 0.00  0.0    0 11.1 22  20   M    M   0        28  20
================================================================================
SM 2348 1388       165  28 1.12  0.0     352.1          M       28
================================================================================
AV 75.7 44.8                              11.4 FASTST   M    M   1      MAX(MPH)
                                 MISC ---->    43 200                     55 210
================================================================================
NOTES:
# LAST OF SEVERAL OCCURRENCES

COLUMN 17 PEAK WIND IN M.P.H.

PRELIMINARY LOCAL CLIMATOLOGICAL DATA (WS FORM: F-6) , PAGE 2

                                          STATION:  DODGE CITY KS
                                          MONTH:    OCTOBER
                                          YEAR:     2010
                                          LATITUDE:   37 46 N
                                          LONGITUDE:  99 58 W

[TEMPERATURE DATA]      [PRECIPITATION DATA]       SYMBOLS USED IN COLUMN 16

AVERAGE MONTHLY: 60.3   TOTAL FOR MONTH:   1.12    1 = FOG OR MIST
DPTR FM NORMAL:   3.2   DPTR FM NORMAL:   -0.33    2 = FOG REDUCING VISIBILITY
HIGHEST:    90 ON  7    GRTST 24HR  0.97 ON 21-22      TO 1/4 MILE OR LESS
LOWEST:     32 ON 28                               3 = THUNDER
                        SNOW, ICE PELLETS, HAIL    4 = ICE PELLETS
                        TOTAL MONTH:   0.0 INCH    5 = HAIL
                        GRTST 24HR     0.0         6 = FREEZING RAIN OR DRIZZLE
                        GRTST DEPTH:   0           7 = DUSTSTORM OR SANDSTORM:
                                                       VSBY 1/2 MILE OR LESS
                                                   8 = SMOKE OR HAZE
[NO. OF DAYS WITH]      [WEATHER - DAYS WITH]      9 = BLOWING SNOW
                                                   X = TORNADO
MAX 32 OR BELOW:   0    0.01 INCH OR MORE:   5
MAX 90 OR ABOVE:   1    0.10 INCH OR MORE:   3
MIN 32 OR BELOW:   1    0.50 INCH OR MORE:   1
MIN  0 OR BELOW:   0    1.00 INCH OR MORE:   0

[HDD (BASE 65) ]
TOTAL THIS MO.   165    CLEAR  (SCALE 0-3)  28
DPTR FM NORMAL  -108    PTCLDY (SCALE 4-7)   3
TOTAL FM JUL 1   173    CLOUDY (SCALE 8-10)  0
DPTR FM NORMAL  -168

[CDD (BASE 65) ]
TOTAL THIS MO.    28
DPTR FM NORMAL     0    [PRESSURE DATA]
TOTAL FM JAN 1  1701    HIGHEST SLP 30.59 ON 28
DPTR FM NORMAL   221    LOWEST  SLP 29.03 ON 25

[REMARKS]
#FINAL-10-10#
