000
CXUS43 KDDC 041400
CF6DDC
PRELIMINARY LOCAL CLIMATOLOGICAL DATA (WS FORM: F-6)

                                          STATION:   DODGE CITY KS
                                          MONTH:     SEPTEMBER
                                          YEAR:      2010
                                          LATITUDE:   37 46 N
                                          LONGITUDE:  99 58 W

  TEMPERATURE IN F:       :PCPN:    SNOW:  WIND      :SUNSHINE: SKY     :PK WND
================================================================================
1   2   3   4   5  6A  6B    7    8   9   10  11  12  13   14  15   16   17  18
                                     12Z  AVG MX 2MIN
DY MAX MIN AVG DEP HDD CDD  WTR  SNW DPTH SPD SPD DIR MIN PSBL S-S WX    SPD DR
================================================================================

 1  85  61  73  -1   0   8 0.00  0.0    0  6.1 14 360   M    M   1 1      20 360
 2  82  50  66  -8   0   1 0.00  0.0    0 13.5 33 360   M    M   2        44  30
 3  82  46  64 -10   1   0 0.00  0.0    0  7.0 15 350   M    M   0        21  10
 4  90  53  72  -1   0   7 0.00  0.0    0 17.5 30 190   M    M   0        39 180
 5 102  60  81   8   0  16 0.00  0.0    0 20.0 31 170   M    M   0        39 170
 6  97  62  80   7   0  15 0.00  0.0    0 18.9 32 350   M    M   0        40 360
 7  82  56  69  -3   0   4 0.00  0.0    0  9.8 18 120   M    M   5        25  90
 8  83  65  74   2   0   9 0.00  0.0    0 13.7 23 140   M    M   8 1      31 130
 9  87  64  76   4   0  11 0.00  0.0    0  9.8 21 130   M    M   6 18     25 130
10  93  66  80   9   0  15 0.00  0.0    0 11.5 22 310   M    M   1        26 320
11  86  58  72   1   0   7 0.00  0.0    0  8.9 16  30   M    M   2        24  80
12  90  55  73   2   0   8 0.00  0.0    0 10.7 20 180   M    M   0 1      23 170
13  97  68  83  13   0  18 0.00  0.0    0 13.2 22 180   M    M   0 1      29 180
14  94  63  79   9   0  14    T  0.0    0 12.2 23 150   M    M   0 13     35 150
15  93  64  79   9   0  14 0.00  0.0    0 11.4 22 350   M    M   0 1      30 350
16  82  57  70   1   0   5    T  0.0    0  8.1 20 290   M    M   3 138    23  20
17  93  58  76   7   0  11 0.00  0.0    0 14.7 24 170   M    M   0 18     30 170
18  95  53  74   6   0   9 0.00  0.0    0 13.5 24 360   M    M   2 1      33 180
19  94  50  72   4   0   7 0.00  0.0    0 11.4 24 180   M    M   4 12     31 180
20  91  63  77   9   0  12 0.00  0.0    0 21.5 38 200   M    M   0        48 190
21  94  69  82  15   0  17 0.00  0.0    0 18.0 29 160   M    M   0        35 170
22  91  67  79  12   0  14 0.00  0.0    0 22.0 36 180   M    M   3        44 190
23  81  57  69   2   0   4 0.16  0.0    0 13.3 30 190   M    M   4 123    39 200
24  84  48  66   0   0   1 0.00  0.0    0  9.3 18 170   M    M   1 12     23 160
25  87  48  68   2   0   3 0.00  0.0    0 11.7 26  10   M    M   1 12     38  10
26  76  40  58  -8   7   0 0.00  0.0    0  6.0 12 150   M    M   0 1      18  70
27  86  47  67   2   0   2 0.00  0.0    0 10.6 21 190   M    M   0        25 210
28  84  50  67   2   0   2 0.00  0.0    0  7.3 16 350   M    M   0        21  20
29  95  52  74  10   0   9 0.00  0.0    0 10.8 22  40   M    M   0 8      31  30
30  78  51  65   1   0   0 0.00  0.0    0  8.5 16  60   M    M   0        23  30
================================================================================
SM 2654 1701         8 243 0.16  0.0     370.9          M       43
================================================================================
AV 88.5 56.7                              12.4 FASTST   M    M   1    MAX(MPH)
                                 MISC ---->    38 200                     48 190
================================================================================
NOTES:
# LAST OF SEVERAL OCCURRENCES

COLUMN 17 PEAK WIND IN M.P.H.

PRELIMINARY LOCAL CLIMATOLOGICAL DATA (WS FORM: F-6) , PAGE 2

                                          STATION:  DODGE CITY KS
                                          MONTH:    SEPTEMBER
                                          YEAR:     2010
                                          LATITUDE:   37 46 N
                                          LONGITUDE:  99 58 W

[TEMPERATURE DATA]      [PRECIPITATION DATA]       SYMBOLS USED IN COLUMN 16

AVERAGE MONTHLY: 72.6   TOTAL FOR MONTH:   0.16    1 = FOG OR MIST
DPTR FM NORMAL:   3.3   DPTR FM NORMAL:   -1.54    2 = FOG REDUCING VISIBILITY
HIGHEST:   102 ON  5    GRTST 24HR  0.16 ON  23        TO 1/4 MILE OR LESS
LOWEST:     40 ON 26                               3 = THUNDER
                        SNOW, ICE PELLETS, HAIL    4 = ICE PELLETS
                        TOTAL MONTH:   0.0 INCH    5 = HAIL
                        GRTST 24HR     0.0         6 = FREEZING RAIN OR DRIZZLE
                        GRTST DEPTH:   0           7 = DUSTSTORM OR SANDSTORM:
                                                       VSBY 1/2 MILE OR LESS
                                                   8 = SMOKE OR HAZE
[NO. OF DAYS WITH]      [WEATHER - DAYS WITH]      9 = BLOWING SNOW
                                                   X = TORNADO
MAX 32 OR BELOW:   0    0.01 INCH OR MORE:   1
MAX 90 OR ABOVE:  15    0.10 INCH OR MORE:   1
MIN 32 OR BELOW:   0    0.50 INCH OR MORE:   0
MIN  0 OR BELOW:   0    1.00 INCH OR MORE:   0

[HDD (BASE 65) ]
TOTAL THIS MO.     8    CLEAR  (SCALE 0-3)  25
DPTR FM NORMAL   -57    PTCLDY (SCALE 4-7)   5
TOTAL FM JUL 1     8    CLOUDY (SCALE 8-10)  0
DPTR FM NORMAL   -60

[CDD (BASE 65) ]
TOTAL THIS MO.   243
DPTR FM NORMAL    50    [PRESSURE DATA]
TOTAL FM JAN 1  1673    HIGHEST SLP 30.30 ON  3
DPTR FM NORMAL   221    LOWEST  SLP 29.47 ON  5

[REMARKS]
#FINAL-09-10#
