000
CXUS53 KDDC 031614
CF6DDC
PRELIMINARY LOCAL CLIMATOLOGICAL DATA (WS FORM: F-6)

                                          STATION:   DODGE CITY KS
                                          MONTH:     JANUARY
                                          YEAR:      2016
                                          LATITUDE:   37 46 N
                                          LONGITUDE:  99 58 W

  TEMPERATURE IN F:       :PCPN:    SNOW:  WIND      :SUNSHINE: SKY     :PK WND
================================================================================
1   2   3   4   5  6A  6B    7    8   9   10  11  12  13   14  15   16   17  18
                                     12Z  AVG MX 2MIN
DY MAX MIN AVG DEP HDD CDD  WTR  SNW DPTH SPD SPD DIR MIN PSBL S-S WX    SPD DR
================================================================================

 1  42  15  29  -3  36   0 0.00  0.0    0 11.3 20 270   M    M   0        25 270
 2  49  15  32   0  33   0 0.00  0.0    0  8.8 16 290   M    M   0        20 300
 3  48  19  34   2  31   0 0.00  0.0    0  7.5 15 350   M    M   0        18 350
 4  42  17  30  -2  35   0 0.00  0.0    0 11.1 21 160   M    M   0        25 160
 5  46  23  35   3  30   0    T  0.0    0 20.8 30 180   M    M   3 18     37 190
 6  47  33  40   8  25   0    T  0.0    0 13.9 25 170   M    M   5 1      29 170
 7  42  33  38   6  27   0 0.25  0.0    0  8.2 15 350   M    M  10 12     20 350
 8  33  27  30  -2  35   0    T    T    0 14.2 23  10   M    M  10 1      27  10
 9  28  14  21 -11  44   0    T  0.1    T 15.0 23 360   M    M   7 18     28  10
10  39   8  24  -8  41   0 0.00  0.0    0  9.9 20 220   M    M   0 18     23 220
11  49  21  35   3  30   0 0.00  0.0    0 11.6 24 320   M    M   0 18     30 320
12  46  19  33   1  32   0 0.00  0.0    0  7.6 15  10   M    M   0        18  10
13  55  21  38   6  27   0 0.00  0.0    0  8.6 17 220   M    M   0        20 220
14  60  30  45  13  20   0 0.00  0.0    0 13.6 23  20   M    M   0        31  10
15  46  27  37   5  28   0 0.00  0.0    0  7.9 16 310   M    M   1        19 320
16  44  21  33   1  32   0 0.03  0.6    1  5.9 15 320   M    M   6 12     18 300
17  30  14  22 -10  43   0    T    T    0 10.8 23  30   M    M   8 128    29  30
18  35  18  27  -5  38   0 0.00  0.0    0 15.0 24 160   M    M   6 1      30 160
19  32  20  26  -6  39   0    T    T    0 11.1 24 170   M    M   9 18     28 170
20  33  17  25  -7  40   0    T    T    0 12.8 26 160   M    M   5 12     33 140
21  32  22  27  -5  38   0    T    T    0 15.2 24 350   M    M  10 12     31 360
22  31  19  25  -7  40   0 0.00  0.0    0  9.3 17 350   M    M   9 1      23 350
23  44  22  33   1  32   0 0.00  0.0    0 13.5 21 180   M    M   6 12     25 170
24  55  23  39   7  26   0 0.00  0.0    0  8.3 23 280   M    M   0 18     27 280
25  43  25  34   2  31   0 0.00  0.0    0 15.6 28 340   M    M   6 1      39 340
26  47  20  34   1  31   0 0.00  0.0    0  9.2 18 310   M    M   0        24 320
27  59  21  40   7  25   0 0.00  0.0    0  8.6 17 290   M    M   0        23 290
28  65  28  47  14  18   0 0.00  0.0    0 10.7 25 280   M    M   0 8      33 280
29  65  27  46  13  19   0 0.00  0.0    0 11.8 32 350   M    M   0        38 350
30  63  28  46  13  19   0 0.00  0.0    0 11.8 29 170   M    M   0        34 170
31  50  30  40   7  25   0 0.00  0.0    0 12.7 31 350   M    M   3        43 350
================================================================================
SM 1400  677       970   0 0.28  0.7     352.3          M      104
================================================================================
AV 45.2 21.8                              11.4 FASTST   M    M   3      MAX(MPH)
                                 MISC ---->    32 350                     43 350
================================================================================
NOTES:
# LAST OF SEVERAL OCCURRENCES

COLUMN 17 PEAK WIND IN M.P.H.

PRELIMINARY LOCAL CLIMATOLOGICAL DATA (WS FORM: F-6) , PAGE 2

                                          STATION:  DODGE CITY KS
                                          MONTH:    JANUARY
                                          YEAR:     2016
                                          LATITUDE:   37 46 N
                                          LONGITUDE:  99 58 W

[TEMPERATURE DATA]      [PRECIPITATION DATA]       SYMBOLS USED IN COLUMN 16

AVERAGE MONTHLY: 33.5   TOTAL FOR MONTH:   0.28    1 = FOG OR MIST
DPTR FM NORMAL:   1.3   DPTR FM NORMAL:   -0.30    2 = FOG REDUCING VISIBILITY
HIGHEST:    65 ON 29,28 GRTST 24HR  0.25 ON  7- 7      TO 1/4 MILE OR LESS
LOWEST:      8 ON 10                               3 = THUNDER
                        SNOW, ICE PELLETS, HAIL    4 = ICE PELLETS
                        TOTAL MONTH:   0.7 INCH    5 = HAIL
                        GRTST 24HR   0.6 ON 16     6 = FREEZING RAIN OR DRIZZLE
                        GRTST DEPTH:   1 ON 16     7 = DUSTSTORM OR SANDSTORM:
                                                       VSBY 1/2 MILE OR LESS
                                                   8 = SMOKE OR HAZE
[NO. OF DAYS WITH]      [WEATHER - DAYS WITH]      9 = BLOWING SNOW
                                                   X = TORNADO
MAX 32 OR BELOW:   5    0.01 INCH OR MORE:   2
MAX 90 OR ABOVE:   0    0.10 INCH OR MORE:   1
MIN 32 OR BELOW:  29    0.50 INCH OR MORE:   0
MIN  0 OR BELOW:   0    1.00 INCH OR MORE:   0

[HDD (BASE 65) ]
TOTAL THIS MO.   970    CLEAR  (SCALE 0-3)  17
DPTR FM NORMAL   -48    PTCLDY (SCALE 4-7)   8
TOTAL FM JUL 1  2677    CLOUDY (SCALE 8-10)  6
DPTR FM NORMAL  -355

[CDD (BASE 65) ]
TOTAL THIS MO.     0
DPTR FM NORMAL     0    [PRESSURE DATA]
TOTAL FM JAN 1     0    HIGHEST SLP 30.61 ON  1
DPTR FM NORMAL     0    LOWEST  SLP 29.42 ON 30

[REMARKS]
#FINAL-01-16#
