563
CXUS53 KDDC 011323
CF6DDC
PRELIMINARY LOCAL CLIMATOLOGICAL DATA (WS FORM: F-6)

                                          STATION:   DODGE CITY KS
                                          MONTH:     SEPTEMBER
                                          YEAR:      2015
                                          LATITUDE:   37 46 N
                                          LONGITUDE:  99 58 W

  TEMPERATURE IN F:       :PCPN:    SNOW:  WIND      :SUNSHINE: SKY     :PK WND
================================================================================
1   2   3   4   5  6A  6B    7    8   9   10  11  12  13   14  15   16   17  18
                                     12Z  AVG MX 2MIN
DY MAX MIN AVG DEP HDD CDD  WTR  SNW DPTH SPD SPD DIR MIN PSBL S-S WX    SPD DR
================================================================================

 1  96  67  82   7   0  17 0.00  0.0    0 15.7 23 220   M    M   1        32 210
 2 100  67  84   9   0  19 0.00  0.0    0 16.3 29 180   M    M   0        41 170
 3  95  69  82   8   0  17 0.00  0.0    0 17.8 29 170   M    M   0        36 170
 4  98  68  83   9   0  18 0.00  0.0    0 17.4 28 170   M    M   0        34 180
 5  98  70  84  10   0  19 0.00  0.0    0 16.6 26 180   M    M   0        34 180
 6  99  71  85  12   0  20 0.03  0.0    0 10.9 22 210   M    M   1 3      28 200
 7 100  63  82   9   0  17 0.27  0.0    0  9.3 29 160   M    M   1 13     35 160
 8  81  62  72   0   0   7 0.40  0.0    0  8.2 25 150   M    M   4 123    32 150
 9  83  57  70  -2   0   5 0.00  0.0    0  7.2 17 170   M    M   4 12     23 160
10  90  60  75   3   0  10 0.09  0.0    0 13.9 28  50   M    M   2 13     36  50
11  74  57  66  -5   0   1 0.00  0.0    0 10.7 18  10   M    M   3 1      23  20
12  83  56  70  -1   0   5 0.00  0.0    0 12.1 21 190   M    M   4        27 200
13  91  56  74   4   0   9 0.00  0.0    0 16.6 31 160   M    M   0        36 170
14  97  63  80  10   0  15 0.00  0.0    0 21.2 30 170   M    M   0        37 170
15  95  65  80  10   0  15 0.00  0.0    0 20.7 36 170   M    M   0 3      42 170
16  97  66  82  13   0  17 0.00  0.0    0 21.4 33 180   M    M   0        41 180
17  94  69  82  13   0  17 0.00  0.0    0 12.2 24 180   M    M   0        31 180
18  78  51  65  -3   0   0 0.00  0.0    0 13.0 29 360   M    M   1        39 360
19  75  43  59  -9   6   0 0.00  0.0    0  8.4 16 160   M    M   1 8      20 160
20  77  55  66  -1   0   1 0.00  0.0    0 12.1 20 180   M    M   3 1      28 160
21  91  62  77  10   0  12 0.00  0.0    0 12.4 18 140   M    M   4 18     22 140
22  90  64  77  11   0  12 0.00  0.0    0 12.0 25 150   M    M   1 8      34 160
23  82  66  74   8   0   9 0.09  0.0    0 19.0 30 170   M    M   6 18     36 190
24  86  58  72   6   0   7 0.00  0.0    0  8.3 20 210   M    M   2 1      30 190
25  81  56  69   4   0   4 0.00  0.0    0  9.2 16 360   M    M   2 1      24 310
26  80  60  70   5   0   5 0.00  0.0    0  5.8 16 160   M    M   8 8      20 130
27  85  54  70   6   0   5 0.00  0.0    0 11.0 21 170   M    M   0 18     26 170
28  88  56  72   8   0   7 0.00  0.0    0 12.0 21 190   M    M   0        26 190
29  78  56  67   4   0   2 0.13  0.0    0 10.2 26  20   M    M   4 13     35  10
30  65  55  60  -3   5   0 0.00  0.0    0  6.1 14  90   M    M   8 12     17  80
================================================================================
SM 2627 1822        11 292 1.01  0.0     387.7          M       60
================================================================================
AV 87.6 60.7                              12.9 FASTST   M    M   2      MAX(MPH)
                                 MISC ---->    36 170                     42 170
================================================================================
NOTES:
# LAST OF SEVERAL OCCURRENCES

COLUMN 17 PEAK WIND IN M.P.H.

PRELIMINARY LOCAL CLIMATOLOGICAL DATA (WS FORM: F-6) , PAGE 2

                                          STATION:  DODGE CITY KS
                                          MONTH:    SEPTEMBER
                                          YEAR:     2015
                                          LATITUDE:   37 46 N
                                          LONGITUDE:  99 58 W

[TEMPERATURE DATA]      [PRECIPITATION DATA]       SYMBOLS USED IN COLUMN 16

AVERAGE MONTHLY: 74.2   TOTAL FOR MONTH:   1.01    1 = FOG OR MIST
DPTR FM NORMAL:   5.0   DPTR FM NORMAL:   -0.66    2 = FOG REDUCING VISIBILITY
HIGHEST:   100 ON  7, 2 GRTST 24HR  0.67 ON  7- 8      TO 1/4 MILE OR LESS
LOWEST:     43 ON 19                               3 = THUNDER
                        SNOW, ICE PELLETS, HAIL    4 = ICE PELLETS
                        TOTAL MONTH:   0.0 INCH    5 = HAIL
                        GRTST 24HR     0.0         6 = FREEZING RAIN OR DRIZZLE
                        GRTST DEPTH:   0           7 = DUSTSTORM OR SANDSTORM:
                                                       VSBY 1/2 MILE OR LESS
                                                   8 = SMOKE OR HAZE
[NO. OF DAYS WITH]      [WEATHER - DAYS WITH]      9 = BLOWING SNOW
                                                   X = TORNADO
MAX 32 OR BELOW:   0    0.01 INCH OR MORE:   6
MAX 90 OR ABOVE:  15    0.10 INCH OR MORE:   3
MIN 32 OR BELOW:   0    0.50 INCH OR MORE:   0
MIN  0 OR BELOW:   0    1.00 INCH OR MORE:   0

[HDD (BASE 65) ]
TOTAL THIS MO.    11    CLEAR  (SCALE 0-3)  21
DPTR FM NORMAL   -50    PTCLDY (SCALE 4-7)   9
TOTAL FM JUL 1    13    CLOUDY (SCALE 8-10)  0
DPTR FM NORMAL   -52

[CDD (BASE 65) ]
TOTAL THIS MO.   292
DPTR FM NORMAL   105    [PRESSURE DATA]
TOTAL FM JAN 1  1490    HIGHEST SLP 30.23 ON 11
DPTR FM NORMAL    57    LOWEST  SLP 29.63 ON 14

[REMARKS]
#FINAL-09-15#
