000
CXUS53 KDDC 011429
CF6DDC
PRELIMINARY LOCAL CLIMATOLOGICAL DATA (WS FORM: F-6)

                                          STATION:   DODGE CITY KS
                                          MONTH:     DECEMBER
                                          YEAR:      2015
                                          LATITUDE:   37 46 N
                                          LONGITUDE:  99 58 W

  TEMPERATURE IN F:       :PCPN:    SNOW:  WIND      :SUNSHINE: SKY     :PK WND
================================================================================
1   2   3   4   5  6A  6B    7    8   9   10  11  12  13   14  15   16   17  18
                                     12Z  AVG MX 2MIN
DY MAX MIN AVG DEP HDD CDD  WTR  SNW DPTH SPD SPD DIR MIN PSBL S-S WX    SPD DR
================================================================================

 1  44  21  33  -3  32   0 0.00  0.0    1 13.1 28 320   M    M   1        33 310
 2  50  26  38   2  27   0 0.00  0.0    T 10.3 20 310   M    M   0        23 320
 3  50  23  37   2  28   0 0.00  0.0    0  6.2 14 160   M    M   0        16 170
 4  57  30  44   9  21   0 0.00  0.0    0 17.3 31 170   M    M   0        38 180
 5  54  34  44  10  21   0 0.00  0.0    0 16.8 29 190   M    M   0        38 170
 6  55  29  42   8  23   0 0.00  0.0    0  9.7 16 300   M    M   0        21 320
 7  60  30  45  11  20   0 0.00  0.0    0  8.0 18 360   M    M   0        22 360
 8  67  31  49  15  16   0 0.00  0.0    0 10.8 30 350   M    M   0        40 350
 9  69  41  55  22  10   0 0.00  0.0    0 13.9 29 210   M    M   0        37 200
10  63  43  53  20  12   0 0.00  0.0    0 13.9 26  10   M    M   0        32 350
11  69  36  53  20  12   0 0.00  0.0    0 10.4 21 180   M    M   0        29 160
12  39  30  35   2  30   0 0.25    T    0 14.4 24 360   M    M   7 1      32 360
13  36  32  34   1  31   0 2.07  7.9    0 19.7 36  20   M    M  10 136    46  20
14  43  29  36   4  29   0 0.03  0.1    8 12.5 28 300   M    M   2 1      33 310
15  40  24  32   0  33   0 0.00  0.0    5 16.7 29 290   M    M   0 1      36 240
16  38  20  29  -3  36   0 0.00  0.0    4 13.0 28 290   M    M   0        33 290
17  28  15  22 -10  43   0 0.01    T    3  9.0 15  10   M    M   6 18     18  10
18  38  14  26  -6  39   0 0.00  0.0    3 10.4 18 220   M    M   0 1      23 220
19  42  22  32   0  33   0 0.00  0.0    3 13.0 24 170   M    M   0        29 170
20  58  34  46  14  19   0 0.05  0.0    2 15.3 29 230   M    M   1 1      43 220
21  50  30  40   8  25   0    T  0.0    0  9.0 18 310   M    M   3 8      24 180
22  55  34  45  13  20   0 0.00  0.0    0 11.9 22 180   M    M   0        26 170
23  49  31  40   8  25   0 0.00  0.0    0 13.9 24 330   M    M   4        33 340
24  46  25  36   4  29   0 0.00  0.0    0 11.6 31 350   M    M   1        43 350
25  46  27  37   5  28   0 0.00  0.0    0 16.1 30 140   M    M   2        40 280
26  44  23  34   2  31   0 0.00  0.0    0 23.6 41 360   M    M   8        51 350
27  27  20  24  -8  41   0 0.00  0.0    0 27.8 39 360   M    M  10        50 360
28  33  14  24  -8  41   0 0.00  0.0    0 13.9 28 360   M    M   7        35  30
29  31  11  21 -11  44   0    T    T    0  4.6 10 170   M    M   5        12 170
30  29  20  25  -7  40   0 0.02  0.1    0  3.3  8 140   M    M   9 128     9 190
31  36  17  27  -5  38   0 0.00  0.0    0  7.8 16 360   M    M   6 128    19 350
================================================================================
SM 1446  816       877   0 2.43  8.1     397.9          M       82
================================================================================
AV 46.6 26.3                              12.8 FASTST   M    M   3      MAX(MPH)
                                 MISC ---->    41 360                     51 350
================================================================================
NOTES:
# LAST OF SEVERAL OCCURRENCES

COLUMN 17 PEAK WIND IN M.P.H.

PRELIMINARY LOCAL CLIMATOLOGICAL DATA (WS FORM: F-6) , PAGE 2

                                          STATION:  DODGE CITY KS
                                          MONTH:    DECEMBER
                                          YEAR:     2015
                                          LATITUDE:   37 46 N
                                          LONGITUDE:  99 58 W

[TEMPERATURE DATA]      [PRECIPITATION DATA]       SYMBOLS USED IN COLUMN 16

AVERAGE MONTHLY: 36.5   TOTAL FOR MONTH:   2.43    1 = FOG OR MIST
DPTR FM NORMAL:   3.7   DPTR FM NORMAL:    1.59    2 = FOG REDUCING VISIBILITY
HIGHEST:    69 ON 11, 9 GRTST 24HR  2.21 ON 12-13      TO 1/4 MILE OR LESS
LOWEST:     11 ON 29                               3 = THUNDER
                        SNOW, ICE PELLETS, HAIL    4 = ICE PELLETS
                        TOTAL MONTH:   8.1 INCHES  5 = HAIL
                        GRTST 24HR   8.0 ON 13-14  6 = FREEZING RAIN OR DRIZZLE
                        GRTST DEPTH:   8 ON 14     7 = DUSTSTORM OR SANDSTORM:
                                                       VSBY 1/2 MILE OR LESS
                                                   8 = SMOKE OR HAZE
[NO. OF DAYS WITH]      [WEATHER - DAYS WITH]      9 = BLOWING SNOW
                                                   X = TORNADO
MAX 32 OR BELOW:   4    0.01 INCH OR MORE:   6
MAX 90 OR ABOVE:   0    0.10 INCH OR MORE:   2
MIN 32 OR BELOW:  25    0.50 INCH OR MORE:   1
MIN  0 OR BELOW:   0    1.00 INCH OR MORE:   1

[HDD (BASE 65) ]
TOTAL THIS MO.   877    CLEAR  (SCALE 0-3)  21
DPTR FM NORMAL  -123    PTCLDY (SCALE 4-7)   7
TOTAL FM JUL 1  1707    CLOUDY (SCALE 8-10)  3
DPTR FM NORMAL  -307

[CDD (BASE 65) ]
TOTAL THIS MO.     0
DPTR FM NORMAL     0    [PRESSURE DATA]
TOTAL FM JAN 1  1512    HIGHEST SLP 30.59 ON 31
DPTR FM NORMAL    49    LOWEST  SLP 29.16 ON 23

[REMARKS]
#FINAL-12-15#
