000
CXUS53 KDDC 031502
CF6DDC
PRELIMINARY LOCAL CLIMATOLOGICAL DATA (WS FORM: F-6)

                                          STATION:   DODGE CITY KS
                                          MONTH:     JANUARY
                                          YEAR:      2014
                                          LATITUDE:   37 46 N
                                          LONGITUDE:  99 58 W

  TEMPERATURE IN F:       :PCPN:    SNOW:  WIND      :SUNSHINE: SKY     :PK WND
================================================================================
1   2   3   4   5  6A  6B    7    8   9   10  11  12  13   14  15   16   17  18
                                     12Z  AVG MX 2MIN
DY MAX MIN AVG DEP HDD CDD  WTR  SNW DPTH SPD SPD DIR MIN PSBL S-S WX    SPD DR
================================================================================

 1  33  15  24  -8  41   0 0.02  0.3    0 17.4 30 360   M    M   4 18     38 350
 2  48  10  29  -3  36   0 0.00  0.0    T 10.1 18 280   M    M   0        23 250
 3  51  24  38   6  27   0 0.00  0.0    0 17.9 29 190   M    M   0        35 190
 4  39  18  29  -3  36   0 0.13  2.2    0 21.4 35 360   M    M   6 18     43  10
 5  19   3  11 -21  54   0 0.01  0.3    2 15.7 30 360   M    M   6 18     37 360
 6  23 -11   6 -26  59   0 0.00  0.0    2 11.3 20 260   M    M   0        25 350
 7  44  15  30  -2  35   0 0.00  0.0    2 12.1 25 230   M    M   0        32 220
 8  36  16  26  -6  39   0 0.00  0.0    T 10.3 21  40   M    M   1 1      26  50
 9  34  16  25  -7  40   0 0.00  0.0    T 12.7 26 170   M    M   6 18     32 170
10  49  26  38   6  27   0 0.00  0.0    0 18.2 36 300   M    M   4 18     45 300
11  55  28  42  10  23   0 0.00  0.0    0 13.8 21 300   M    M   0        26 290
12  58  34  46  14  19   0 0.00  0.0    0 14.5 30 340   M    M   1        41 350
13  56  28  42  10  23   0 0.00  0.0    0 15.4 23 260   M    M   0        29 260
14  48  25  37   5  28   0    T    T    0 16.6 35 360   M    M   5        43 360
15  57  24  41   9  24   0 0.00  0.0    0 11.9 21 260   M    M   4        27 270
16  51  30  41   9  24   0 0.00  0.0    0 21.2 39 330   M    M   3 8      56 320
17  54  19  37   5  28   0 0.00  0.0    0 10.6 21 360   M    M   3        25 360
18  55  23  39   7  26   0 0.00  0.0    0 15.5 33 340   M    M   0        48 350
19  66  23  45  13  20   0 0.00  0.0    0  9.9 21 250   M    M   0        26 250
20  55  25  40   8  25   0 0.00  0.0    0 17.0 32 350   M    M   1 8      42 340
21  44  10  27  -5  38   0 0.00  0.0    0 10.8 21 210   M    M   0        27 210
22  44  16  30  -2  35   0 0.00  0.0    0 10.9 29  40   M    M   1        35  40
23  20   6  13 -19  52   0 0.00  0.0    0 13.2 28  40   M    M   4        32  30
24  60   8  34   2  31   0 0.00  0.0    0 16.0 28 310   M    M   0        35 310
25  59  38  49  17  16   0 0.00  0.0    0 13.6 30 360   M    M   0        37 350
26  60  23  42   9  23   0 0.00  0.0    0 14.7 45  20   M    M   1 8      54  20
27  23  12  18 -15  47   0 0.07  1.1    0 10.3 37  20   M    M  10 18     46  20
28  26  10  18 -15  47   0 0.01  0.1    1  7.6 14 300   M    M   6 1      18 260
29  44  10  27  -6  38   0 0.00  0.0    T 12.8 24 190   M    M   0        31 180
30  55  27  41   8  24   0 0.00  0.0    0 17.1 26  40   M    M   1        32 360
31  26  20  23 -10  42   0    T    T    0 13.3 23  50   M    M   8 1      29  30
================================================================================
SM 1392  571      1027   0 0.24  4.0     433.8          M       75
================================================================================
AV 44.9 18.4                              14.0 FASTST   M    M   2      MAX(MPH)
                                 MISC ---->    45  20                     56 320
================================================================================
NOTES:
# LAST OF SEVERAL OCCURRENCES

COLUMN 17 PEAK WIND IN M.P.H.

PRELIMINARY LOCAL CLIMATOLOGICAL DATA (WS FORM: F-6) , PAGE 2

                                          STATION:  DODGE CITY KS
                                          MONTH:    JANUARY
                                          YEAR:     2014
                                          LATITUDE:   37 46 N
                                          LONGITUDE:  99 58 W

[TEMPERATURE DATA]      [PRECIPITATION DATA]       SYMBOLS USED IN COLUMN 16

AVERAGE MONTHLY: 31.7   TOTAL FOR MONTH:   0.24    1 = FOG OR MIST
DPTR FM NORMAL:  -0.5   DPTR FM NORMAL:   -0.34    2 = FOG REDUCING VISIBILITY
HIGHEST:    66 ON 19    GRTST 24HR  0.13 ON  4- 4      TO 1/4 MILE OR LESS
LOWEST:    -11 ON  6                               3 = THUNDER
                        SNOW, ICE PELLETS, HAIL    4 = ICE PELLETS
                        TOTAL MONTH:   4.0 INCHES  5 = HAIL
                        GRTST 24HR   2.2 ON   4    6 = FREEZING RAIN OR DRIZZLE
                        GRTST DEPTH:   2 ON  7,6,5 7 = DUSTSTORM OR SANDSTORM:
                                                       VSBY 1/2 MILE OR LESS
                                                   8 = SMOKE OR HAZE
[NO. OF DAYS WITH]      [WEATHER - DAYS WITH]      9 = BLOWING SNOW
                                                   X = TORNADO
MAX 32 OR BELOW:   6    0.01 INCH OR MORE:   5
MAX 90 OR ABOVE:   0    0.10 INCH OR MORE:   1
MIN 32 OR BELOW:  29    0.50 INCH OR MORE:   0
MIN  0 OR BELOW:   1    1.00 INCH OR MORE:   0

[HDD (BASE 65) ]
TOTAL THIS MO.  1027    CLEAR  (SCALE 0-3)  20
DPTR FM NORMAL     9    PTCLDY (SCALE 4-7)  10
TOTAL FM JUL 1  3135    CLOUDY (SCALE 8-10)  1
DPTR FM NORMAL   103

[CDD (BASE 65) ]
TOTAL THIS MO.     0
DPTR FM NORMAL     0    [PRESSURE DATA]
TOTAL FM JAN 1     0    HIGHEST SLP 30.88 ON 23
DPTR FM NORMAL     0    LOWEST  SLP 29.47 ON 12

[REMARKS]
#FINAL-01-14#
