000
CXUS53 KDDC 011325
CF6DDC
PRELIMINARY LOCAL CLIMATOLOGICAL DATA (WS FORM: F-6)

                                          STATION:   DODGE CITY KS
                                          MONTH:     APRIL
                                          YEAR:      2013
                                          LATITUDE:   37 46 N
                                          LONGITUDE:  99 58 W

  TEMPERATURE IN F:       :PCPN:    SNOW:  WIND      :SUNSHINE: SKY     :PK WND
================================================================================
1   2   3   4   5  6A  6B    7    8   9   10  11  12  13   14  15   16   17  18
                                     12Z  AVG MX 2MIN
DY MAX MIN AVG DEP HDD CDD  WTR  SNW DPTH SPD SPD DIR MIN PSBL S-S WX    SPD DR
================================================================================

 1  49  31  40  -9  25   0 0.00  0.0    0 15.5 28  40   M    M   8 1      36  30
 2  37  30  34 -15  31   0 0.19    T    T  6.3 12  70   M    M  10 168    16  80
 3  40  32  36 -14  29   0    T    T    0  6.9 16 100   M    M  10 18     21 110
 4  62  32  47  -3  18   0 0.00  0.0    0  4.3 14 200   M    M   5 1      16 200
 5  78  34  56   6   9   0 0.00  0.0    0 20.8 37 170   M    M   0 1      49 170
 6  74  49  62  11   3   0 0.00  0.0    0 12.8 29 350   M    M   0        36 350
 7  76  51  64  13   1   0    T  0.0    0 11.8 26 160   M    M   2 1      32 150
 8  79  56  68  17   0   3    T  0.0    0 13.9 33 150   M    M   6 128    43 140
 9  64  21  43  -9  22   0 0.01    T    0 25.3 36 350   M    M   9 168    45 350
10  41  20  31 -21  34   0    T    T    T 19.3 30 320   M    M   8        41 350
11  61  16  39 -13  26   0 0.00  0.0    0 11.6 26 290   M    M   0        33 310
12  64  23  44  -9  21   0    T  0.0    0  7.3 23 360   M    M   2        31  10
13  77  25  51  -2  14   0 0.00  0.0    0 19.1 37 190   M    M   0 1      47 200
14  71  38  55   2  10   0 0.00  0.0    0 16.9 36 180   M    M   1        47 190
15  60  38  49  -5  16   0 0.00  0.0    0 12.8 23  50   M    M   4        33  60
16  47  34  41 -13  24   0    T  0.0    0 16.2 25  50   M    M   9 1      32  50
17  39  31  35 -19  30   0 0.08  0.0    0 18.4 37 360   M    M   9 1      45 360
18  39  26  33 -22  32   0    T    T    0 20.5 35 350   M    M   8 1      45 350
19  65  24  45 -10  20   0 0.00  0.0    0 12.8 31 310   M    M   2        39 300
20  66  32  49  -6  16   0 0.00  0.0    0 17.6 30 190   M    M   3        37 180
21  73  40  57   1   8   0 0.00  0.0    0 13.2 23 180   M    M   0        28 170
22  76  29  53  -3  12   0 0.02    T    0 21.9 40  10   M    M   6 168    52  10
23  32  24  28 -28  37   0 0.07  0.2    T 17.2 33  10   M    M   8 1368   44 360
24  62  23  43 -14  22   0 0.00  0.0    0  8.8 18 250   M    M   0        23 240
25  69  36  53  -4  12   0    T  0.0    0 19.4 35 180   M    M   1        43 180
26  67  47  57  -1   8   0 0.51  0.0    0  9.2 18 190   M    M   7 123    23 180
27  73  45  59   1   6   0 0.00  0.0    0  6.5 15 170   M    M   5 128    20 170
28  87  46  67   9   0   2 0.00  0.0    0 11.3 20 170   M    M   0 1      23 180
29  88  48  68   9   0   3 0.00  0.0    0 11.7 29 210   M    M   0        37 220
30  91  60  76  17   0  11 0.00  0.0    0 18.0 31 160   M    M   0        37 150
================================================================================
SM 1907 1041       486  19 0.88  0.2     427.3          M      123
================================================================================
AV 63.6 34.7                              14.2 FASTST   M    M   4      MAX(MPH)
                                 MISC ---->    40  10                     52  10
================================================================================
NOTES:
# LAST OF SEVERAL OCCURRENCES

COLUMN 17 PEAK WIND IN M.P.H.

PRELIMINARY LOCAL CLIMATOLOGICAL DATA (WS FORM: F-6) , PAGE 2

                                          STATION:  DODGE CITY KS
                                          MONTH:    APRIL
                                          YEAR:     2013
                                          LATITUDE:   37 46 N
                                          LONGITUDE:  99 58 W

[TEMPERATURE DATA]      [PRECIPITATION DATA]       SYMBOLS USED IN COLUMN 16

AVERAGE MONTHLY: 49.2   TOTAL FOR MONTH:   0.88    1 = FOG OR MIST
DPTR FM NORMAL:  -4.7   DPTR FM NORMAL:   -0.94    2 = FOG REDUCING VISIBILITY
HIGHEST:    91 ON 30    GRTST 24HR  0.51 ON 26-26      TO 1/4 MILE OR LESS
LOWEST:     16 ON 11                               3 = THUNDER
                        SNOW, ICE PELLETS, HAIL    4 = ICE PELLETS
                        TOTAL MONTH:   0.2 INCH    5 = HAIL
                        GRTST 24HR   0.2 ON  23    6 = FREEZING RAIN OR DRIZZLE
                        GRTST DEPTH:   T ON  23    7 = DUSTSTORM OR SANDSTORM:
                                                       VSBY 1/2 MILE OR LESS
                                                   8 = SMOKE OR HAZE
[NO. OF DAYS WITH]      [WEATHER - DAYS WITH]      9 = BLOWING SNOW
                                                   X = TORNADO
MAX 32 OR BELOW:   1    0.01 INCH OR MORE:   6
MAX 90 OR ABOVE:   1    0.10 INCH OR MORE:   2
MIN 32 OR BELOW:  16    0.50 INCH OR MORE:   1
MIN  0 OR BELOW:   0    1.00 INCH OR MORE:   0

[HDD (BASE 65) ]
TOTAL THIS MO.   486    CLEAR  (SCALE 0-3)  15
DPTR FM NORMAL   134    PTCLDY (SCALE 4-7)   8
TOTAL FM JUL 1  4895    CLOUDY (SCALE 8-10)  7
DPTR FM NORMAL    56

[CDD (BASE 65) ]
TOTAL THIS MO.    19
DPTR FM NORMAL     1    [PRESSURE DATA]
TOTAL FM JAN 1    19    HIGHEST SLP 30.34 ON 24
DPTR FM NORMAL     0    LOWEST  SLP 29.29 ON 14

[REMARKS]
#FINAL-04-13#
