000
CXUS53 KDDC 011515
CF6DDC
PRELIMINARY LOCAL CLIMATOLOGICAL DATA (WS FORM: F-6)
STATION: DODGE CITY KS
MONTH: FEBRUARY
YEAR: 2023
LATITUDE: 37 46 N
LONGITUDE: 99 58 W
TEMPERATURE IN F: :PCPN: SNOW: WIND :SUNSHINE: SKY :PK WND
================================================================================
1 2 3 4 5 6A 6B 7 8 9 10 11 12 13 14 15 16 17 18
12Z AVG MX 2MIN
DY MAX MIN AVG DEP HDD CDD WTR SNW DPTH SPD SPD DIR MIN PSBL S-S WX SPD DR
================================================================================
1 38 7 23 -11 42 0 0.00 0.0 T 7.0 14 180 M M 0 17 160
2 43 14 29 -5 36 0 0.00 0.0 T 10.9 22 360 M M 0 29 360
3 62 13 38 4 27 0 0.00 0.0 T 11.2 24 210 M M 0 1 30 210
4 59 28 44 10 21 0 0.00 0.0 0 13.5 25 340 M M 0 36 320
5 63 23 43 9 22 0 0.00 0.0 0 9.1 18 160 M M 0 24 150
6 60 34 47 13 18 0 0.00 0.0 0 17.3 29 320 M M 0 42 220
7 54 27 41 6 24 0 0.00 0.0 0 8.2 20 20 M M 0 24 30
8 53 24 39 4 26 0 0.00 0.0 0 5.6 14 290 M M 0 17 310
9 47 27 37 2 28 0 0.00 0.0 0 23.4 36 360 M M 5 44 360
10 44 18 31 -4 34 0 0.00 0.0 0 9.8 25 10 M M 1 8 33 350
11 59 18 39 4 26 0 0.00 0.0 0 13.9 23 190 M M 0 31 190
12 57 30 44 9 21 0 0.00 0.0 0 14.0 23 200 M M 0 30 200
13 61 22 42 6 23 0 T 0.0 0 13.0 24 160 M M 1 31 170
14 51 34 43 7 22 0 0.05 0.0 0 17.3 36 310 M M 6 1 45 320
15 34 16 25 -11 40 0 0.05 1.5 0 16.7 29 30 M M 7 1 36 30
16 30 10 20 -16 45 0 T T 2 15.0 28 350 M M 4 1 37 360
17 52 9 31 -5 34 0 0.00 0.0 T 11.9 21 230 M M 0 29 230
18 54 26 40 3 25 0 0.00 0.0 0 19.5 40 210 M M 0 8 54 220
19 59 26 43 6 22 0 0.00 0.0 0 9.2 20 290 M M 0 25 350
20 63 23 43 6 22 0 0.00 0.0 0 6.0 16 160 M M 0 8 20 170
21 74 24 49 12 16 0 0.00 0.0 0 18.4 43 220 M M 2 8 61 220
22 61 11 36 -2 29 0 T T 0 18.3 32 350 M M 7 18 43 350
23 26 3 15 -23 50 0 0.00 0.0 0 13.2 31 350 M M 1 38 350
24 36 7 22 -16 43 0 0.00 0.0 0 7.8 15 40 M M 0 19 30
25 52 16 34 -5 31 0 0.00 0.0 0 11.3 20 190 M M 0 25 160
26 74 32 53 14 12 0 0.15 0.0 0 16.8 45 160 M M 2 138 58 180
27 66 38 52 13 13 0 0.05 0.0 0 14.6 30 330 M M 0 1 42 320
28 69 27 48 8 17 0 0.00 0.0 0 12.7 37 270 M M 1 8 49 270
================================================================================
SM 1501 587 769 0 0.30 1.5 365.6 M 37
================================================================================
AV 53.6 21.0 13.1 FASTST M M 1 MAX(MPH)
MISC ----> 45 160 61 220
================================================================================
NOTES:
# LAST OF SEVERAL OCCURRENCES
COLUMN 17 PEAK WIND IN M.P.H.
PRELIMINARY LOCAL CLIMATOLOGICAL DATA (WS FORM: F-6) , PAGE 2
STATION: DODGE CITY KS
MONTH: FEBRUARY
YEAR: 2023
LATITUDE: 37 46 N
LONGITUDE: 99 58 W
[TEMPERATURE DATA] [PRECIPITATION DATA] SYMBOLS USED IN COLUMN 16
AVERAGE MONTHLY: 37.3 TOTAL FOR MONTH: 0.30 1 = FOG OR MIST
DPTR FM NORMAL: 1.1 DPTR FM NORMAL: -0.32 2 = FOG REDUCING VISIBILITY
HIGHEST: 74 ON 26,21 GRTST 24HR 0.20 ON 26-27 TO 1/4 MILE OR LESS
LOWEST: 3 ON 23 3 = THUNDER
SNOW, ICE PELLETS, HAIL 4 = ICE PELLETS
TOTAL MONTH: 1.5 INCHES 5 = HAIL
GRTST 24HR 1.5 ON 15-15 6 = FREEZING RAIN OR DRIZZLE
GRTST DEPTH: 2 ON 16 7 = DUSTSTORM OR SANDSTORM:
VSBY 1/2 MILE OR LESS
8 = SMOKE OR HAZE
[NO. OF DAYS WITH] [WEATHER - DAYS WITH] 9 = BLOWING SNOW
X = TORNADO
MAX 32 OR BELOW: 2 0.01 INCH OR MORE: 4
MAX 90 OR ABOVE: 0 0.10 INCH OR MORE: 1
MIN 32 OR BELOW: 25 0.50 INCH OR MORE: 0
MIN 0 OR BELOW: 0 1.00 INCH OR MORE: 0
[HDD (BASE 65) ]
TOTAL THIS MO. 769 CLEAR (SCALE 0-3) 23
DPTR FM NORMAL -37 PTCLDY (SCALE 4-7) 5
TOTAL FM JUL 1 3689 CLOUDY (SCALE 8-10) 0
DPTR FM NORMAL -54
[CDD (BASE 65) ]
TOTAL THIS MO. 0
DPTR FM NORMAL 0 [PRESSURE DATA]
TOTAL FM JAN 1 0 HIGHEST SLP 30.57 ON 3
DPTR FM NORMAL 0 LOWEST SLP 29.11 ON 14
[REMARKS]
#FINAL-02-23#