000
CXUS53 KDDC 011505
CF6DDC
PRELIMINARY LOCAL CLIMATOLOGICAL DATA (WS FORM: F-6)

                                          STATION:   DODGE CITY KS
                                          MONTH:     OCTOBER
                                          YEAR:      2017
                                          LATITUDE:   37 46 N
                                          LONGITUDE:  99 58 W

  TEMPERATURE IN F:       :PCPN:    SNOW:  WIND      :SUNSHINE: SKY     :PK WND
================================================================================
1   2   3   4   5  6A  6B    7    8   9   10  11  12  13   14  15   16   17  18
                                     12Z  AVG MX 2MIN
DY MAX MIN AVG DEP HDD CDD  WTR  SNW DPTH SPD SPD DIR MIN PSBL S-S WX    SPD DR
================================================================================

 1  80  62  71   9   0   6 0.00  0.0    0 20.9 35 170   M    M   6        44 170
 2  84  66  75  13   0  10 0.00  0.0    0 20.9 36 170   M    M   6 18     48 170
 3  71  56  64   2   1   0    T  0.0    0 10.8 29 180   M    M   8 1      36 180
 4  65  56  61   0   4   0 0.12  0.0    0  8.4 16  40   M    M  10 12     21  30
 5  80  63  72  11   0   7 0.01  0.0    0 10.6 21 160   M    M   6 12     24 150
 6  88  56  72  12   0   7 0.24  0.0    0 15.7 38 320   M    M   5 138    50 350
 7  79  48  64   4   1   0 0.00  0.0    0 12.2 22 310   M    M   0 8      27 320
 8  80  49  65   5   0   0 0.00  0.0    0 10.8 20 190   M    M   0        24 180
 9  55  40  48 -11  17   0    T  0.0    0 22.4 38  10   M    M   6 1      48  10
10  60  38  49 -10  16   0 0.00  0.0    0 11.7 25 360   M    M   4        32 350
11  72  34  53  -5  12   0 0.00  0.0    0 15.1 28 170   M    M   0        35 170
12  90  49  70  12   0   5 0.00  0.0    0 18.1 26 200   M    M   0        32 210
13  72  52  62   4   3   0 0.00  0.0    0  9.5 23 340   M    M   3        29 350
14  91  46  69  12   0   4 0.00  0.0    0 17.2 36 350   M    M   0 18     51 350
15  65  34  50  -7  15   0 0.00  0.0    0  8.1 20 350   M    M   0 8      25 350
16  74  36  55  -2  10   0 0.00  0.0    0 14.6 26 190   M    M   0 8      34 190
17  81  42  62   6   3   0 0.00  0.0    0 11.4 17 160   M    M   0 8      22 170
18  89  43  66  10   0   1 0.00  0.0    0  6.4 14 150   M    M   0 8      16 140
19  81  43  62   7   3   0 0.00  0.0    0 10.4 25 170   M    M   0 18     32 150
20  79  53  66  11   0   1 0.00  0.0    0 23.7 38 170   M    M   0        49 170
21  69  37  53  -2  12   0 0.00  0.0    0 16.5 31 180   M    M   1 18     41 180
22  72  31  52  -2  13   0 0.00  0.0    0  9.3 18 250   M    M   0        24 250
23  68  45  57   3   8   0 0.00  0.0    0 16.5 30 350   M    M   1        43  10
24  64  38  51  -3  14   0 0.00  0.0    0 14.8 31 320   M    M   0        42 320
25  83  39  61   8   4   0 0.00  0.0    0 12.3 21 280   M    M   0        28 260
26  71  37  54   1  11   0 0.00  0.0    0 22.1 39 360   M    M   0 8      55  10
27  47  22  35 -17  30   0 0.00  0.0    0 15.8 29 330   M    M   0        41 320
28  63  17  40 -12  25   0 0.00  0.0    0  9.4 23 290   M    M   4        28 280
29  79  37  58   6   7   0 0.00  0.0    0 11.5 25  30   M    M   0 8      36  20
30  51  27  39 -12  26   0 0.00  0.0    0 13.4 23  20   M    M   4        31  10
31  51  27  39 -12  26   0 0.00  0.0    0 16.3 28 180   M    M   4        39 170
================================================================================
SM 2254 1323       261  41 0.37  0.0     436.8          M       68
================================================================================
AV 72.7 42.7                              14.1 FASTST   M    M   2      MAX(MPH)
                                 MISC ---->    39 360                     55  10
================================================================================
NOTES:
# LAST OF SEVERAL OCCURRENCES

COLUMN 17 PEAK WIND IN M.P.H.

PRELIMINARY LOCAL CLIMATOLOGICAL DATA (WS FORM: F-6) , PAGE 2

                                          STATION:  DODGE CITY KS
                                          MONTH:    OCTOBER
                                          YEAR:     2017
                                          LATITUDE:   37 46 N
                                          LONGITUDE:  99 58 W

[TEMPERATURE DATA]      [PRECIPITATION DATA]       SYMBOLS USED IN COLUMN 16

AVERAGE MONTHLY: 57.7   TOTAL FOR MONTH:   0.37    1 = FOG OR MIST
DPTR FM NORMAL:   1.1   DPTR FM NORMAL:   -1.37    2 = FOG REDUCING VISIBILITY
HIGHEST:    91 ON 14    GRTST 24HR  0.24 ON  6- 6      TO 1/4 MILE OR LESS
LOWEST:     17 ON 28                               3 = THUNDER
                        SNOW, ICE PELLETS, HAIL    4 = ICE PELLETS
                        TOTAL MONTH:   0.0 INCH    5 = HAIL
                        GRTST 24HR     0.0         6 = FREEZING RAIN OR DRIZZLE
                        GRTST DEPTH:   0           7 = DUSTSTORM OR SANDSTORM:
                                                       VSBY 1/2 MILE OR LESS
                                                   8 = SMOKE OR HAZE
[NO. OF DAYS WITH]      [WEATHER - DAYS WITH]      9 = BLOWING SNOW
                                                   X = TORNADO
MAX 32 OR BELOW:   0    0.01 INCH OR MORE:   3
MAX 90 OR ABOVE:   2    0.10 INCH OR MORE:   2
MIN 32 OR BELOW:   5    0.50 INCH OR MORE:   0
MIN  0 OR BELOW:   0    1.00 INCH OR MORE:   0

[HDD (BASE 65) ]
TOTAL THIS MO.   261    CLEAR  (SCALE 0-3)  20
DPTR FM NORMAL   -30    PTCLDY (SCALE 4-7)  10
TOTAL FM JUL 1   291    CLOUDY (SCALE 8-10)  1
DPTR FM NORMAL   -65

[CDD (BASE 65) ]
TOTAL THIS MO.    41
DPTR FM NORMAL    12    [PRESSURE DATA]
TOTAL FM JAN 1  1520    HIGHEST SLP 30.49 ON 15
DPTR FM NORMAL    58    LOWEST  SLP 29.40 ON  6

[REMARKS]
#FINAL-10-17#
