000
CXUS53 KDDC 011749
CF6DDC
PRELIMINARY LOCAL CLIMATOLOGICAL DATA (WS FORM: F-6)

                                          STATION:   DODGE CITY KS
                                          MONTH:     JANUARY
                                          YEAR:      2018
                                          LATITUDE:   37 46 N
                                          LONGITUDE:  99 58 W

  TEMPERATURE IN F:       :PCPN:    SNOW:  WIND      :SUNSHINE: SKY     :PK WND
================================================================================
1   2   3   4   5  6A  6B    7    8   9   10  11  12  13   14  15   16   17  18
                                     12Z  AVG MX 2MIN
DY MAX MIN AVG DEP HDD CDD  WTR  SNW DPTH SPD SPD DIR MIN PSBL S-S WX    SPD DR
================================================================================

 1  17  -9   4 -28  61   0 0.00  0.0    0  6.9 15 150   M    M   2        21 170
 2  27   3  15 -17  50   0 0.00  0.0    0 10.0 16 300   M    M   0        23 270
 3  46  19  33   1  32   0 0.00  0.0    0 10.0 17 320   M    M   0        28 320
 4  47  18  33   1  32   0 0.00  0.0    0  9.8 20 190   M    M   0 8      24 190
 5  48  16  32   0  33   0 0.00  0.0    0  6.9 12 120   M    M   0        16 110
 6  48  11  30  -2  35   0 0.00  0.0    0 11.8 25 170   M    M   0 8      33 170
 7  57  26  42  10  23   0 0.00  0.0    0 11.9 30  10   M    M   2        41  10
 8  58  20  39   7  26   0 0.00  0.0    0  9.7 17 160   M    M   0        22 160
 9  65  38  52  20  13   0 0.00  0.0    0 14.6 26 190   M    M   0 8      34 190
10  74  42  58  26   7   0 0.00  0.0    0 15.8 26 210   M    M   0        37 160
11  50   3  27  -5  38   0 0.09  1.2    1 22.4 46 360   M    M   3 128    64 350
12  26   0  13 -19  52   0    T    T    1  8.5 17  20   M    M   5        21  10
13  31  10  21 -11  44   0    T    T    T  8.7 16 170   M    M   5 8      23 170
14  52  18  35   3  30   0 0.00  0.0    0  9.6 18 210   M    M   3        22 170
15  41   0  21 -11  44   0 0.00  0.0    0 18.4 32  20   M    M   5        44  30
16  20  -3   9 -23  56   0 0.00  0.0    0  8.9 16 350   M    M   0        23 330
17  45   1  23  -9  42   0 0.00  0.0    0 12.0 18 190   M    M   0        24 180
18  59  15  37   5  28   0 0.00  0.0    0 11.3 16 210   M    M   0        21 220
19  67  28  48  16  17   0 0.00  0.0    0 14.0 23 210   M    M   0        29 210
20  69  26  48  16  17   0 0.00  0.0    0  7.1 14 190   M    M   0        17 180
21  40  26  33   1  32   0 0.00  0.0    0 11.6 31 310   M    M   8 12     39 310
22  47  26  37   5  28   0    T    T    0 27.6 45 320   M    M   6        63 320
23  50  22  36   4  29   0 0.00  0.0    0 13.1 20 320   M    M   0        29 320
24  58  15  37   5  28   0 0.00  0.0    0 11.2 26 210   M    M   0        36 210
25  69  30  50  18  15   0 0.00  0.0    0 20.5 32 200   M    M   0        45 200
26  64  27  46  13  19   0 0.00  0.0    0 16.8 29 200   M    M   0        43 210
27  55  17  36   3  29   0 0.00  0.0    0  7.6 14 240   M    M   0        20 220
28  57  17  37   4  28   0 0.00  0.0    0 11.8 21 360   M    M   1        27 360
29  50  12  31  -2  34   0 0.00  0.0    0  8.7 17 210   M    M   2 8      22 200
30  67  26  47  14  18   0 0.00  0.0    0 15.1 28 200   M    M   0        36 200
31  53  26  40   7  25   0 0.00  0.0    0 12.5 28  10   M    M   0        39  10
================================================================================
SM 1557  526       965   0 0.09  1.2     384.8          M       42
================================================================================
AV 50.2 17.0                              12.4 FASTST   M    M   1      MAX(MPH)
                                 MISC ---->    46 360                     64 350
================================================================================
NOTES:
# LAST OF SEVERAL OCCURRENCES

COLUMN 17 PEAK WIND IN M.P.H.

PRELIMINARY LOCAL CLIMATOLOGICAL DATA (WS FORM: F-6) , PAGE 2

                                          STATION:  DODGE CITY KS
                                          MONTH:    JANUARY
                                          YEAR:     2018
                                          LATITUDE:   37 46 N
                                          LONGITUDE:  99 58 W

[TEMPERATURE DATA]      [PRECIPITATION DATA]       SYMBOLS USED IN COLUMN 16

AVERAGE MONTHLY: 33.6   TOTAL FOR MONTH:   0.09    1 = FOG OR MIST
DPTR FM NORMAL:   1.4   DPTR FM NORMAL:   -0.49    2 = FOG REDUCING VISIBILITY
HIGHEST:    74 ON 10    GRTST 24HR  0.09 ON 11-11      TO 1/4 MILE OR LESS
LOWEST:     -9 ON  1                               3 = THUNDER
                        SNOW, ICE PELLETS, HAIL    4 = ICE PELLETS
                        TOTAL MONTH:   1.2 INCHES  5 = HAIL
                        GRTST 24HR   1.2 ON 11-11  6 = FREEZING RAIN OR DRIZZLE
                        GRTST DEPTH:   1 ON 12,11  7 = DUSTSTORM OR SANDSTORM:
                                                       VSBY 1/2 MILE OR LESS
                                                   8 = SMOKE OR HAZE
[NO. OF DAYS WITH]      [WEATHER - DAYS WITH]      9 = BLOWING SNOW
                                                   X = TORNADO
MAX 32 OR BELOW:   5    0.01 INCH OR MORE:   1
MAX 90 OR ABOVE:   0    0.10 INCH OR MORE:   0
MIN 32 OR BELOW:  29    0.50 INCH OR MORE:   0
MIN  0 OR BELOW:   4    1.00 INCH OR MORE:   0

[HDD (BASE 65) ]
TOTAL THIS MO.   965    CLEAR  (SCALE 0-3)  24
DPTR FM NORMAL   -53    PTCLDY (SCALE 4-7)   7
TOTAL FM JUL 1  2799    CLOUDY (SCALE 8-10)  0
DPTR FM NORMAL  -233

[CDD (BASE 65) ]
TOTAL THIS MO.     0
DPTR FM NORMAL     0    [PRESSURE DATA]
TOTAL FM JAN 1     0    HIGHEST SLP 30.90 ON 16
DPTR FM NORMAL     0    LOWEST  SLP 29.34 ON 10

[REMARKS]
#FINAL-01-18#
#FINAL-01-18#
