000
CXUS53 KDDC 011348
CF6DDC
PRELIMINARY LOCAL CLIMATOLOGICAL DATA (WS FORM: F-6)
STATION: DODGE CITY KS
MONTH: JULY
YEAR: 2022
LATITUDE: 37 46 N
LONGITUDE: 99 58 W
TEMPERATURE IN F: :PCPN: SNOW: WIND :SUNSHINE: SKY :PK WND
================================================================================
1 2 3 4 5 6A 6B 7 8 9 10 11 12 13 14 15 16 17 18
12Z AVG MX 2MIN
DY MAX MIN AVG DEP HDD CDD WTR SNW DPTH SPD SPD DIR MIN PSBL S-S WX SPD DR
================================================================================
1 97 67 82 3 0 17 0.00 0.0 0 11.2 22 170 M M 0 34 50
2 93 66 80 1 0 15 1.25 0.0 0 8.8 33 270 M M 3 13 44 290
3 97 71 84 5 0 19 T 0.0 0 14.8 30 170 M M 1 138 40 180
4 98 72 85 6 0 20 0.00 0.0 0 17.7 28 160 M M 0 40 180
5 103 74 89 10 0 24 0.00 0.0 0 16.2 24 170 M M 0 34 170
6 99 72 86 7 0 21 T 0.0 0 10.3 32 350 M M 1 38 42 350
7 98 64 81 1 0 16 T 0.0 0 9.5 29 310 M M 1 8 39 300
8 96 72 84 4 0 19 0.00 0.0 0 10.6 20 20 M M 1 18 27 10
9 99 66 83 3 0 18 0.00 0.0 0 8.1 17 120 M M 0 18 23 110
10 104 69 87 7 0 22 0.00 0.0 0 15.4 23 170 M M 0 8 30 170
11 101 68 85 5 0 20 0.00 0.0 0 17.1 26 30 M M 0 37 20
12 88 66 77 -3 0 12 T 0.0 0 8.8 17 110 M M 1 8 30 110
13 99 66 83 3 0 18 0.00 0.0 0 12.8 24 170 M M 1 8 32 170
14 106 71 89 9 0 24 0.00 0.0 0 17.3 26 180 M M 0 8 39 210
15 109 80 95 15 0 30 0.00 0.0 0 14.5 24 230 M M 0 8 33 200
16 109 75 92 12 0 27 T 0.0 0 14.6 35 320 M M 0 8 47 290
17 100 69 85 5 0 20 0.02 0.0 0 11.1 22 40 M M 1 1 31 30
18 103 62 83 3 0 18 0.00 0.0 0 10.3 18 150 M M 0 18 24 170
19 109 74 92 12 0 27 0.00 0.0 0 11.4 25 190 M M 0 34 200
20 99 77 88 7 0 23 0.00 0.0 0 9.8 18 30 M M 0 24 80
21 94 73 84 3 0 19 0.00 0.0 0 8.7 17 160 M M 1 8 25 160
22 104 72 88 7 0 23 0.00 0.0 0 15.9 26 160 M M 0 8 38 170
23 108 74 91 10 0 26 0.00 0.0 0 16.8 24 170 M M 0 8 33 230
24 101 74 88 7 0 23 0.00 0.0 0 13.7 25 50 M M 0 36 90
25 99 68 84 3 0 19 0.00 0.0 0 11.9 20 350 M M 0 27 350
26 106 69 88 8 0 23 0.25 0.0 0 12.0 26 70 M M 5 138 36 40
27 94 71 83 3 0 18 0.04 0.0 0 6.1 16 150 M M 2 138 21 170
28 87 67 77 -3 0 12 T 0.0 0 9.4 26 60 M M 2 1 35 50
29 72 63 68 -12 0 3 2.01 0.0 0 9.2 20 100 M M 9 18 26 100
30 82 59 71 -9 0 6 0.13 0.0 0 7.6 14 140 M M 8 18 19 110
31 93 69 81 1 0 16 0.00 0.0 0 7.9 15 170 M M 2 18 20 160
================================================================================
SM 3047 2160 0 598 3.70 0.0 369.5 M 39
================================================================================
AV 98.3 69.7 11.9 FASTST M M 1 MAX(MPH)
MISC ----> 35 320 47 290
================================================================================
NOTES:
# LAST OF SEVERAL OCCURRENCES
COLUMN 17 PEAK WIND IN M.P.H.
PRELIMINARY LOCAL CLIMATOLOGICAL DATA (WS FORM: F-6) , PAGE 2
STATION: DODGE CITY KS
MONTH: JULY
YEAR: 2022
LATITUDE: 37 46 N
LONGITUDE: 99 58 W
[TEMPERATURE DATA] [PRECIPITATION DATA] SYMBOLS USED IN COLUMN 16
AVERAGE MONTHLY: 84.0 TOTAL FOR MONTH: 3.70 1 = FOG OR MIST
DPTR FM NORMAL: 3.9 DPTR FM NORMAL: 0.62 2 = FOG REDUCING VISIBILITY
HIGHEST: 109 ON 19,16,15 GRTST 24HR 2.14 ON 29-30 TO 1/4 MILE OR LESS
LOWEST: 59 ON 30 3 = THUNDER
SNOW, ICE PELLETS, HAIL 4 = ICE PELLETS
TOTAL MONTH: 0.0 INCH 5 = HAIL
GRTST 24HR 0.0 6 = FREEZING RAIN OR DRIZZLE
GRTST DEPTH: 0 7 = DUSTSTORM OR SANDSTORM:
VSBY 1/2 MILE OR LESS
8 = SMOKE OR HAZE
[NO. OF DAYS WITH] [WEATHER - DAYS WITH] 9 = BLOWING SNOW
X = TORNADO
MAX 32 OR BELOW: 0 0.01 INCH OR MORE: 6
MAX 90 OR ABOVE: 27 0.10 INCH OR MORE: 4
MIN 32 OR BELOW: 0 0.50 INCH OR MORE: 2
MIN 0 OR BELOW: 0 1.00 INCH OR MORE: 2
[HDD (BASE 65) ]
TOTAL THIS MO. 0 CLEAR (SCALE 0-3) 28
DPTR FM NORMAL -1 PTCLDY (SCALE 4-7) 2
TOTAL FM JUL 1 0 CLOUDY (SCALE 8-10) 1
DPTR FM NORMAL 0
[CDD (BASE 65) ]
TOTAL THIS MO. 598
DPTR FM NORMAL 131 [PRESSURE DATA]
TOTAL FM JAN 1 1195 HIGHEST SLP 30.16 ON 29
DPTR FM NORMAL 289 LOWEST SLP 29.65 ON 19
[REMARKS]
#FINAL-07-22#