000
CXUS53 KDDC 011337
CF6DDC
PRELIMINARY LOCAL CLIMATOLOGICAL DATA (WS FORM: F-6)
STATION: DODGE CITY KS
MONTH: JUNE
YEAR: 2022
LATITUDE: 37 46 N
LONGITUDE: 99 58 W
TEMPERATURE IN F: :PCPN: SNOW: WIND :SUNSHINE: SKY :PK WND
================================================================================
1 2 3 4 5 6A 6B 7 8 9 10 11 12 13 14 15 16 17 18
12Z AVG MX 2MIN
DY MAX MIN AVG DEP HDD CDD WTR SNW DPTH SPD SPD DIR MIN PSBL S-S WX SPD DR
================================================================================
1 65 50 58 -13 7 0 0.17 0.0 0 14.9 29 30 M M 6 13 37 20
2 73 46 60 -11 5 0 0.01 0.0 0 5.5 17 170 M M 7 24 160
3 79 52 66 -6 0 1 0.31 0.0 0 12.5 36 270 M M 5 13 49 260
4 88 57 73 1 0 8 0.02 0.0 0 13.0 22 170 M M 4 1 29 200
5 82 64 73 1 0 8 T 0.0 0 12.8 28 160 M M 5 1 34 150
6 95 63 79 6 0 14 0.01 0.0 0 8.0 32 250 M M 4 123 45 270
7 87 63 75 2 0 10 0.37 0.0 0 10.2 36 170 M M 4 1 50 180
8 80 59 70 -3 0 5 T 0.0 0 13.8 26 360 M M 2 35 360
9 80 57 69 -5 0 4 0.00 0.0 0 15.4 30 170 M M 3 40 180
10 93 63 78 4 0 13 0.00 0.0 0 7.9 22 190 M M 0 18 30 190
11 102 67 85 11 0 20 0.00 0.0 0 9.7 20 170 M M 0 18 24 180
12 103 71 87 13 0 22 T 0.0 0 12.7 25 180 M M 0 38 170
13 103 83 93 18 0 28 0.00 0.0 0 26.7 41 170 M M 0 56 180
14 101 75 88 13 0 23 0.00 0.0 0 20.0 32 160 M M 0 42 170
15 90 63 77 2 0 12 0.00 0.0 0 13.8 29 360 M M 0 8 39 360
16 103 67 85 10 0 20 0.00 0.0 0 15.6 28 190 M M 0 18 40 190
17 102 68 85 9 0 20 0.00 0.0 0 14.5 26 170 M M 0 8 36 200
18 99 71 85 9 0 20 0.00 0.0 0 16.1 30 170 M M 0 8 41 160
19 97 72 85 9 0 20 0.04 0.0 0 19.7 29 160 M M 0 38 40 170
20 99 73 86 10 0 21 0.00 0.0 0 20.9 30 190 M M 1 8 46 220
21 100 65 83 6 0 18 0.04 0.0 0 12.3 32 300 M M 2 3 39 280
22 83 64 74 -3 0 9 T 0.0 0 11.1 29 80 M M 3 38 40 70
23 102 68 85 8 0 20 0.00 0.0 0 17.3 29 170 M M 1 18 38 210
24 106 76 91 14 0 26 0.00 0.0 0 16.9 28 250 M M 0 8 38 210
25 91 70 81 3 0 16 T 0.0 0 17.6 32 360 M M 1 46 360
26 77 64 71 -7 0 6 T 0.0 0 12.6 23 30 M M 6 8 29 50
27 71 52 62 -16 3 0 0.21 0.0 0 6.4 20 190 M M 7 18 29 170
28 88 51 70 -8 0 5 0.00 0.0 0 11.2 20 210 M M 1 18 28 190
29 94 61 78 0 0 13 0.00 0.0 0 15.5 28 150 M M 0 49 150
30 103 68 86 8 0 21 0.00 0.0 0 16.6 26 160 M M 0 8 36 160
================================================================================
SM 2736 1923 15 403 1.18 0.0 421.2 M 62
================================================================================
AV 91.2 64.1 14.0 FASTST M M 2 MAX(MPH)
MISC ----> 41 170 56 180
================================================================================
NOTES:
# LAST OF SEVERAL OCCURRENCES
COLUMN 17 PEAK WIND IN M.P.H.
PRELIMINARY LOCAL CLIMATOLOGICAL DATA (WS FORM: F-6) , PAGE 2
STATION: DODGE CITY KS
MONTH: JUNE
YEAR: 2022
LATITUDE: 37 46 N
LONGITUDE: 99 58 W
[TEMPERATURE DATA] [PRECIPITATION DATA] SYMBOLS USED IN COLUMN 16
AVERAGE MONTHLY: 77.7 TOTAL FOR MONTH: 1.18 1 = FOG OR MIST
DPTR FM NORMAL: 2.6 DPTR FM NORMAL: -2.11 2 = FOG REDUCING VISIBILITY
HIGHEST: 106 ON 24 GRTST 24HR 0.38 ON 6- 7 TO 1/4 MILE OR LESS
LOWEST: 46 ON 2 3 = THUNDER
SNOW, ICE PELLETS, HAIL 4 = ICE PELLETS
TOTAL MONTH: 0.0 INCH 5 = HAIL
GRTST 24HR 0.0 6 = FREEZING RAIN OR DRIZZLE
GRTST DEPTH: 0 7 = DUSTSTORM OR SANDSTORM:
VSBY 1/2 MILE OR LESS
8 = SMOKE OR HAZE
[NO. OF DAYS WITH] [WEATHER - DAYS WITH] 9 = BLOWING SNOW
X = TORNADO
MAX 32 OR BELOW: 0 0.01 INCH OR MORE: 9
MAX 90 OR ABOVE: 18 0.10 INCH OR MORE: 4
MIN 32 OR BELOW: 0 0.50 INCH OR MORE: 0
MIN 0 OR BELOW: 0 1.00 INCH OR MORE: 0
[HDD (BASE 65) ]
TOTAL THIS MO. 15 CLEAR (SCALE 0-3) 20
DPTR FM NORMAL 7 PTCLDY (SCALE 4-7) 10
TOTAL FM JUL 1 4547 CLOUDY (SCALE 8-10) 0
DPTR FM NORMAL -264
[CDD (BASE 65) ]
TOTAL THIS MO. 403
DPTR FM NORMAL 92 [PRESSURE DATA]
TOTAL FM JAN 1 597 HIGHEST SLP 30.37 ON 27
DPTR FM NORMAL 158 LOWEST SLP 29.48 ON 13
[REMARKS]
#FINAL-06-22#