000
CXUS53 KDDC 011409
CF6DDC
PRELIMINARY LOCAL CLIMATOLOGICAL DATA (WS FORM: F-6)

                                          STATION:   DODGE CITY KS
                                          MONTH:     JULY
                                          YEAR:      2012
                                          LATITUDE:   37 46 N
                                          LONGITUDE:  99 58 W

  TEMPERATURE IN F:       :PCPN:    SNOW:  WIND      :SUNSHINE: SKY     :PK WND
================================================================================
1   2   3   4   5  6A  6B    7    8   9   10  11  12  13   14  15   16   17  18
                                     12Z  AVG MX 2MIN
DY MAX MIN AVG DEP HDD CDD  WTR  SNW DPTH SPD SPD DIR MIN PSBL S-S WX    SPD DR
================================================================================

 1  98  66  82   4   0  17 0.01  0.0    0 13.7 32 130   M    M   0        39 130
 2  99  72  86   8   0  21 0.00  0.0    0 15.0 24 180   M    M   1        30 180
 3  99  72  86   8   0  21 0.00  0.0    0 16.1 25 170   M    M   1        38 160
 4 101  73  87   8   0  22 0.00  0.0    0 17.0 30 180   M    M   0        41 170
 5 101  74  88   9   0  23 0.00  0.0    0 15.6 26 180   M    M   0        33 180
 6 101  73  87   8   0  22 0.00  0.0    0 12.3 26 170   M    M   0 8      33 180
 7 100  74  87   8   0  22 0.61  0.0    0  7.3 35  60   M    M   3 3      43  60
 8  90  66  78  -1   0  13 0.00  0.0    0  9.9 22  50   M    M   2        28  40
 9  82  66  74  -5   0   9 1.26  0.0    0 10.2 20  50   M    M   8 13     23  50
10  87  65  76  -4   0  11 0.01  0.0    0  7.3 15  40   M    M   7 1      21  70
11  89  60  75  -5   0  10 0.00  0.0    0  5.8 12  50   M    M   0        17  40
12  93  58  76  -4   0  11 0.00  0.0    0  4.8 10 150   M    M   0        16 220
13  97  69  83   3   0  18    T  0.0    0 11.2 22 140   M    M   1        31 140
14  98  65  82   2   0  17 0.00  0.0    0 11.8 21 160   M    M   0        28 160
15  99  69  84   4   0  19 0.00  0.0    0 14.1 23 160   M    M   0        29 140
16  96  69  83   3   0  18 0.00  0.0    0 15.2 22 150   M    M   0        31 140
17 101  71  86   6   0  21 0.00  0.0    0 14.5 25 210   M    M   1        32 220
18 101  71  86   6   0  21 0.00  0.0    0  9.6 17 190   M    M   0        23 200
19 103  72  88   8   0  23 0.00  0.0    0  8.5 23 140   M    M   0 3      28 140
20 104  69  87   7   0  22 0.00  0.0    0  8.9 18 110   M    M   1        37 120
21 103  72  88   8   0  23 0.00  0.0    0 11.7 20 140   M    M   0        23 140
22 101  69  85   5   0  20 0.00  0.0    0 10.0 21 160   M    M   0 8      25 140
23  99  69  84   4   0  19 0.00  0.0    0 11.8 23 150   M    M   0 8      31 150
24 103  75  89   9   0  24 0.00  0.0    0 17.3 28 200   M    M   0        37 210
25 104  74  89   9   0  24 0.03  0.0    0 13.9 31 180   M    M   1 3      39 180
26  96  67  82   2   0  17    T  0.0    0  8.7 17  60   M    M   1        24  60
27 100  65  83   3   0  18 0.00  0.0    0  7.2 16 130   M    M   0 8      21 120
28 103  71  87   7   0  22 0.00  0.0    0 12.3 24 200   M    M   0        32 170
29 105  76  91  11   0  26 0.00  0.0    0 12.7 24 240   M    M   0 8      33 220
30 102  70  86   6   0  21 0.00  0.0    0  9.7 20  20   M    M   0        23  20
31 102  71  87   7   0  22 0.00  0.0    0  8.0 17  20   M    M   1        24  20
================================================================================
SM 3057 2153         0 597 1.92  0.0     352.1          M       28
================================================================================
AV 98.6 69.5                              11.4 FASTST   M    M   1    MAX(MPH)
                                 MISC ---->    35  60                     43  60
================================================================================
NOTES:
# LAST OF SEVERAL OCCURRENCES

COLUMN 17 PEAK WIND IN M.P.H.

PRELIMINARY LOCAL CLIMATOLOGICAL DATA (WS FORM: F-6) , PAGE 2

                                          STATION:  DODGE CITY KS
                                          MONTH:    JULY
                                          YEAR:     2012
                                          LATITUDE:   37 46 N
                                          LONGITUDE:  99 58 W

[TEMPERATURE DATA]      [PRECIPITATION DATA]       SYMBOLS USED IN COLUMN 16

AVERAGE MONTHLY: 84.1   TOTAL FOR MONTH:   1.92    1 = FOG OR MIST
DPTR FM NORMAL:   4.5   DPTR FM NORMAL:   -1.16    2 = FOG REDUCING VISIBILITY
HIGHEST:   105 ON 29    GRTST 24HR  1.26 ON  9- 9      TO 1/4 MILE OR LESS
LOWEST:     58 ON 12                               3 = THUNDER
                        SNOW, ICE PELLETS, HAIL    4 = ICE PELLETS
                        TOTAL MONTH:   0.0 INCH    5 = HAIL
                        GRTST 24HR     0.0         6 = FREEZING RAIN OR DRIZZLE
                        GRTST DEPTH:   0           7 = DUSTSTORM OR SANDSTORM:
                                                       VSBY 1/2 MILE OR LESS
                                                   8 = SMOKE OR HAZE
[NO. OF DAYS WITH]      [WEATHER - DAYS WITH]      9 = BLOWING SNOW
                                                   X = TORNADO
MAX 32 OR BELOW:   0    0.01 INCH OR MORE:   5
MAX 90 OR ABOVE:  28    0.10 INCH OR MORE:   2
MIN 32 OR BELOW:   0    0.50 INCH OR MORE:   2
MIN  0 OR BELOW:   0    1.00 INCH OR MORE:   1

[HDD (BASE 65) ]
TOTAL THIS MO.     0    CLEAR  (SCALE 0-3)  29
DPTR FM NORMAL    -1    PTCLDY (SCALE 4-7)   1
TOTAL FM JUL 1     0    CLOUDY (SCALE 8-10)  1
DPTR FM NORMAL    -1

[CDD (BASE 65) ]
TOTAL THIS MO.   597
DPTR FM NORMAL   145    [PRESSURE DATA]
TOTAL FM JAN 1  1249    HIGHEST SLP 30.12 ON 10
DPTR FM NORMAL   410    LOWEST  SLP 29.58 ON 25

[REMARKS]
#FINAL-07-12#
