000
CXUS53 KDDC 031431
CF6DDC
PRELIMINARY LOCAL CLIMATOLOGICAL DATA (WS FORM: F-6)

                                          STATION:   DODGE CITY KS
                                          MONTH:     MAY
                                          YEAR:      2014
                                          LATITUDE:   37 46 N
                                          LONGITUDE:  99 58 W

  TEMPERATURE IN F:       :PCPN:    SNOW:  WIND      :SUNSHINE: SKY     :PK WND
================================================================================
1   2   3   4   5  6A  6B    7    8   9   10  11  12  13   14  15   16   17  18
                                     12Z  AVG MX 2MIN
DY MAX MIN AVG DEP HDD CDD  WTR  SNW DPTH SPD SPD DIR MIN PSBL S-S WX    SPD DR
================================================================================

 1  62  34  48 -11  17   0 0.00  0.0    0 13.9 28 320   M    M   4        36 320
 2  77  30  54  -6  11   0 0.00  0.0    0  8.8 18 270   M    M   0        27 270
 3  91  47  69   9   0   4 0.00  0.0    0 10.0 21 220   M    M   0        32 220
 4  98  53  76  16   0  11 0.00  0.0    0 11.6 18 240   M    M   0        25 270
 5  84  50  67   6   0   2 0.00  0.0    0 12.1 23 320   M    M   0        29 320
 6  96  43  70   9   0   5 0.00  0.0    0 10.6 33 200   M    M   0 18     44 200
 7  94  56  75  14   0  10    T  0.0    0 17.6 38 210   M    M   0 38     51 230
 8  73  50  62   0   3   0    T  0.0    0 16.2 30 300   M    M   1        34 290
 9  77  38  58  -4   7   0    T  0.0    0 10.4 28 360   M    M   2 8      35 350
10  87  47  67   5   0   2 0.00  0.0    0  9.4 20 130   M    M   0        30 120
11  92  49  71   8   0   6 1.45  0.0    0 21.3 41 350   M    M   4 123    50 320
12  52  39  46 -17  19   0    T  0.0    0 21.1 33 350   M    M   9 1      45 350
13  61  35  48 -15  17   0 0.00  0.0    0 13.2 24 360   M    M   3        33  10
14  66  36  51 -13  14   0 0.00  0.0    0  9.6 20 310   M    M   2        24 310
15  65  38  52 -12  13   0 0.00  0.0    0  7.0 16  40   M    M   1        21  30
16  79  43  61  -3   4   0    T  0.0    0 11.6 32  20   M    M   3        40  30
17  67  41  54 -11  11   0    T  0.0    0 11.2 20 140   M    M   6 1238   29 140
18  82  48  65   0   0   0 0.00  0.0    0 20.6 32 170   M    M   1 18     39 170
19  98  63  81  16   0  16 0.00  0.0    0 17.4 26 230   M    M   0        36 230
20  91  62  77  11   0  12 0.00  0.0    0 11.7 21 220   M    M   0 8      26 220
21  89  57  73   7   0   8 0.06  0.0    0 10.8 21  30   M    M   0 138    28 190
22  88  58  73   7   0   8 0.00  0.0    0 11.0 37 270   M    M   1 38     45 280
23  76  59  68   2   0   3 0.01  0.0    0  7.6 28 260   M    M   6 3      35 250
24  79  60  70   3   0   5    T  0.0    0  6.1 16 170   M    M   6 18     20 170
25  78  59  69   2   0   4 0.12  0.0    0 12.4 20 190   M    M   3 1      25 190
26  79  54  67   0   0   2    T  0.0    0  8.4 18 160   M    M   3        23 160
27  86  56  71   3   0   6 0.00  0.0    0  6.4 13  90   M    M   1        16 130
28  92  58  75   7   0  10 0.00  0.0    0  8.3 21  80   M    M   0 18     27  80
29  93  60  77   9   0  12 0.00  0.0    0  7.3 15  80   M    M   1        22  90
30  90  62  76   7   0  11 0.00  0.0    0 10.4 20 120   M    M   1        25 110
31  89  64  77   8   0  12 0.03  0.0    0 10.8 20 150   M    M   3 1      24 160
================================================================================
SM 2531 1549       116 149 1.67  0.0     364.8          M       61
================================================================================
AV 81.6 50.0                              11.8 FASTST   M    M   2      MAX(MPH)
                                 MISC ---->    41 350                     51 230
================================================================================
NOTES:
# LAST OF SEVERAL OCCURRENCES

COLUMN 17 PEAK WIND IN M.P.H.

PRELIMINARY LOCAL CLIMATOLOGICAL DATA (WS FORM: F-6) , PAGE 2

                                          STATION:  DODGE CITY KS
                                          MONTH:    MAY
                                          YEAR:     2014
                                          LATITUDE:   37 46 N
                                          LONGITUDE:  99 58 W

[TEMPERATURE DATA]      [PRECIPITATION DATA]       SYMBOLS USED IN COLUMN 16

AVERAGE MONTHLY: 65.8   TOTAL FOR MONTH:   1.67    1 = FOG OR MIST
DPTR FM NORMAL:   1.6   DPTR FM NORMAL:   -1.18    2 = FOG REDUCING VISIBILITY
HIGHEST:    98 ON 19, 4 GRTST 24HR  1.45 ON 11-11      TO 1/4 MILE OR LESS
LOWEST:     30 ON  2                               3 = THUNDER
                        SNOW, ICE PELLETS, HAIL    4 = ICE PELLETS
                        TOTAL MONTH:   0.0 INCH    5 = HAIL
                        GRTST 24HR     0.0         6 = FREEZING RAIN OR DRIZZLE
                        GRTST DEPTH:   0           7 = DUSTSTORM OR SANDSTORM:
                                                       VSBY 1/2 MILE OR LESS
                                                   8 = SMOKE OR HAZE
[NO. OF DAYS WITH]      [WEATHER - DAYS WITH]      9 = BLOWING SNOW
                                                   X = TORNADO
MAX 32 OR BELOW:   0    0.01 INCH OR MORE:   5
MAX 90 OR ABOVE:  10    0.10 INCH OR MORE:   2
MIN 32 OR BELOW:   1    0.50 INCH OR MORE:   1
MIN  0 OR BELOW:   0    1.00 INCH OR MORE:   1

[HDD (BASE 65) ]
TOTAL THIS MO.   116    CLEAR  (SCALE 0-3)  23
DPTR FM NORMAL     1    PTCLDY (SCALE 4-7)   7
TOTAL FM JUL 1  5371    CLOUDY (SCALE 8-10)  1
DPTR FM NORMAL   417

[CDD (BASE 65) ]
TOTAL THIS MO.   149
DPTR FM NORMAL    59    [PRESSURE DATA]
TOTAL FM JAN 1   172    HIGHEST SLP 30.37 ON 13
DPTR FM NORMAL    63    LOWEST  SLP 29.30 ON 11

[REMARKS]
#FINAL-05-14#
