000
CXUS53 KDDC 011743
CF6DDC
PRELIMINARY LOCAL CLIMATOLOGICAL DATA (WS FORM: F-6)
STATION: DODGE CITY KS
MONTH: FEBRUARY
YEAR: 2021
LATITUDE: 37 46 N
LONGITUDE: 99 58 W
TEMPERATURE IN F: :PCPN: SNOW: WIND :SUNSHINE: SKY :PK WND
================================================================================
1 2 3 4 5 6A 6B 7 8 9 10 11 12 13 14 15 16 17 18
12Z AVG MX 2MIN
DY MAX MIN AVG DEP HDD CDD WTR SNW DPTH SPD SPD DIR MIN PSBL S-S WX SPD DR
================================================================================
1 59 21 40 7 25 0 0.00 0.0 0 11.5 21 160 M M 0 27 200
2 60 30 45 12 20 0 0.00 0.0 0 9.3 17 160 M M 0 22 160
3 65 27 46 13 19 0 0.00 0.0 0 14.8 23 170 M M 0 29 170
4 50 25 38 4 27 0 0.01 0.1 T 18.1 47 360 M M 2 18 64 360
5 52 27 40 6 25 0 0.00 0.0 0 7.3 14 100 M M 5 19 290
6 37 15 26 -8 39 0 T T 0 14.1 28 30 M M 9 34 30
7 23 14 19 -15 46 0 T T 0 12.0 22 50 M M 10 12 26 60
8 17 9 13 -21 52 0 0.01 0.5 T 14.4 21 40 M M 10 1689 29 40
9 14 9 12 -22 53 0 0.02 1.3 1 9.2 15 30 M M 10 18 18 30
10 16 7 12 -23 53 0 T T 2 12.1 18 30 M M 7 18 24 30
11 16 3 10 -25 55 0 T T 1 11.7 18 20 M M 7 18 25 20
12 10 0 5 -30 60 0 0.00 0.0 1 14.4 22 30 M M 7 18 28 20
13 13 -1 6 -29 59 0 T 0.2 T 13.6 23 50 M M 10 8 27 50
14 3 -11 -4 -40 69 0 0.05 2.0 2 16.8 25 30 M M 8 8 30 20
15 5 -14 -4 -40 69 0 0.00 0.0 1 9.0 17 30 M M 2 23 10
16 10 -8 1 -35 64 0 T T 1 15.0 25 160 M M 6 18 31 160
17 22 4 13 -23 52 0 T 0.2 1 5.8 14 170 M M 9 18 16 170
18 30 6 18 -19 47 0 0.00 0.0 T 6.7 15 360 M M 8 18 19 350
19 46 9 28 -9 37 0 0.00 0.0 T 10.1 18 190 M M 0 18 28 210
20 59 21 40 3 25 0 0.00 0.0 0 15.5 29 160 M M 0 18 37 180
21 51 21 36 -1 29 0 0.00 0.0 0 14.1 31 350 M M 2 1 46 320
22 66 22 44 6 21 0 0.00 0.0 0 10.5 16 280 M M 0 22 290
23 74 24 49 11 16 0 0.00 0.0 0 13.8 33 20 M M 0 8 46 30
24 51 27 39 1 26 0 0.00 0.0 0 13.4 29 360 M M 1 8 39 360
25 43 22 33 -6 32 0 0.00 0.0 0 6.1 13 160 M M 7 16 130
26 57 18 38 -1 27 0 0.00 0.0 0 10.6 23 190 M M 0 32 190
27 76 26 51 12 14 0 0.00 0.0 0 18.1 33 230 M M 0 8 46 210
28 48 19 34 -6 31 0 0.00 0.0 0 14.4 29 350 M M 0 38 340
================================================================================
SM 1073 372 1092 0 0.09 4.3 342.4 M 120
================================================================================
AV 38.3 13.3 12.2 FASTST M M 4 MAX(MPH)
MISC ----> 47 360 64 360
================================================================================
NOTES:
# LAST OF SEVERAL OCCURRENCES
COLUMN 17 PEAK WIND IN M.P.H.
PRELIMINARY LOCAL CLIMATOLOGICAL DATA (WS FORM: F-6) , PAGE 2
STATION: DODGE CITY KS
MONTH: FEBRUARY
YEAR: 2021
LATITUDE: 37 46 N
LONGITUDE: 99 58 W
[TEMPERATURE DATA] [PRECIPITATION DATA] SYMBOLS USED IN COLUMN 16
AVERAGE MONTHLY: 25.8 TOTAL FOR MONTH: 0.09 1 = FOG OR MIST
DPTR FM NORMAL: -10.1 DPTR FM NORMAL: -0.59 2 = FOG REDUCING VISIBILITY
HIGHEST: 76 ON 27 GRTST 24HR 0.05 ON 14-14 TO 1/4 MILE OR LESS
LOWEST: -14 ON 15 3 = THUNDER
SNOW, ICE PELLETS, HAIL 4 = ICE PELLETS
TOTAL MONTH: 4.3 INCHES 5 = HAIL
GRTST 24HR 2.2 ON 13-14 6 = FREEZING RAIN OR DRIZZLE
GRTST DEPTH: 2 ON 14,10 7 = DUSTSTORM OR SANDSTORM:
VSBY 1/2 MILE OR LESS
8 = SMOKE OR HAZE
[NO. OF DAYS WITH] [WEATHER - DAYS WITH] 9 = BLOWING SNOW
X = TORNADO
MAX 32 OR BELOW: 12 0.01 INCH OR MORE: 4
MAX 90 OR ABOVE: 0 0.10 INCH OR MORE: 0
MIN 32 OR BELOW: 28 0.50 INCH OR MORE: 0
MIN 0 OR BELOW: 5 1.00 INCH OR MORE: 0
[HDD (BASE 65) ]
TOTAL THIS MO. 1092 CLEAR (SCALE 0-3) 14
DPTR FM NORMAL 277 PTCLDY (SCALE 4-7) 8
TOTAL FM JUL 1 3831 CLOUDY (SCALE 8-10) 6
DPTR FM NORMAL -15
[CDD (BASE 65) ]
TOTAL THIS MO. 0
DPTR FM NORMAL 0 [PRESSURE DATA]
TOTAL FM JAN 1 0 HIGHEST SLP 30.63 ON 14
DPTR FM NORMAL 0 LOWEST SLP 29.43 ON 4
[REMARKS]
#FINAL-02-21#