000
CXUS53 KDDC 021841
CF6DDC
PRELIMINARY LOCAL CLIMATOLOGICAL DATA (WS FORM: F-6)
STATION: DODGE CITY KS
MONTH: OCTOBER
YEAR: 2020
LATITUDE: 37 46 N
LONGITUDE: 99 58 W
TEMPERATURE IN F: :PCPN: SNOW: WIND :SUNSHINE: SKY :PK WND
================================================================================
1 2 3 4 5 6A 6B 7 8 9 10 11 12 13 14 15 16 17 18
12Z AVG MX 2MIN
DY MAX MIN AVG DEP HDD CDD WTR SNW DPTH SPD SPD DIR MIN PSBL S-S WX SPD DR
================================================================================
1 70 40 55 -7 10 0 0.00 0.0 0 9.3 22 20 M M 1 8 29 30
2 80 40 60 -2 5 0 0.00 0.0 0 12.8 26 190 M M 0 8 37 210
3 76 46 61 -1 4 0 0.00 0.0 0 12.1 23 360 M M 0 31 360
4 79 41 60 -1 5 0 0.00 0.0 0 13.6 23 180 M M 0 8 33 170
5 85 53 69 8 0 4 0.00 0.0 0 12.8 29 210 M M 0 8 38 210
6 87 48 68 8 0 3 0.00 0.0 0 7.8 15 10 M M 0 8 21 350
7 96 58 77 17 0 12 0.00 0.0 0 13.3 22 180 M M 0 8 31 190
8 90 56 73 13 0 8 0.00 0.0 0 12.8 22 150 M M 0 18 28 150
9 91 57 74 15 0 9 0.00 0.0 0 13.6 28 200 M M 0 8 38 210
10 88 47 68 9 0 3 0.00 0.0 0 10.4 18 160 M M 0 8 26 150
11 95 56 76 18 0 11 0.00 0.0 0 18.9 44 350 M M 1 18 61 350
12 76 40 58 0 7 0 0.00 0.0 0 10.2 20 200 M M 0 31 220
13 80 37 59 1 6 0 0.00 0.0 0 8.8 20 40 M M 0 8 27 50
14 89 49 69 12 0 4 0.00 0.0 0 16.1 29 30 M M 0 8 39 10
15 53 40 47 -10 18 0 0.00 0.0 0 8.9 21 10 M M 7 8 27 10
16 66 42 54 -3 11 0 0.00 0.0 0 13.2 30 200 M M 4 8 42 200
17 80 46 63 7 2 0 0.00 0.0 0 10.5 25 190 M M 0 36 200
18 49 37 43 -13 22 0 0.00 0.0 0 17.8 33 20 M M 8 8 43 20
19 56 35 46 -9 19 0 0.00 0.0 0 5.0 13 130 M M 5 8 15 130
20 64 33 49 -6 16 0 0.00 0.0 0 8.9 18 160 M M 3 18 23 170
21 58 37 48 -7 17 0 0.00 0.0 0 8.1 15 130 M M 9 128 21 130
22 84 36 60 6 5 0 T 0.0 0 21.9 33 10 M M 4 18 43 20
23 47 23 35 -19 30 0 T 0.0 0 17.8 30 350 M M 5 1 41 360
24 53 22 38 -16 27 0 0.00 0.0 0 13.9 23 160 M M 0 1 31 160
25 34 23 29 -24 36 0 0.01 T 0 17.8 25 10 M M 9 168 33 20
26 23 18 21 -32 44 0 0.13 0.6 1 18.0 30 20 M M 10 18 37 20
27 35 18 27 -25 38 0 0.13 0.9 1 5.8 18 360 M M 10 1 25 360
28 43 32 38 -14 27 0 1.07 0.0 0 8.7 22 10 M M 10 1 30 360
29 57 34 46 -6 19 0 T 0.0 0 12.8 24 350 M M 0 8 34 360
30 70 37 54 3 11 0 0.00 0.0 0 11.8 20 180 M M 0 8 28 170
31 71 37 54 3 11 0 0.00 0.0 0 14.9 26 10 M M 0 35 360
================================================================================
SM 2125 1218 390 54 1.34 1.5 388.3 M 86
================================================================================
AV 68.5 39.3 12.5 FASTST M M 3 MAX(MPH)
MISC ----> 44 350 61 350
================================================================================
NOTES:
# LAST OF SEVERAL OCCURRENCES
COLUMN 17 PEAK WIND IN M.P.H.
PRELIMINARY LOCAL CLIMATOLOGICAL DATA (WS FORM: F-6) , PAGE 2
STATION: DODGE CITY KS
MONTH: OCTOBER
YEAR: 2020
LATITUDE: 37 46 N
LONGITUDE: 99 58 W
[TEMPERATURE DATA] [PRECIPITATION DATA] SYMBOLS USED IN COLUMN 16
AVERAGE MONTHLY: 53.9 TOTAL FOR MONTH: 1.34 1 = FOG OR MIST
DPTR FM NORMAL: -2.7 DPTR FM NORMAL: -0.40 2 = FOG REDUCING VISIBILITY
HIGHEST: 96 ON 7 GRTST 24HR 1.07 ON 28-28 TO 1/4 MILE OR LESS
LOWEST: 18 ON 27,26 3 = THUNDER
SNOW, ICE PELLETS, HAIL 4 = ICE PELLETS
TOTAL MONTH: 1.5 INCHES 5 = HAIL
GRTST 24HR 0.9 ON 26-27 6 = FREEZING RAIN OR DRIZZLE
GRTST DEPTH: 1 ON 27,26 7 = DUSTSTORM OR SANDSTORM:
VSBY 1/2 MILE OR LESS
8 = SMOKE OR HAZE
[NO. OF DAYS WITH] [WEATHER - DAYS WITH] 9 = BLOWING SNOW
X = TORNADO
MAX 32 OR BELOW: 1 0.01 INCH OR MORE: 4
MAX 90 OR ABOVE: 4 0.10 INCH OR MORE: 3
MIN 32 OR BELOW: 6 0.50 INCH OR MORE: 1
MIN 0 OR BELOW: 0 1.00 INCH OR MORE: 1
[HDD (BASE 65) ]
TOTAL THIS MO. 390 CLEAR (SCALE 0-3) 20
DPTR FM NORMAL 99 PTCLDY (SCALE 4-7) 6
TOTAL FM JUL 1 457 CLOUDY (SCALE 8-10) 5
DPTR FM NORMAL 101
[CDD (BASE 65) ]
TOTAL THIS MO. 54
DPTR FM NORMAL 25 [PRESSURE DATA]
TOTAL FM JAN 1 1583 HIGHEST SLP 30.48 ON 26
DPTR FM NORMAL 121 LOWEST SLP 29.44 ON 11
[REMARKS]
#FINAL-10-20#