972
CXUS53 KDDC 031556
CF6DDC
PRELIMINARY LOCAL CLIMATOLOGICAL DATA (WS FORM: F-6)

                                          STATION:   DODGE CITY KS
                                          MONTH:     OCTOBER
                                          YEAR:      2015
                                          LATITUDE:   37 46 N
                                          LONGITUDE:  99 58 W

  TEMPERATURE IN F:       :PCPN:    SNOW:  WIND      :SUNSHINE: SKY     :PK WND
================================================================================
1   2   3   4   5  6A  6B    7    8   9   10  11  12  13   14  15   16   17  18
                                     12Z  AVG MX 2MIN
DY MAX MIN AVG DEP HDD CDD  WTR  SNW DPTH SPD SPD DIR MIN PSBL S-S WX    SPD DR
================================================================================

 1  69  54  62   0   3   0 0.00  0.0    0 10.1 22 160   M    M   5 1      27 140
 2  61  46  54  -8  11   0 0.01  0.0    0  8.4 18 150   M    M   7 3      22 140
 3  57  46  52 -10  13   0 0.05  0.0    0 12.6 21 130   M    M  10 13     26 130
 4  66  52  59  -2   6   0    T  0.0    0 10.3 17 160   M    M   9        20 150
 5  69  52  61   0   4   0 0.00  0.0    0 11.1 20 180   M    M   8        26 170
 6  75  50  63   3   2   0 0.00  0.0    0  9.8 21 160   M    M   3 1      24 150
 7  71  55  63   3   2   0 0.32  0.0    0 11.5 20 200   M    M   4 13     24 160
 8  83  55  69   9   0   4 0.00  0.0    0 10.0 23  30   M    M   1 1      31  30
 9  70  51  61   2   4   0 0.29  0.0    0  7.5 14  30   M    M   3 18     19  30
10  82  48  65   6   0   0 0.00  0.0    0 11.7 22 200   M    M   1 8      28 210
11  91  53  72  14   0   7 0.00  0.0    0  9.8 17 320   M    M   0        22 320
12  77  50  64   6   1   0 0.00  0.0    0 12.8 28  10   M    M   0 8      37  10
13  89  43  66   8   0   1 0.00  0.0    0  6.9 15 260   M    M   0 8      19 260
14  85  43  64   7   1   0 0.00  0.0    0  9.2 17 130   M    M   0        22 140
15  77  46  62   5   3   0 0.00  0.0    0 13.5 28  50   M    M   0        37  50
16  67  37  52  -5  13   0 0.00  0.0    0  8.5 15 140   M    M   1        21 140
17  70  49  60   4   5   0 0.00  0.0    0 17.0 26 170   M    M   4        32 160
18  81  47  64   8   1   0 0.00  0.0    0 21.9 36 190   M    M   0        46 220
19  82  53  68  13   0   3 0.00  0.0    0 22.3 35 180   M    M   0        46 190
20  86  58  72  17   0   7    T  0.0    0 15.0 35 220   M    M   1 38     45 210
21  63  52  58   3   7   0 0.11  0.0    0 10.1 17  40   M    M   7 13     23  40
22  65  52  59   5   6   0 1.81  0.0    0 16.3 25 180   M    M   9 13     35 110
23  68  47  58   4   7   0 0.00  0.0    0 15.8 25 320   M    M   4        33 310
24  62  37  50  -4  15   0 0.00  0.0    0  6.7 14 360   M    M   0 8      18  10
25  66  35  51  -2  14   0 0.00  0.0    0  8.7 15 170   M    M   0        17 140
26  64  37  51  -2  14   0 0.00  0.0    0 11.0 18 140   M    M   0        23 150
27  65  40  53   1  12   0 0.04  0.0    0  9.5 35 290   M    M   2 8      42 290
28  62  41  52   0  13   0    T  0.0    0 11.4 25 320   M    M   2        33 320
29  55  30  43  -9  22   0 0.00  0.0    0  8.3 21  10   M    M   0        26  10
30  44  40  42  -9  23   0 0.59  0.0    0  8.7 16 120   M    M   9 1      20 120
31  68  40  54   3  11   0 0.00  0.0    0 10.2 21 310   M    M   4 18     29 320
================================================================================
SM 2190 1439       213  22 3.22  0.0     356.6          M       94
================================================================================
AV 70.6 46.4                              11.5 FASTST   M    M   3      MAX(MPH)
                                 MISC ---->    36 190                   # 46 190
================================================================================
NOTES:
# LAST OF SEVERAL OCCURRENCES

COLUMN 17 PEAK WIND IN M.P.H.

PRELIMINARY LOCAL CLIMATOLOGICAL DATA (WS FORM: F-6) , PAGE 2

                                          STATION:  DODGE CITY KS
                                          MONTH:    OCTOBER
                                          YEAR:     2015
                                          LATITUDE:   37 46 N
                                          LONGITUDE:  99 58 W

[TEMPERATURE DATA]      [PRECIPITATION DATA]       SYMBOLS USED IN COLUMN 16

AVERAGE MONTHLY: 58.5   TOTAL FOR MONTH:   3.22    1 = FOG OR MIST
DPTR FM NORMAL:   1.9   DPTR FM NORMAL:    1.48    2 = FOG REDUCING VISIBILITY
HIGHEST:    91 ON 11    GRTST 24HR  1.92 ON 21-22      TO 1/4 MILE OR LESS
LOWEST:     30 ON 29                               3 = THUNDER
                        SNOW, ICE PELLETS, HAIL    4 = ICE PELLETS
                        TOTAL MONTH:   0.0 INCH    5 = HAIL
                        GRTST 24HR     0.0         6 = FREEZING RAIN OR DRIZZLE
                        GRTST DEPTH:   0           7 = DUSTSTORM OR SANDSTORM:
                                                       VSBY 1/2 MILE OR LESS
                                                   8 = SMOKE OR HAZE
[NO. OF DAYS WITH]      [WEATHER - DAYS WITH]      9 = BLOWING SNOW
                                                   X = TORNADO
MAX 32 OR BELOW:   0    0.01 INCH OR MORE:   8
MAX 90 OR ABOVE:   1    0.10 INCH OR MORE:   5
MIN 32 OR BELOW:   1    0.50 INCH OR MORE:   2
MIN  0 OR BELOW:   0    1.00 INCH OR MORE:   1

[HDD (BASE 65) ]
TOTAL THIS MO.   213    CLEAR  (SCALE 0-3)  18
DPTR FM NORMAL   -78    PTCLDY (SCALE 4-7)   8
TOTAL FM JUL 1   226    CLOUDY (SCALE 8-10)  5
DPTR FM NORMAL  -130

[CDD (BASE 65) ]
TOTAL THIS MO.    22
DPTR FM NORMAL    -7    [PRESSURE DATA]
TOTAL FM JAN 1  1512    HIGHEST SLP 30.52 ON 16
DPTR FM NORMAL    50    LOWEST  SLP 29.59 ON 11

[REMARKS]
#FINAL-10-15#
