000
CXUS53 KDDC 020048
CF6DDC
PRELIMINARY LOCAL CLIMATOLOGICAL DATA (WS FORM: F-6)

                                          STATION:   DODGE CITY KS
                                          MONTH:     MAY
                                          YEAR:      2017
                                          LATITUDE:   37 46 N
                                          LONGITUDE:  99 58 W

  TEMPERATURE IN F:       :PCPN:    SNOW:  WIND      :SUNSHINE: SKY     :PK WND
================================================================================
1   2   3   4   5  6A  6B    7    8   9   10  11  12  13   14  15   16   17  18
                                     12Z  AVG MX 2MIN
DY MAX MIN AVG DEP HDD CDD  WTR  SNW DPTH SPD SPD DIR MIN PSBL S-S WX    SPD DR
================================================================================

 1  67  34  51  -8  14   0 0.00  0.0    0 14.5 22 290   M    M   0        27 290
 2  67  39  53  -7  12   0 0.28  0.0    0 11.2 24  20   M    M   3 13     34 350
 3  63  43  53  -7  12   0 0.29  0.0    0 12.1 29 320   M    M   8 1      37 320
 4  68  38  53  -7  12   0 0.00  0.0    0 11.0 22 350   M    M   0        30 360
 5  76  42  59  -2   6   0 0.00  0.0    0  6.3 13 210   M    M   0 8      18 220
 6  82  51  67   6   0   2 0.00  0.0    0 10.8 16 150   M    M   0 8      22 150
 7  86  55  71  10   0   6 0.00  0.0    0 17.9 30 180   M    M   0        38 190
 8  82  50  66   4   0   1 0.00  0.0    0 13.4 25 170   M    M   0        36 190
 9  80  56  68   6   0   3 0.00  0.0    0 10.0 25 290   M    M   4        34 280
10  74  55  65   3   0   0 0.39  0.0    0  7.9 26 300   M    M   3 13     32 300
11  64  46  55  -8  10   0 0.51  0.0    0 16.2 26 360   M    M   7 13     32 360
12  72  40  56  -7   9   0 0.00  0.0    0  8.9 18  50   M    M   0        24  40
13  79  44  62  -1   3   0 0.00  0.0    0 17.0 31 180   M    M   0        39 170
14  89  57  73   9   0   8    T  0.0    0 15.0 37 160   M    M   0        44 160
15  90  62  76  12   0  11 0.14  0.0    0 15.3 35 190   M    M   1 3      45 200
16  84  62  73   9   0   8 0.54  0.0    0 16.1 39 200   M    M   2 13     53 200
17  77  50  64  -1   1   0 0.00  0.0    0 12.3 33 310   M    M   2        38 300
18  81  52  67   2   0   2 1.29  0.0    0 16.4 35  10   M    M   6 13     44  10
19  58  48  53 -12  12   0 0.96  0.0    0 16.9 28 350   M    M  10 123    35 360
20  62  41  52 -14  13   0 0.00  0.0    0 15.9 28 320   M    M   7        36 320
21  69  39  54 -12  11   0 0.02  0.0    0  7.1 12 230   M    M   5        15 210
22  65  48  57  -9   8   0 0.10  0.0    0  8.7 24 340   M    M   4 1      32 350
23  66  42  54 -12  11   0    T  0.0    0 13.3 26 360   M    M   5        38 320
24  73  40  57 -10   8   0 0.00  0.0    0  9.2 20 160   M    M   0        25 140
25  86  51  69   2   0   4 0.00  0.0    0 17.6 36  30   M    M   0 3      46  40
26  81  53  67   0   0   2 0.00  0.0    0 11.8 22  30   M    M   0        28 330
27  78  56  67  -1   0   2 0.05  0.0    0 13.2 24  20   M    M   7 13     31  10
28  80  49  65  -3   0   0 0.00  0.0    0  9.1 21 300   M    M   1        28 320
29  81  50  66  -2   0   1 0.01  0.0    0  9.3 32 250   M    M   1 3      42 270
30  81  54  68  -1   0   3 0.04  0.0    0  7.8 14 230   M    M   2 1      17 230
31  87  58  73   4   0   8 0.00  0.0    0 11.0 29 160   M    M   1 8      39 160
================================================================================
SM 2348 1505       142  61 4.62  0.0     383.2          M       79
================================================================================
AV 75.7 48.5                              12.4 FASTST   M    M   3      MAX(MPH)
                                 MISC ---->    39 200                     53 200
================================================================================
NOTES:
# LAST OF SEVERAL OCCURRENCES

COLUMN 17 PEAK WIND IN M.P.H.

PRELIMINARY LOCAL CLIMATOLOGICAL DATA (WS FORM: F-6) , PAGE 2

                                          STATION:  DODGE CITY KS
                                          MONTH:    MAY
                                          YEAR:     2017
                                          LATITUDE:   37 46 N
                                          LONGITUDE:  99 58 W

[TEMPERATURE DATA]      [PRECIPITATION DATA]       SYMBOLS USED IN COLUMN 16

AVERAGE MONTHLY: 62.1   TOTAL FOR MONTH:   4.62    1 = FOG OR MIST
DPTR FM NORMAL:  -2.1   DPTR FM NORMAL:    1.77    2 = FOG REDUCING VISIBILITY
HIGHEST:    90 ON 15    GRTST 24HR  1.29 ON 18-18      TO 1/4 MILE OR LESS
LOWEST:     34 ON  1                               3 = THUNDER
                        SNOW, ICE PELLETS, HAIL    4 = ICE PELLETS
                        TOTAL MONTH:   0.0 INCH    5 = HAIL
                        GRTST 24HR     0.0         6 = FREEZING RAIN OR DRIZZLE
                        GRTST DEPTH:   0           7 = DUSTSTORM OR SANDSTORM:
                                                       VSBY 1/2 MILE OR LESS
                                                   8 = SMOKE OR HAZE
[NO. OF DAYS WITH]      [WEATHER - DAYS WITH]      9 = BLOWING SNOW
                                                   X = TORNADO
MAX 32 OR BELOW:   0    0.01 INCH OR MORE:  13
MAX 90 OR ABOVE:   1    0.10 INCH OR MORE:   9
MIN 32 OR BELOW:   0    0.50 INCH OR MORE:   4
MIN  0 OR BELOW:   0    1.00 INCH OR MORE:   1

[HDD (BASE 65) ]
TOTAL THIS MO.   142    CLEAR  (SCALE 0-3)  21
DPTR FM NORMAL    27    PTCLDY (SCALE 4-7)   9
TOTAL FM JUL 1  4170    CLOUDY (SCALE 8-10)  1
DPTR FM NORMAL  -784

[CDD (BASE 65) ]
TOTAL THIS MO.    61
DPTR FM NORMAL   -29    [PRESSURE DATA]
TOTAL FM JAN 1   102    HIGHEST SLP 30.21 ON  4
DPTR FM NORMAL    -7    LOWEST  SLP 29.25 ON 17

[REMARKS]
#FINAL-05-17#
