000
CXUS53 KDDC 012144
CF6DDC
PRELIMINARY LOCAL CLIMATOLOGICAL DATA (WS FORM: F-6)

                                          STATION:   DODGE CITY KS
                                          MONTH:     APRIL
                                          YEAR:      2017
                                          LATITUDE:   37 46 N
                                          LONGITUDE:  99 58 W

  TEMPERATURE IN F:       :PCPN:    SNOW:  WIND      :SUNSHINE: SKY     :PK WND
================================================================================
1   2   3   4   5  6A  6B    7    8   9   10  11  12  13   14  15   16   17  18
                                     12Z  AVG MX 2MIN
DY MAX MIN AVG DEP HDD CDD  WTR  SNW DPTH SPD SPD DIR MIN PSBL S-S WX    SPD DR
================================================================================

 1  42  39  41  -8  24   0 2.51  0.0    0 11.7 23  40   M    M   7 13     28  40
 2  57  40  49   0  16   0 0.00  0.0    0  6.7 13 320   M    M   7 1      17 320
 3  70  41  56   6   9   0    T  0.0    0 11.2 22 320   M    M   4 12     28 320
 4  48  40  44  -6  21   0 1.16  0.0    0 16.5 30  30   M    M  10 1      36  30
 5  60  37  49  -1  16   0    T  0.0    0 15.0 31 320   M    M   3        40 320
 6  63  33  48  -3  17   0 0.00  0.0    0  7.4 15  80   M    M   1        19 110
 7  77  41  59   8   6   0 0.00  0.0    0 19.7 32 170   M    M   0        39 170
 8  85  50  68  17   0   3 0.00  0.0    0 11.5 20 180   M    M   0        28 180
 9  83  49  66  14   0   1 0.00  0.0    0 14.7 26 350   M    M   0        39 230
10  67  39  53   1  12   0 0.00  0.0    0 14.5 33 320   M    M   0        45 320
11  73  34  54   2  11   0 0.00  0.0    0 13.1 24 170   M    M   0        29 150
12  79  49  64  11   1   0 0.00  0.0    0 17.6 30 170   M    M   1        38 170
13  69  57  63  10   2   0    T  0.0    0 14.8 26 140   M    M   5        32 150
14  84  56  70  17   0   5 0.00  0.0    0 24.5 37 170   M    M   5 1      48 200
15  84  58  71  17   0   6 0.08  0.0    0 13.3 31 100   M    M   1 138    41 100
16  59  52  56   2   9   0 0.29  0.0    0 12.4 23 120   M    M   8 123    29  70
17  71  52  62   8   3   0 0.00  0.0    0 12.6 25 160   M    M   8 1      31 150
18  87  56  72  17   0   7 0.00  0.0    0 18.4 29 160   M    M   1 1      35 160
19  88  60  74  19   0   9 0.00  0.0    0 17.9 29  10   M    M   1        37  10
20  72  52  62   7   3   0 0.00  0.0    0 12.7 24  10   M    M   5        31  40
21  55  38  47  -9  18   0 0.46  0.0    0 13.8 29 100   M    M   8 1      37 100
22  60  37  49  -7  16   0 0.00  0.0    0 10.6 22  20   M    M   4        29  30
23  69  34  52  -4  13   0 0.00  0.0    0 14.8 28 180   M    M   0        36 170
24  82  49  66   9   0   1 0.00  0.0    0 15.7 35 190   M    M   0        42 190
25  59  42  51  -6  14   0 0.01  0.0    0 13.9 28  20   M    M   5 1      35  20
26  59  38  49  -9  16   0    T  0.0    0 16.1 30 350   M    M   4        38 350
27  65  36  51  -7  14   0    T  0.0    0 15.2 31 140   M    M   5        38 140
28  68  39  54  -4  11   0 0.52  0.0    0 13.4 29  10   M    M   5 1      38 360
29  40  34  37 -22  28   0 1.80    T    0 26.2 36  10   M    M  10 13     47  10
30  37  32  35 -24  30   0 0.83  2.5    1 25.5 39 350   M    M  10 1      51 360
================================================================================
SM 2012 1314       310  32 7.66  2.5     451.4          M      118
================================================================================
AV 67.1 43.8                              15.0 FASTST   M    M   4      MAX(MPH)
                                 MISC ---->    39 350                     51 360
================================================================================
NOTES:
# LAST OF SEVERAL OCCURRENCES

COLUMN 17 PEAK WIND IN M.P.H.

PRELIMINARY LOCAL CLIMATOLOGICAL DATA (WS FORM: F-6) , PAGE 2

                                          STATION:  DODGE CITY KS
                                          MONTH:    APRIL
                                          YEAR:     2017
                                          LATITUDE:   37 46 N
                                          LONGITUDE:  99 58 W

[TEMPERATURE DATA]      [PRECIPITATION DATA]       SYMBOLS USED IN COLUMN 16

AVERAGE MONTHLY: 55.5   TOTAL FOR MONTH:   7.66    1 = FOG OR MIST
DPTR FM NORMAL:   1.6   DPTR FM NORMAL:    5.84    2 = FOG REDUCING VISIBILITY
HIGHEST:    88 ON 19    GRTST 24HR  2.51 ON  1- 1      TO 1/4 MILE OR LESS
LOWEST:     32 ON 30                               3 = THUNDER
                        SNOW, ICE PELLETS, HAIL    4 = ICE PELLETS
                        TOTAL MONTH:   2.5 INCHES  5 = HAIL
                        GRTST 24HR   2.5 ON 30-30  6 = FREEZING RAIN OR DRIZZLE
                        GRTST DEPTH:   1 ON 30     7 = DUSTSTORM OR SANDSTORM:
                                                       VSBY 1/2 MILE OR LESS
                                                   8 = SMOKE OR HAZE
[NO. OF DAYS WITH]      [WEATHER - DAYS WITH]      9 = BLOWING SNOW
                                                   X = TORNADO
MAX 32 OR BELOW:   0    0.01 INCH OR MORE:   9
MAX 90 OR ABOVE:   0    0.10 INCH OR MORE:   7
MIN 32 OR BELOW:   1    0.50 INCH OR MORE:   5
MIN  0 OR BELOW:   0    1.00 INCH OR MORE:   3

[HDD (BASE 65) ]
TOTAL THIS MO.   310    CLEAR  (SCALE 0-3)  13
DPTR FM NORMAL   -42    PTCLDY (SCALE 4-7)  12
TOTAL FM JUL 1  4028    CLOUDY (SCALE 8-10)  5
DPTR FM NORMAL  -811

[CDD (BASE 65) ]
TOTAL THIS MO.    32
DPTR FM NORMAL    14    [PRESSURE DATA]
TOTAL FM JAN 1    41    HIGHEST SLP 30.33 ON 11
DPTR FM NORMAL    22    LOWEST  SLP 29.27 ON 25

[REMARKS]
#FINAL-04-17#
