000
CXUS53 KDDC 031509
CF6DDC
PRELIMINARY LOCAL CLIMATOLOGICAL DATA (WS FORM: F-6)
STATION: DODGE CITY KS
MONTH: DECEMBER
YEAR: 2022
LATITUDE: 37 46 N
LONGITUDE: 99 58 W
TEMPERATURE IN F: :PCPN: SNOW: WIND :SUNSHINE: SKY :PK WND
================================================================================
1 2 3 4 5 6A 6B 7 8 9 10 11 12 13 14 15 16 17 18
12Z AVG MX 2MIN
DY MAX MIN AVG DEP HDD CDD WTR SNW DPTH SPD SPD DIR MIN PSBL S-S WX SPD DR
================================================================================
1 56 28 42 4 23 0 0.00 0.0 0 24.7 39 200 M M 0 51 200
2 73 27 50 13 15 0 0.00 0.0 0 22.4 48 350 M M 2 8 64 350
3 40 15 28 -9 37 0 0.00 0.0 0 10.7 17 200 M M 0 23 350
4 51 26 39 3 26 0 0.00 0.0 0 5.7 17 190 M M 0 23 180
5 59 28 44 8 21 0 0.00 0.0 0 10.6 22 20 M M 0 26 30
6 47 17 32 -4 33 0 0.00 0.0 0 6.6 14 20 M M 0 8 17 20
7 50 22 36 0 29 0 0.00 0.0 0 5.9 13 120 M M 1 18 16 170
8 57 26 42 7 23 0 T 0.0 0 10.4 30 320 M M 5 128 37 320
9 52 20 36 1 29 0 0.00 0.0 0 10.0 20 160 M M 1 27 160
10 55 20 38 3 27 0 0.00 0.0 0 8.3 23 20 M M 0 28 20
11 50 21 36 2 29 0 0.00 0.0 0 16.1 28 170 M M 2 128 36 160
12 53 41 47 13 18 0 0.03 0.0 0 21.2 31 170 M M 10 123 39 160
13 50 25 38 4 27 0 0.05 0.0 0 21.3 35 280 M M 2 13 46 250
14 38 22 30 -4 35 0 0.00 0.0 0 21.2 33 310 M M 0 48 310
15 39 22 31 -3 34 0 0.00 0.0 0 18.4 35 320 M M 0 50 320
16 37 18 28 -5 37 0 0.00 0.0 0 20.0 41 320 M M 0 54 310
17 44 16 30 -3 35 0 0.00 0.0 0 9.5 21 260 M M 0 25 290
18 49 11 30 -3 35 0 0.00 0.0 0 14.5 28 170 M M 0 35 160
19 45 20 33 0 32 0 0.00 0.0 0 15.1 31 170 M M 2 39 160
20 28 2 15 -18 50 0 0.00 0.0 0 10.3 20 360 M M 2 1 24 360
21 32 0 16 -17 49 0 T 0.1 0 17.7 45 360 M M 10 126 55 10
22 2 -8 -3 -36 68 0 0.01 0.6 T 26.5 45 360 M M 4 18 58 360
23 17 -4 7 -25 58 0 0.00 0.0 T 14.8 26 320 M M 0 36 310
24 35 2 19 -13 46 0 0.00 0.0 T 5.7 18 210 M M 1 24 200
25 49 7 28 -4 37 0 0.00 0.0 0 10.4 22 10 M M 2 29 360
26 43 18 31 -1 34 0 0.00 0.0 0 13.9 30 350 M M 3 37 350
27 63 23 43 11 22 0 0.00 0.0 0 19.3 29 200 M M 0 37 210
28 63 40 52 20 13 0 0.00 0.0 0 10.3 20 180 M M 2 28 170
29 48 24 36 4 29 0 0.00 0.0 0 14.3 30 290 M M 4 38 280
30 51 21 36 4 29 0 0.00 0.0 0 9.6 20 180 M M 1 12 24 150
31 61 25 43 11 22 0 0.00 0.0 0 8.4 15 160 M M 0 20 160
================================================================================
SM 1437 575 1002 0 0.09 0.7 433.8 M 54
================================================================================
AV 46.4 18.5 14.0 FASTST M M 2 MAX(MPH)
MISC ----> 48 350 64 350
================================================================================
NOTES:
# LAST OF SEVERAL OCCURRENCES
COLUMN 17 PEAK WIND IN M.P.H.
PRELIMINARY LOCAL CLIMATOLOGICAL DATA (WS FORM: F-6) , PAGE 2
STATION: DODGE CITY KS
MONTH: DECEMBER
YEAR: 2022
LATITUDE: 37 46 N
LONGITUDE: 99 58 W
[TEMPERATURE DATA] [PRECIPITATION DATA] SYMBOLS USED IN COLUMN 16
AVERAGE MONTHLY: 32.5 TOTAL FOR MONTH: 0.09 1 = FOG OR MIST
DPTR FM NORMAL: -1.4 DPTR FM NORMAL: -0.87 2 = FOG REDUCING VISIBILITY
HIGHEST: 73 ON 2 GRTST 24HR 0.08 ON 12-13 TO 1/4 MILE OR LESS
LOWEST: -8 ON 22 3 = THUNDER
SNOW, ICE PELLETS, HAIL 4 = ICE PELLETS
TOTAL MONTH: 0.7 INCH 5 = HAIL
GRTST 24HR 0.6 ON 22-22 6 = FREEZING RAIN OR DRIZZLE
GRTST DEPTH: T 7 = DUSTSTORM OR SANDSTORM:
VSBY 1/2 MILE OR LESS
8 = SMOKE OR HAZE
[NO. OF DAYS WITH] [WEATHER - DAYS WITH] 9 = BLOWING SNOW
X = TORNADO
MAX 32 OR BELOW: 4 0.01 INCH OR MORE: 3
MAX 90 OR ABOVE: 0 0.10 INCH OR MORE: 0
MIN 32 OR BELOW: 29 0.50 INCH OR MORE: 0
MIN 0 OR BELOW: 3 1.00 INCH OR MORE: 0
[HDD (BASE 65) ]
TOTAL THIS MO. 1002 CLEAR (SCALE 0-3) 26
DPTR FM NORMAL 40 PTCLDY (SCALE 4-7) 3
TOTAL FM JUL 1 1940 CLOUDY (SCALE 8-10) 2
DPTR FM NORMAL -4
[CDD (BASE 65) ]
TOTAL THIS MO. 0
DPTR FM NORMAL 0 [PRESSURE DATA]
TOTAL FM JAN 1 1998 HIGHEST SLP 30.65 ON 3
DPTR FM NORMAL 451 LOWEST SLP 29.31 ON 28
[REMARKS]
BACKUP EQUIPMENT USED FOR MAX AND MIN TEMPERATURE ON THE 22ND AND 23RD.
#FINAL-12-22#