000
CXUS53 KDDC 201200
CF6DDC
PRELIMINARY LOCAL CLIMATOLOGICAL DATA (WS FORM: F-6)

                                          STATION:   DODGE CITY KS
                                          MONTH:     APRIL
                                          YEAR:      2014
                                          LATITUDE:   37 46 N
                                          LONGITUDE:  99 58 W

  TEMPERATURE IN F:       :PCPN:    SNOW:  WIND      :SUNSHINE: SKY     :PK WND
================================================================================
1   2   3   4   5  6A  6B    7    8   9   10  11  12  13   14  15   16   17  18
                                     12Z  AVG MX 2MIN
DY MAX MIN AVG DEP HDD CDD  WTR  SNW DPTH SPD SPD DIR MIN PSBL S-S WX    SPD DR
================================================================================

 1  58  24  41  -8  24   0 0.00  0.0    0 11.0 23 150   M    M   2        30 140
 2  65  37  51   2  14   0 0.00  0.0    0 13.2 23  60   M    M   6 128    28  60
 3  41  33  37 -13  28   0 0.05  0.0    0 15.6 26 320   M    M   8 12     34 320
 4  58  26  42  -8  23   0 0.00  0.0    0  9.6 17 360   M    M   0        20 360
 5  67  30  49  -1  16   0 0.01  0.0    0 16.5 30 190   M    M   3        37 200
 6  54  40  47  -4  18   0 0.03  0.0    0  7.5 16 160   M    M   8 1      20 170
 7  64  34  49  -2  16   0    T  0.0    0 15.4 36 320   M    M   3 13     45 320
 8  67  31  49  -2  16   0 0.00  0.0    0 10.3 24 350   M    M   1        31 320
 9  84  39  62  10   3   0 0.00  0.0    0 11.9 25 220   M    M   0 8      30 220
10  69  45  57   5   8   0 0.00  0.0    0 14.8 36  30   M    M   0        43  30
11  78  37  58   6   7   0 0.00  0.0    0 10.2 21 150   M    M   0        25 160
12  90  55  73  20   0   8 0.00  0.0    0 13.2 24  60   M    M   0        38  70
13  79  29  54   1  11   0 0.11  0.8    0 24.9 39 360   M    M   8 18     49 360
14  47  28  38 -15  27   0 0.11  1.4    2 19.5 31 350   M    M   4 1      41 350
15  66  24  45  -9  20   0 0.00  0.0    0 16.7 28 190   M    M   0        34 220
16  68  44  56   2   9   0 0.00  0.0    0 17.9 28 170   M    M   0        36 170
17  52  32  42 -12  23   0 0.15  0.0    0  8.6 20  50   M    M   8 18     24  50
18  71  37  54  -1  11   0 0.00  0.0    0 18.2 30 170   M    M   3 18     38 180
19  80  52  66  11   0   1 0.00  0.0    0 20.2 31 210   M    M   0        41 210
================================================================================
SM 1258  677       274   9  0.46     2.2 275.2          M       54
================================================================================
AV 66.2 35.6                              14.5 FASTST   M    M   3    MAX(MPH)
                                 MISC ---->  # 39 360               # 49  360
================================================================================
NOTES:
# LAST OF SEVERAL OCCURRENCES

COLUMN 17 PEAK WIND IN M.P.H.

PRELIMINARY LOCAL CLIMATOLOGICAL DATA (WS FORM: F-6) , PAGE 2

                                          STATION:  DODGE CITY KS
                                          MONTH:    APRIL
                                          YEAR:     2014
                                          LATITUDE:   37 46 N
                                          LONGITUDE:  99 58 W

[TEMPERATURE DATA]      [PRECIPITATION DATA]       SYMBOLS USED IN COLUMN 16

AVERAGE MONTHLY: 50.9   TOTAL FOR MONTH:   0.46    1 = FOG OR MIST
DPTR FM NORMAL:  -1.1   DPTR FM NORMAL:   -0.61    2 = FOG REDUCING VISIBILITY
HIGHEST:    90 ON 12    GRTST 24HR  0.22 ON 13-14      TO 1/4 MILE OR LESS
LOWEST:     24 ON 15, 1                            3 = THUNDER
                        SNOW, ICE PELLETS, HAIL    4 = ICE PELLETS
                        TOTAL MONTH:   2.2 INCHES  5 = HAIL
                        GRTST 24HR   1.4 ON   M    6 = FREEZING RAIN OR DRIZZLE
                        GRTST DEPTH:   2 ON 14     7 = DUSTSTORM OR SANDSTORM:
                                                       VSBY 1/2 MILE OR LESS
                                                   8 = SMOKE OR HAZE
[NO. OF DAYS WITH]      [WEATHER - DAYS WITH]      9 = BLOWING SNOW
                                                   X = TORNADO
MAX 32 OR BELOW:   0    0.01 INCH OR MORE:   6
MAX 90 OR ABOVE:   1    0.10 INCH OR MORE:   3
MIN 32 OR BELOW:   8    0.50 INCH OR MORE:   0
MIN  0 OR BELOW:   0    1.00 INCH OR MORE:   0

[HDD (BASE 65) ]
TOTAL THIS MO.   274    CLEAR  (SCALE 0-3)  12
DPTR FM NORMAL    19    PTCLDY (SCALE 4-7)   5
TOTAL FM JUL 1  5183    CLOUDY (SCALE 8-10)  2
DPTR FM NORMAL   441

[CDD (BASE 65) ]
TOTAL THIS MO.     9
DPTR FM NORMAL     5    [PRESSURE DATA]
TOTAL FM JAN 1     9    HIGHEST SLP M ON M
DPTR FM NORMAL     4    LOWEST  SLP 29.36 ON 13

[REMARKS]
