000
CXUS53 KDDC 021358
CF6DDC
PRELIMINARY LOCAL CLIMATOLOGICAL DATA (WS FORM: F-6)

                                          STATION:   DODGE CITY KS
                                          MONTH:     JUNE
                                          YEAR:      2016
                                          LATITUDE:   37 46 N
                                          LONGITUDE:  99 58 W

  TEMPERATURE IN F:       :PCPN:    SNOW:  WIND      :SUNSHINE: SKY     :PK WND
================================================================================
1   2   3   4   5  6A  6B    7    8   9   10  11  12  13   14  15   16   17  18
                                     12Z  AVG MX 2MIN
DY MAX MIN AVG DEP HDD CDD  WTR  SNW DPTH SPD SPD DIR MIN PSBL S-S WX    SPD DR
================================================================================

 1  74  53  64  -5   1   0 0.00  0.0    0  7.3 17  40   M    M   1 1      21  70
 2  79  52  66  -4   0   1 0.00  0.0    0  8.2 16 120   M    M   1        22 100
 3  83  54  69  -1   0   4    T  0.0    0  7.6 17 160   M    M   1 1      21 160
 4  82  57  70   0   0   5 0.00  0.0    0 11.1 25 350   M    M   0        31 360
 5  84  50  67  -4   0   2 0.00  0.0    0  5.7 15  30   M    M   0        19  50
 6  88  56  72   1   0   7 0.06  0.0    0  7.8 16 160   M    M   1 3      19  60
 7  86  58  72   1   0   7 0.00  0.0    0  9.5 18 150   M    M   0        23 170
 8  92  62  77   5   0  12 0.00  0.0    0 15.3 26 170   M    M   0        34 190
 9  90  66  78   6   0  13 0.03  0.0    0 17.8 29 200   M    M   1 3      40 170
10  90  66  78   6   0  13 0.00  0.0    0 15.0 25 190   M    M   0        33 190
11  92  67  80   8   0  15 0.00  0.0    0 15.3 24 160   M    M   1        30 200
12  91  62  77   4   0  12 0.00  0.0    0 13.6 24 160   M    M   0 1      30 160
13  87  64  76   3   0  11 0.52  0.0    0  9.5 32 260   M    M   2 13     45 270
14  87  63  75   1   0  10 0.13  0.0    0  9.6 24 280   M    M   2 138    31 280
15  95  67  81   7   0  16 0.00  0.0    0 12.2 24 110   M    M   0 1      32  90
16  94  65  80   6   0  15 0.00  0.0    0 15.7 25 170   M    M   0        32 140
17  95  70  83   9   0  18 0.00  0.0    0 15.6 32  30   M    M   0 138    38  30
18  88  63  76   1   0  11 0.44  0.0    0  7.9 35  80   M    M   1 138    44  80
19  90  65  78   3   0  13 0.00  0.0    0 11.4 23 170   M    M   1 1      30 170
20  95  68  82   7   0  17 0.00  0.0    0 12.2 21 170   M    M   0 1      30 170
21  97  71  84   8   0  19 0.00  0.0    0 15.6 24 180   M    M   0        32 180
22 101  72  87  11   0  22 0.00  0.0    0 13.3 25 220   M    M   0 8      31 230
23  86  70  78   2   0  13 0.43  0.0    0 10.8 37 230   M    M   2 138    52 230
24  92  67  80   4   0  15 0.38  0.0    0 14.0 25 170   M    M   1 13     33 170
25  95  64  80   3   0  15 0.52  0.0    0 16.3 36 270   M    M   2 13     43 270
26  86  65  76  -1   0  11 0.02  0.0    0  9.5 18 110   M    M   1 13     22  80
27  92  66  79   2   0  14 0.00  0.0    0  6.5 18 130   M    M   3 128    23 110
28  91  66  79   1   0  14 0.00  0.0    0 10.4 25 120   M    M   1 1      29 120
29  91  63  77  -1   0  12 0.18  0.0    0  9.3 30 350   M    M   2 1      37 350
30  93  65  79   1   0  14 0.00  0.0    0 10.0 26  30   M    M   2        32  30
================================================================================
SM 2686 1897         1 351 2.71  0.0     344.0          M       26
================================================================================
AV 89.5 63.2                              11.5 FASTST   M    M   1      MAX(MPH)
                                 MISC ---->    37 230                     52 230
================================================================================
NOTES:
# LAST OF SEVERAL OCCURRENCES

COLUMN 17 PEAK WIND IN M.P.H.

PRELIMINARY LOCAL CLIMATOLOGICAL DATA (WS FORM: F-6) , PAGE 2

                                          STATION:  DODGE CITY KS
                                          MONTH:    JUNE
                                          YEAR:     2016
                                          LATITUDE:   37 46 N
                                          LONGITUDE:  99 58 W

[TEMPERATURE DATA]      [PRECIPITATION DATA]       SYMBOLS USED IN COLUMN 16

AVERAGE MONTHLY: 76.4   TOTAL FOR MONTH:   2.71    1 = FOG OR MIST
DPTR FM NORMAL:   2.5   DPTR FM NORMAL:   -0.53    2 = FOG REDUCING VISIBILITY
HIGHEST:   101 ON 22    GRTST 24HR  0.81 ON 23-24      TO 1/4 MILE OR LESS
LOWEST:     50 ON  5                               3 = THUNDER
                        SNOW, ICE PELLETS, HAIL    4 = ICE PELLETS
                        TOTAL MONTH:   0.0 INCH    5 = HAIL
                        GRTST 24HR     0.0         6 = FREEZING RAIN OR DRIZZLE
                        GRTST DEPTH:   0           7 = DUSTSTORM OR SANDSTORM:
                                                       VSBY 1/2 MILE OR LESS
                                                   8 = SMOKE OR HAZE
[NO. OF DAYS WITH]      [WEATHER - DAYS WITH]      9 = BLOWING SNOW
                                                   X = TORNADO
MAX 32 OR BELOW:   0    0.01 INCH OR MORE:  10
MAX 90 OR ABOVE:  18    0.10 INCH OR MORE:   7
MIN 32 OR BELOW:   0    0.50 INCH OR MORE:   2
MIN  0 OR BELOW:   0    1.00 INCH OR MORE:   0

[HDD (BASE 65) ]
TOTAL THIS MO.     1    CLEAR  (SCALE 0-3)  30
DPTR FM NORMAL   -12    PTCLDY (SCALE 4-7)   0
TOTAL FM JUL 1  4340    CLOUDY (SCALE 8-10)  0
DPTR FM NORMAL  -627

[CDD (BASE 65) ]
TOTAL THIS MO.   351
DPTR FM NORMAL    73    [PRESSURE DATA]
TOTAL FM JAN 1   409    HIGHEST SLP 30.15 ON 28
DPTR FM NORMAL    22    LOWEST  SLP 29.68 ON 15

[REMARKS]
#FINAL-06-16#
