026
CXUS53 KDDC 011403
CF6DDC
PRELIMINARY LOCAL CLIMATOLOGICAL DATA (WS FORM: F-6)

                                          STATION:   DODGE CITY KS
                                          MONTH:     JANUARY
                                          YEAR:      2017
                                          LATITUDE:   37 46 N
                                          LONGITUDE:  99 58 W

  TEMPERATURE IN F:       :PCPN:    SNOW:  WIND      :SUNSHINE: SKY     :PK WND
================================================================================
1   2   3   4   5  6A  6B    7    8   9   10  11  12  13   14  15   16   17  18
                                     12Z  AVG MX 2MIN
DY MAX MIN AVG DEP HDD CDD  WTR  SNW DPTH SPD SPD DIR MIN PSBL S-S WX    SPD DR
================================================================================

 1  53  25  39   7  26   0 0.00  0.0    0 13.7 24 160   M    M   2        29 180
 2  48  27  38   6  27   0 0.00  0.0    0 11.5 25  20   M    M   2 1      32  10
 3  31  11  21 -11  44   0 0.00  0.0    0 16.7 29 360   M    M   4 1      35 360
 4  27   5  16 -16  49   0 0.00  0.0    0  9.5 22  30   M    M   1        27  30
 5  14   5  10 -22  55   0 0.15  2.5    0 11.7 21  10   M    M  10 18     24  20
 6  21   4  13 -19  52   0 0.00  0.0    2  6.7 13 280   M    M   2        14 250
 7  29   0  15 -17  50   0 0.00  0.0    2  7.8 15 150   M    M   0        18 150
 8  43  15  29  -3  36   0 0.00  0.0    1 13.5 24 210   M    M   0        30 160
 9  58  24  41   9  24   0 0.00  0.0    0 15.5 24 190   M    M   0        31 190
10  58  37  48  16  17   0 0.00  0.0    0 15.2 31 250   M    M   1        41 250
11  70  16  43  11  22   0 0.00  0.0    0 15.5 25  20   M    M   0        32  20
12  27  10  19 -13  46   0 0.00  0.0    0  9.2 16  50   M    M   0        21  40
13  27  14  21 -11  44   0 0.00  0.0    0  7.4 13  10   M    M   8        15  10
14  34  25  30  -2  35   0 0.44  0.0    0  4.7  9  10   M    M  10 16     12  30
15  31  30  31  -1  34   0 1.41  0.0    0  8.3 20  40   M    M  10 16     24  50
16  33  31  32   0  33   0 0.51  0.2    T 12.2 22  10   M    M  10 16     25  10
17  49  31  40   8  25   0 0.00  0.0    0  8.2 15 310   M    M   3        19 320
18  56  30  43  11  22   0 0.00  0.0    0 15.0 26 170   M    M   4 1      31 170
19  45  32  39   7  26   0 0.00  0.0    0  7.8 20 170   M    M  10 1      23 160
20  52  29  41   9  24   0 0.00  0.0    0  7.7 18 300   M    M   6 18     23 300
21  55  23  39   7  26   0 0.05  0.0    0  8.2 17 140   M    M   3 1      20 140
22  53  29  41   9  24   0    T  0.0    0 11.6 21 320   M    M   2        28 320
23  61  27  44  12  21   0 0.00  0.0    0 12.1 30 170   M    M   0        35 190
24  49  27  38   6  27   0 0.00  0.0    0 16.5 28 310   M    M   3        35 310
25  37  19  28  -4  37   0 0.00  0.0    0 16.8 30 310   M    M   0        37 310
26  43  18  31  -2  34   0 0.00  0.0    0 12.5 24 320   M    M   1        30 320
27  45  19  32  -1  33   0 0.00  0.0    0 15.7 26 310   M    M   0        34 310
28  51  25  38   5  27   0 0.00  0.0    0 15.8 29 320   M    M   2        36 320
29  66  32  49  16  16   0 0.00  0.0    0 16.9 33 320   M    M   0        43 320
30  72  30  51  18  14   0 0.00  0.0    0  9.3 17 320   M    M   0        21 310
31  58  26  42   9  23   0 0.00  0.0    0  8.2 20  90   M    M   0        23  90
================================================================================
SM 1396  676       973   0 2.56  2.7     361.4          M       94
================================================================================
AV 45.0 21.8                              11.7 FASTST   M    M   3      MAX(MPH)
                                 MISC ---->    33 320                     43 320
================================================================================
NOTES:
# LAST OF SEVERAL OCCURRENCES

COLUMN 17 PEAK WIND IN M.P.H.

PRELIMINARY LOCAL CLIMATOLOGICAL DATA (WS FORM: F-6) , PAGE 2

                                          STATION:  DODGE CITY KS
                                          MONTH:    JANUARY
                                          YEAR:     2017
                                          LATITUDE:   37 46 N
                                          LONGITUDE:  99 58 W

[TEMPERATURE DATA]      [PRECIPITATION DATA]       SYMBOLS USED IN COLUMN 16

AVERAGE MONTHLY: 33.4   TOTAL FOR MONTH:   2.56    1 = FOG OR MIST
DPTR FM NORMAL:   1.2   DPTR FM NORMAL:    1.98    2 = FOG REDUCING VISIBILITY
HIGHEST:    72 ON 30    GRTST 24HR  1.70 ON 15-16      TO 1/4 MILE OR LESS
LOWEST:      0 ON  7                               3 = THUNDER
                        SNOW, ICE PELLETS, HAIL    4 = ICE PELLETS
                        TOTAL MONTH:   2.7 INCHES  5 = HAIL
                        GRTST 24HR   2.5 ON  5- 5  6 = FREEZING RAIN OR DRIZZLE
                        GRTST DEPTH:   2 ON  7, 6  7 = DUSTSTORM OR SANDSTORM:
                                                       VSBY 1/2 MILE OR LESS
                                                   8 = SMOKE OR HAZE
[NO. OF DAYS WITH]      [WEATHER - DAYS WITH]      9 = BLOWING SNOW
                                                   X = TORNADO
MAX 32 OR BELOW:   8    0.01 INCH OR MORE:   5
MAX 90 OR ABOVE:   0    0.10 INCH OR MORE:   4
MIN 32 OR BELOW:  30    0.50 INCH OR MORE:   2
MIN  0 OR BELOW:   1    1.00 INCH OR MORE:   1

[HDD (BASE 65) ]
TOTAL THIS MO.   973    CLEAR  (SCALE 0-3)  21
DPTR FM NORMAL   -45    PTCLDY (SCALE 4-7)   5
TOTAL FM JUL 1  2646    CLOUDY (SCALE 8-10)  5
DPTR FM NORMAL  -386

[CDD (BASE 65) ]
TOTAL THIS MO.     0
DPTR FM NORMAL     0    [PRESSURE DATA]
TOTAL FM JAN 1     0    HIGHEST SLP 30.70 ON  7
DPTR FM NORMAL     0    LOWEST  SLP 29.34 ON 21

[REMARKS]
#FINAL-01-17#
