000
CXUS53 KDDC 011341
CF6DDC
PRELIMINARY LOCAL CLIMATOLOGICAL DATA (WS FORM: F-6)

                                          STATION:   DODGE CITY KS
                                          MONTH:     AUGUST
                                          YEAR:      2017
                                          LATITUDE:   37 46 N
                                          LONGITUDE:  99 58 W

  TEMPERATURE IN F:       :PCPN:    SNOW:  WIND      :SUNSHINE: SKY     :PK WND
================================================================================
1   2   3   4   5  6A  6B    7    8   9   10  11  12  13   14  15   16   17  18
                                     12Z  AVG MX 2MIN
DY MAX MIN AVG DEP HDD CDD  WTR  SNW DPTH SPD SPD DIR MIN PSBL S-S WX    SPD DR
================================================================================

 1  87  65  76  -4   0  11 0.00  0.0    0  4.9 14  60   M    M   6 128    18  30
 2  89  61  75  -5   0  10 0.00  0.0    0  5.6 14 130   M    M   1 18     19 160
 3  80  61  71  -9   0   6    T  0.0    0 10.4 21 360   M    M   1        27 350
 4  85  57  71  -9   0   6 0.00  0.0    0 10.8 22 150   M    M   5        26 170
 5  99  66  83   4   0  18 0.00  0.0    0 15.7 24 200   M    M   0        31 160
 6  85  65  75  -4   0  10    T  0.0    0  9.0 16  30   M    M   5 12     23  40
 7  80  62  71  -8   0   6 0.26  0.0    0  8.3 20  60   M    M   5 18     24  40
 8  81  56  69 -10   0   4 0.00  0.0    0  6.6 15 150   M    M   4 18     20 120
 9  90  65  78  -1   0  13 0.00  0.0    0 12.2 20 100   M    M   4        27  80
10  87  64  76  -3   0  11 0.40  0.0    0  8.2 25  10   M    M   5 1238   33  10
11  83  63  73  -6   0   8 0.13  0.0    0  6.7 18 180   M    M   6 13     22 180
12  77  67  72  -7   0   7 0.15  0.0    0 11.8 20 160   M    M   9 1      23 150
13  85  66  76  -3   0  11 0.00  0.0    0 10.8 20 190   M    M   4 1      26 180
14  91  67  79   0   0  14 0.00  0.0    0 10.3 18 160   M    M   1 1      22 160
15  90  69  80   2   0  15 0.00  0.0    0 14.1 25 160   M    M   1        33 160
16  88  63  76  -2   0  11 0.00  0.0    0 10.1 22 160   M    M   1        25  10
17  92  56  74  -4   0   9    T  0.0    0  7.4 23 300   M    M   1        28 300
18  93  66  80   2   0  15    T  0.0    0  9.5 23 210   M    M   0        27 210
19 100  64  82   4   0  17 0.00  0.0    0  8.8 21 180   M    M   0 18     26 170
20  99  69  84   6   0  19 0.00  0.0    0 13.3 22 180   M    M   1        27 180
21  91  69  80   2   0  15 0.00  0.0    0 17.0 31 210   M    M   1        40 190
22  87  66  77   0   0  12 0.00  0.0    0 14.0 23  50   M    M   3 1      30  30
23  88  51  70  -7   0   5 0.00  0.0    0  8.4 15 160   M    M   0        23 140
24  89  58  74  -3   0   9 0.00  0.0    0 11.8 21 200   M    M   1 8      25 200
25  88  63  76  -1   0  11 0.00  0.0    0 12.7 24 160   M    M   1 18     30 150
26  91  67  79   2   0  14 0.00  0.0    0 10.7 16 160   M    M   5 18     23 200
27  90  62  76   0   0  11 0.00  0.0    0  8.8 21 140   M    M   1 138    30 160
28  88  55  72  -4   0   7 0.00  0.0    0  6.7 15  50   M    M   0 18     23  60
29  88  52  70  -6   0   5 0.00  0.0    0  4.9 14  50   M    M   0        19  40
30  88  52  70  -6   0   5 0.00  0.0    0  6.2 14 100   M    M   0 18     21  50
31  86  52  69  -6   0   4 0.00  0.0    0  6.0 15 120   M    M   0 8      21 140
================================================================================
SM 2735 1919         0 319 0.94  0.0     301.7          M       72
================================================================================
AV 88.2 61.9                               9.7 FASTST   M    M   2      MAX(MPH)
                                 MISC ---->    31 210                     40 190
================================================================================
NOTES:
# LAST OF SEVERAL OCCURRENCES

COLUMN 17 PEAK WIND IN M.P.H.

PRELIMINARY LOCAL CLIMATOLOGICAL DATA (WS FORM: F-6) , PAGE 2

                                          STATION:  DODGE CITY KS
                                          MONTH:    AUGUST
                                          YEAR:     2017
                                          LATITUDE:   37 46 N
                                          LONGITUDE:  99 58 W

[TEMPERATURE DATA]      [PRECIPITATION DATA]       SYMBOLS USED IN COLUMN 16

AVERAGE MONTHLY: 75.1   TOTAL FOR MONTH:   0.94    1 = FOG OR MIST
DPTR FM NORMAL:  -3.0   DPTR FM NORMAL:   -1.81    2 = FOG REDUCING VISIBILITY
HIGHEST:   100 ON 19    GRTST 24HR  0.53 ON 10-11      TO 1/4 MILE OR LESS
LOWEST:     51 ON 23                               3 = THUNDER
                        SNOW, ICE PELLETS, HAIL    4 = ICE PELLETS
                        TOTAL MONTH:   0.0 INCH    5 = HAIL
                        GRTST 24HR     0.0         6 = FREEZING RAIN OR DRIZZLE
                        GRTST DEPTH:   0           7 = DUSTSTORM OR SANDSTORM:
                                                       VSBY 1/2 MILE OR LESS
                                                   8 = SMOKE OR HAZE
[NO. OF DAYS WITH]      [WEATHER - DAYS WITH]      9 = BLOWING SNOW
                                                   X = TORNADO
MAX 32 OR BELOW:   0    0.01 INCH OR MORE:   4
MAX 90 OR ABOVE:  11    0.10 INCH OR MORE:   4
MIN 32 OR BELOW:   0    0.50 INCH OR MORE:   0
MIN  0 OR BELOW:   0    1.00 INCH OR MORE:   0

[HDD (BASE 65) ]
TOTAL THIS MO.     0    CLEAR  (SCALE 0-3)  20
DPTR FM NORMAL    -3    PTCLDY (SCALE 4-7)  10
TOTAL FM JUL 1     0    CLOUDY (SCALE 8-10)  1
DPTR FM NORMAL    -4

[CDD (BASE 65) ]
TOTAL THIS MO.   319
DPTR FM NORMAL   -88    [PRESSURE DATA]
TOTAL FM JAN 1  1232    HIGHEST SLP 30.21 ON  8
DPTR FM NORMAL   -14    LOWEST  SLP 29.61 ON  5

[REMARKS]
#FINAL-08-17#
