000
CXUS53 KDDC 020056
CF6DDC
PRELIMINARY LOCAL CLIMATOLOGICAL DATA (WS FORM: F-6)

                                          STATION:   DODGE CITY KS
                                          MONTH:     FEBRUARY
                                          YEAR:      2015
                                          LATITUDE:   37 46 N
                                          LONGITUDE:  99 58 W

  TEMPERATURE IN F:       :PCPN:    SNOW:  WIND      :SUNSHINE: SKY     :PK WND
================================================================================
1   2   3   4   5  6A  6B    7    8   9   10  11  12  13   14  15   16   17  18
                                     12Z  AVG MX 2MIN
DY MAX MIN AVG DEP HDD CDD  WTR  SNW DPTH SPD SPD DIR MIN PSBL S-S WX    SPD DR
================================================================================

 1  35  11  23 -10  42   0 0.03    T    0 22.5 35 350   M    M   4 1      45 350
 2  45   7  26  -7  39   0 0.00  0.0    0 10.9 22 200   M    M   0        29 190
 3  61  23  42   9  23   0 0.00  0.0    0 11.9 23 200   M    M   0        27 210
 4  39  12  26  -8  39   0    T    T    0 16.8 38  30   M    M   5 1268   52 350
 5  49  12  31  -3  34   0 0.00  0.0    0 12.8 25 210   M    M   1        31 210
 6  77  29  53  19  12   0 0.00  0.0    0 11.3 20 210   M    M   0        24 210
 7  79  32  56  22   9   0 0.00  0.0    0  8.5 18 280   M    M   0 8      22 290
 8  73  39  56  22   9   0 0.00  0.0    0 12.3 29 350   M    M   0 8      38 360
 9  68  31  50  16  15   0 0.00  0.0    0 11.2 22 140   M    M   0        28 140
10  66  31  49  14  16   0 0.00  0.0    0  9.8 25 160   M    M   2 128    33 150
11  49  28  39   4  26   0 0.00  0.0    0 16.1 33  10   M    M   2 8      41  10
12  46  21  34  -1  31   0 0.00  0.0    0 13.5 21 170   M    M   0        26 170
13  64  32  48  13  17   0 0.00  0.0    0 10.7 20 350   M    M   0        25 360
14  64  24  44   8  21   0 0.00  0.0    0 15.0 26  50   M    M   0        31  30
15  26  15  21 -15  44   0 0.02  0.2    0 13.4 21  20   M    M   6 1      26  30
16  46  18  32  -4  33   0 0.08  1.8    2  7.7 23 320   M    M   5 1      28 320
17  46  20  33  -3  32   0    T    T    0 13.9 37 320   M    M   1        49 340
18  44  20  32  -5  33   0 0.00  0.0    0  7.7 14 270   M    M   6        20 320
19  55  20  38   1  27   0 0.00  0.0    0 17.4 33 190   M    M   0        39 190
20  57  23  40   3  25   0    T  0.0    0  9.4 31  10   M    M   1        38 360
21  52  24  38   1  27   0 0.21  1.4    0  9.0 29  40   M    M   5 1      37  40
22  27  14  21 -17  44   0 0.05  3.8    5 20.7 36  30   M    M  10 18     41  30
23  18  10  14 -24  51   0 0.06  1.2    5  5.7 16  40   M    M   9 18     18  40
24  41   6  24 -14  41   0 0.00  0.0    6 11.9 18 310   M    M   0        21 320
25  54  21  38  -1  27   0 0.00  0.0    1 17.4 32  30   M    M   3        41  10
26  25  13  19 -20  46   0 0.00  0.0    0 17.3 32  20   M    M   6        41  10
27  17  11  14 -25  51   0 0.12  1.4    T 11.0 16 150   M    M  10 18     19 140
28  21  11  16 -24  49   0 0.07  1.1    2 11.9 17 160   M    M  10 18     21 170
================================================================================
SM 1344  558       863   0 0.64 10.9     357.7          M       86
================================================================================
AV 48.0 19.9                              12.8 FASTST   M    M   3      MAX(MPH)
                                 MISC ---->    38  30                     52 350
================================================================================
NOTES:
# LAST OF SEVERAL OCCURRENCES

COLUMN 17 PEAK WIND IN M.P.H.

PRELIMINARY LOCAL CLIMATOLOGICAL DATA (WS FORM: F-6) , PAGE 2

                                          STATION:  DODGE CITY KS
                                          MONTH:    FEBRUARY
                                          YEAR:     2015
                                          LATITUDE:   37 46 N
                                          LONGITUDE:  99 58 W

[TEMPERATURE DATA]      [PRECIPITATION DATA]       SYMBOLS USED IN COLUMN 16

AVERAGE MONTHLY: 34.0   TOTAL FOR MONTH:   0.64    1 = FOG OR MIST
DPTR FM NORMAL:  -1.9   DPTR FM NORMAL:   -0.04    2 = FOG REDUCING VISIBILITY
HIGHEST:    79 ON  7    GRTST 24HR  0.26 ON 21-22      TO 1/4 MILE OR LESS
LOWEST:      6 ON 24                               3 = THUNDER
                        SNOW, ICE PELLETS, HAIL    4 = ICE PELLETS
                        TOTAL MONTH:  10.9 INCHES  5 = HAIL
                        GRTST 24HR   5.1 ON 21-22  6 = FREEZING RAIN OR DRIZZLE
                        GRTST DEPTH:   6 ON 24     7 = DUSTSTORM OR SANDSTORM:
                                                       VSBY 1/2 MILE OR LESS
                                                   8 = SMOKE OR HAZE
[NO. OF DAYS WITH]      [WEATHER - DAYS WITH]      9 = BLOWING SNOW
                                                   X = TORNADO
MAX 32 OR BELOW:   6    0.01 INCH OR MORE:   8
MAX 90 OR ABOVE:   0    0.10 INCH OR MORE:   2
MIN 32 OR BELOW:  27    0.50 INCH OR MORE:   0
MIN  0 OR BELOW:   0    1.00 INCH OR MORE:   0

[HDD (BASE 65) ]
TOTAL THIS MO.   863    CLEAR  (SCALE 0-3)  17
DPTR FM NORMAL    48    PTCLDY (SCALE 4-7)   7
TOTAL FM JUL 1  3748    CLOUDY (SCALE 8-10)  4
DPTR FM NORMAL   -99

[CDD (BASE 65) ]
TOTAL THIS MO.     0
DPTR FM NORMAL     0    [PRESSURE DATA]
TOTAL FM JAN 1     0    HIGHEST SLP 30.77 ON 23
DPTR FM NORMAL     0    LOWEST  SLP 29.63 ON  7

[REMARKS]
#FINAL-02-15#
