000
CXUS53 KDDC 032002
CF6DDC
PRELIMINARY LOCAL CLIMATOLOGICAL DATA (WS FORM: F-6)

                                          STATION:   DODGE CITY KS
                                          MONTH:     JUNE
                                          YEAR:      2017
                                          LATITUDE:   37 46 N
                                          LONGITUDE:  99 58 W

  TEMPERATURE IN F:       :PCPN:    SNOW:  WIND      :SUNSHINE: SKY     :PK WND
================================================================================
1   2   3   4   5  6A  6B    7    8   9   10  11  12  13   14  15   16   17  18
                                     12Z  AVG MX 2MIN
DY MAX MIN AVG DEP HDD CDD  WTR  SNW DPTH SPD SPD DIR MIN PSBL S-S WX    SPD DR
================================================================================

 1  85  58  72   3   0   7    T  0.0    0 12.9 22 190   M    M   1 1      31 180
 2  80  56  68  -2   0   3 0.00  0.0    0 11.7 23 150   M    M   1 1      30 140
 3  82  57  70   0   0   5 0.37  0.0    0  6.3 18 310   M    M   2 13     24 280
 4  83  61  72   2   0   7 0.05  0.0    0  6.5 23 340   M    M   4 13     33 350
 5  88  58  73   2   0   8 0.00  0.0    0  7.6 16  70   M    M   1 1      20  60
 6  90  60  75   4   0  10 1.10  0.0    0  7.1 29 320   M    M   2 13     36 320
 7  83  60  72   1   0   7 0.00  0.0    0  6.2 14 140   M    M   4 12     17 120
 8  75  60  68  -4   0   3 0.75  0.0    0 11.5 18 150   M    M   6 13     23 150
 9  85  59  72   0   0   7 0.00  0.0    0 14.0 23 170   M    M   1        31 170
10  93  68  81   9   0  16 0.00  0.0    0 20.8 32 170   M    M   2 18     43 180
11  93  70  82  10   0  17 0.00  0.0    0 22.9 33 160   M    M   0        42 150
12  94  68  81   8   0  16 0.00  0.0    0 19.6 30 160   M    M   0        40 150
13  96  69  83  10   0  18 0.19  0.0    0 19.1 31 180   M    M   1 3      41 160
14  90  63  77   3   0  12 0.00  0.0    0 11.2 28  20   M    M   0 1      35  30
15  96  66  81   7   0  16 0.00  0.0    0 11.5 32 360   M    M   0 138    46 360
16  93  67  80   6   0  15 0.00  0.0    0 10.7 20 190   M    M   0 1      23 170
17 102  64  83   9   0  18    T  0.0    0 10.7 32  30   M    M   1 3      42  40
18  83  62  73  -2   0   8 0.00  0.0    0 10.3 26  40   M    M   4        36  40
19  86  59  73  -2   0   8 0.00  0.0    0  8.6 17 160   M    M   1 8      23 170
20  95  63  79   4   0  14 0.01  0.0    0 14.2 39 200   M    M   1 3      49 200
21  98  67  83   7   0  18    T  0.0    0 16.6 38 140   M    M   1 38     49 140
22  95  62  79   3   0  14 0.25  0.0    0 13.2 49 290   M    M   1 38     61 280
23  75  64  70  -6   0   5 0.00  0.0    0 13.0 32  30   M    M   5 3      40  40
24  80  59  70  -6   0   5 0.00  0.0    0  7.8 17 170   M    M   8        22 150
25  77  60  69  -8   0   4 0.35  0.0    0 10.1 29  10   M    M   8 1      34  20
26  86  56  71  -6   0   6 0.00  0.0    0  6.0 13 170   M    M   2 1      16 170
27  94  63  79   2   0  14 0.00  0.0    0 18.3 31 170   M    M   0 18     41 170
28  96  70  83   5   0  18 0.01  0.0    0 17.7 30 180   M    M   0 3      38 180
29  93  68  81   3   0  16 0.04  0.0    0 10.6 20  30   M    M   1 3      25 170
30  82  59  71  -7   0   6    T  0.0    0 12.1 25  10   M    M   1        34  10
================================================================================
SM 2648 1876         0 321 3.12  0.0     368.8          M       59
================================================================================
AV 88.3 62.5                              12.3 FASTST   M    M   2      MAX(MPH)
                                 MISC ---->    49 290                     61 280
================================================================================
NOTES:
# LAST OF SEVERAL OCCURRENCES

COLUMN 17 PEAK WIND IN M.P.H.

PRELIMINARY LOCAL CLIMATOLOGICAL DATA (WS FORM: F-6) , PAGE 2

                                          STATION:  DODGE CITY KS
                                          MONTH:    JUNE
                                          YEAR:     2017
                                          LATITUDE:   37 46 N
                                          LONGITUDE:  99 58 W

[TEMPERATURE DATA]      [PRECIPITATION DATA]       SYMBOLS USED IN COLUMN 16

AVERAGE MONTHLY: 75.4   TOTAL FOR MONTH:   3.12    1 = FOG OR MIST
DPTR FM NORMAL:   1.5   DPTR FM NORMAL:   -0.12    2 = FOG REDUCING VISIBILITY
HIGHEST:   102 ON 17    GRTST 24HR  1.10 ON  6- 6      TO 1/4 MILE OR LESS
LOWEST:     56 ON 26, 2                            3 = THUNDER
                        SNOW, ICE PELLETS, HAIL    4 = ICE PELLETS
                        TOTAL MONTH:   0.0 INCH    5 = HAIL
                        GRTST 24HR     0.0         6 = FREEZING RAIN OR DRIZZLE
                        GRTST DEPTH:   0           7 = DUSTSTORM OR SANDSTORM:
                                                       VSBY 1/2 MILE OR LESS
                                                   8 = SMOKE OR HAZE
[NO. OF DAYS WITH]      [WEATHER - DAYS WITH]      9 = BLOWING SNOW
                                                   X = TORNADO
MAX 32 OR BELOW:   0    0.01 INCH OR MORE:  10
MAX 90 OR ABOVE:  15    0.10 INCH OR MORE:   6
MIN 32 OR BELOW:   0    0.50 INCH OR MORE:   2
MIN  0 OR BELOW:   0    1.00 INCH OR MORE:   1

[HDD (BASE 65) ]
TOTAL THIS MO.     0    CLEAR  (SCALE 0-3)  23
DPTR FM NORMAL   -13    PTCLDY (SCALE 4-7)   6
TOTAL FM JUL 1  4170    CLOUDY (SCALE 8-10)  1
DPTR FM NORMAL  -797

[CDD (BASE 65) ]
TOTAL THIS MO.   321
DPTR FM NORMAL    43    [PRESSURE DATA]
TOTAL FM JAN 1   423    HIGHEST SLP 30.31 ON 25
DPTR FM NORMAL    36    LOWEST  SLP 29.49 ON 13

[REMARKS]
#FINAL-06-17#
