000
CXUS53 KDDC 041749
CF6DDC
PRELIMINARY LOCAL CLIMATOLOGICAL DATA (WS FORM: F-6)

                                          STATION:   DODGE CITY KS
                                          MONTH:     DECEMBER
                                          YEAR:      2016
                                          LATITUDE:   37 46 N
                                          LONGITUDE:  99 58 W

  TEMPERATURE IN F:       :PCPN:    SNOW:  WIND      :SUNSHINE: SKY     :PK WND
================================================================================
1   2   3   4   5  6A  6B    7    8   9   10  11  12  13   14  15   16   17  18
                                     12Z  AVG MX 2MIN
DY MAX MIN AVG DEP HDD CDD  WTR  SNW DPTH SPD SPD DIR MIN PSBL S-S WX    SPD DR
================================================================================

 1  51  16  34  -2  31   0 0.00  0.0    0  5.4 10 310   M    M   0        13 100
 2  52  17  35  -1  30   0 0.00  0.0    0  5.4 12  30   M    M   3        15  30
 3  39  32  36   1  29   0 0.34  0.1    0  4.2 14 140   M    M  10 1      18 150
 4  51  26  39   4  26   0 0.00  0.0    0  9.2 16 200   M    M   2 12     20 280
 5  59  31  45  11  20   0 0.00  0.0    0 16.4 31 360   M    M   0        42 360
 6  37  19  28  -6  37   0 0.00  0.0    0 10.1 30 360   M    M   2        37 360
 7  29  13  21 -13  44   0    T  0.1    0 13.4 23 360   M    M   8 18     27  30
 8  24   3  14 -20  51   0 0.00  0.0    0  7.3 21 360   M    M   2        26 350
 9  35  18  27  -6  38   0 0.00  0.0    0 14.3 25 170   M    M   6        30 170
10  44  18  31  -2  34   0 0.00  0.0    0 15.9 25 170   M    M   0        32 160
11  43  24  34   1  31   0 0.00  0.0    0 12.7 31 360   M    M   2        39  10
12  35  19  27  -6  38   0 0.00  0.0    0  7.8 18 180   M    M   1        23 190
13  29  10  20 -13  45   0 0.00  0.0    0 10.0 21  10   M    M   0        25  20
14  31   8  20 -12  45   0 0.00  0.0    0  9.9 28  30   M    M   1        35  20
15  31  11  21 -11  44   0 0.00  0.0    0 15.1 31 160   M    M   0        36 160
16  37  23  30  -2  35   0 0.00  0.0    0 12.9 26 360   M    M  10 12     34 360
17  23  -8   8 -24  57   0 0.08  2.1    0 18.6 31 350   M    M   9 128    40 360
18  20 -16   2 -30  63   0 0.00  0.0    2  8.7 17 220   M    M   0        21 220
19  35   0  18 -14  47   0 0.00  0.0    1 12.6 23 190   M    M   0        29 190
20  52  16  34   2  31   0 0.00  0.0    1  9.8 20 190   M    M   0        22 190
21  53  24  39   7  26   0 0.00  0.0    0 12.6 31  10   M    M   0        38  20
22  37  21  29  -3  36   0    T    T    0  8.7 25 160   M    M   6 1      30 170
23  58  20  39   7  26   0    T  0.0    0 15.5 30 160   M    M   2        37 160
24  56  18  37   5  28   0 0.00  0.0    0 11.9 23 160   M    M   0 12     29 160
25  61  38  50  18  15   0 0.20  0.0    0 23.0 47 220   M    M   8 123    64 200
26  45  20  33   1  32   0 0.00  0.0    0  6.5 17 230   M    M   M        23 220
27  48  17  33   1  32   0 0.00  0.0    0 10.4 21 170   M    M   0        25 170
28  58  27  43  11  22   0 0.00  0.0    0 12.7 22 360   M    M   0        29 360
29  48  22  35   3  30   0 0.00  0.0    0 10.3 17 320   M    M   0        22 320
30  59  25  42  10  23   0 0.00  0.0    0 15.4 25 200   M    M   0        31 200
31  44  24  34   2  31   0 0.00  0.0    0 11.5 28  10   M    M   0        35  10
================================================================================
SM 1324  536      1077   0 0.62  2.3     358.2          M       72
================================================================================
AV 42.7 17.3                              11.6 FASTST   M    M   2      MAX(MPH)
                                 MISC ---->    47 220                     64 200
================================================================================
NOTES:
# LAST OF SEVERAL OCCURRENCES

COLUMN 17 PEAK WIND IN M.P.H.

PRELIMINARY LOCAL CLIMATOLOGICAL DATA (WS FORM: F-6) , PAGE 2

                                          STATION:  DODGE CITY KS
                                          MONTH:    DECEMBER
                                          YEAR:     2016
                                          LATITUDE:   37 46 N
                                          LONGITUDE:  99 58 W

[TEMPERATURE DATA]      [PRECIPITATION DATA]       SYMBOLS USED IN COLUMN 16

AVERAGE MONTHLY: 30.0   TOTAL FOR MONTH:   0.62    1 = FOG OR MIST
DPTR FM NORMAL:  -2.8   DPTR FM NORMAL:   -0.22    2 = FOG REDUCING VISIBILITY
HIGHEST:    61 ON 25    GRTST 24HR  0.34 ON  3         TO 1/4 MILE OR LESS
LOWEST:    -16 ON 18                               3 = THUNDER
                        SNOW, ICE PELLETS, HAIL    4 = ICE PELLETS
                        TOTAL MONTH:   2.3 INCHES  5 = HAIL
                        GRTST 24HR   2.1 ON 17     6 = FREEZING RAIN OR DRIZZLE
                        GRTST DEPTH:   2 ON 18     7 = DUSTSTORM OR SANDSTORM:
                                                       VSBY 1/2 MILE OR LESS
                                                   8 = SMOKE OR HAZE
[NO. OF DAYS WITH]      [WEATHER - DAYS WITH]      9 = BLOWING SNOW
                                                   X = TORNADO
MAX 32 OR BELOW:   7    0.01 INCH OR MORE:   3
MAX 90 OR ABOVE:   0    0.10 INCH OR MORE:   2
MIN 32 OR BELOW:  30    0.50 INCH OR MORE:   0
MIN  0 OR BELOW:   3    1.00 INCH OR MORE:   0

[HDD (BASE 65) ]
TOTAL THIS MO.  1077    CLEAR  (SCALE 0-3)  23
DPTR FM NORMAL    77    PTCLDY (SCALE 4-7)   3
TOTAL FM JUL 1  1673    CLOUDY (SCALE 8-10)  4
DPTR FM NORMAL  -341

[CDD (BASE 65) ]
TOTAL THIS MO.     0
DPTR FM NORMAL     0    [PRESSURE DATA]
TOTAL FM JAN 1  1580    HIGHEST SLP 30.81 ON  8
DPTR FM NORMAL   117    LOWEST  SLP 29.40 ON 16

[REMARKS]
Aspirator for the temperature was not working properly on the 30th and 31st. Davis
Vantage Pro 2 located at the office was used for high temperature on both days.
#FINAL-12-16#
