000
CXUS53 KDDC 021614
CF6DDC
PRELIMINARY LOCAL CLIMATOLOGICAL DATA (WS FORM: F-6)

                                          STATION:   DODGE CITY KS
                                          MONTH:     JANUARY
                                          YEAR:      2012
                                          LATITUDE:   37 46 N
                                          LONGITUDE:  99 58 W

  TEMPERATURE IN F:       :PCPN:    SNOW:  WIND      :SUNSHINE: SKY     :PK WND
================================================================================
1   2   3   4   5  6A  6B    7    8   9   10  11  12  13   14  15   16   17  18
                                     12Z  AVG MX 2MIN
DY MAX MIN AVG DEP HDD CDD  WTR  SNW DPTH SPD SPD DIR MIN PSBL S-S WX    SPD DR
================================================================================

 1  43  26  35   3  30   0 0.00  0.0    0 12.9 28 330   M    M   0        37 320
 2  42  21  32   0  33   0 0.00  0.0    0  8.1 16 180   M    M   1        18 180
 3  51  27  39   7  26   0 0.00  0.0    0 11.6 20 210   M    M   0        23 210
 4  53  30  42  10  23   0 0.00  0.0    0 11.3 17 270   M    M   0        21 260
 5  66  32  49  17  16   0 0.00  0.0    0  8.7 14 220   M    M   0        17 220
 6  53  28  41   9  24   0 0.00  0.0    0 15.3 33  10   M    M   0        40  30
 7  45  22  34   2  31   0 0.00  0.0    0  7.5 16 130   M    M   1        18 130
 8  40  26  33   1  32   0 0.00  0.0    0  7.8 15  60   M    M   9        17  60
 9  52  23  38   6  27   0 0.00  0.0    0  8.6 15 290   M    M   0        17 310
10  58  27  43  11  22   0 0.00  0.0    0  6.3 12 270   M    M   0        14 300
11  39  19  29  -3  36   0 0.00  0.0    0 23.0 44 360   M    M   4        54 360
12  36  15  26  -6  39   0 0.00  0.0    0 16.2 31 320   M    M   0        38 320
13  49  21  35   3  30   0 0.00  0.0    0 12.5 21 300   M    M   2        26 260
14  50  24  37   5  28   0 0.00  0.0    0 11.4 24 270   M    M   0        29 270
15  62  27  45  13  20   0 0.00  0.0    0 13.1 23 190   M    M   0        28 200
16  47  22  35   3  30   0 0.00  0.0    0 14.2 25 360   M    M   0        31  10
17  31  13  22 -10  43   0 0.00  0.0    0 12.0 28 340   M    M   1        38 350
18  54  14  34   2  31   0 0.00  0.0    0 12.6 21 210   M    M   0        25 200
19  35  15  25  -7  40   0 0.00  0.0    0 13.1 24  10   M    M   0        29  20
20  46  16  31  -1  34   0 0.00  0.0    0 12.0 23  20   M    M   0        26  30
21  42  12  27  -5  38   0 0.00  0.0    0 15.6 31 160   M    M   0        38 160
22  53  30  42  10  23   0 0.07  0.0    0 16.8 36 350   M    M   3 1      49 320
23  51  26  39   7  26   0 0.00  0.0    0 12.1 22 270   M    M   0        29 290
24  55  31  43  11  22   0 0.00  0.0    0 14.3 25 180   M    M   1        29 180
25  48  25  37   5  28   0 0.00  0.0    0  8.9 21 350   M    M   1        25 350
26  55  26  41   8  24   0 0.00  0.0    0 13.4 30 350   M    M   0        38 350
27  49  23  36   3  29   0 0.00  0.0    0 19.9 43 360   M    M   1        52 360
28  49  17  33   0  32   0 0.00  0.0    0 10.8 25 250   M    M   0        31 250
29  62  20  41   8  24   0 0.00  0.0    0  8.1 20 200   M    M   0        22 200
30  65  31  48  15  17   0 0.00  0.0    0 11.8 18 170   M    M   0        22 170
31  60  29  45  12  20   0 0.00  0.0    0 11.0 25 350   M    M   0        31 360
================================================================================
SM 1541  718       878   0 0.07  0.0     380.9          M       24
================================================================================
AV 49.7 23.2                              12.3 FASTST   M    M   1    MAX(MPH)
                                 MISC ---->    44 360                     54 360
================================================================================
NOTES:
# LAST OF SEVERAL OCCURRENCES

COLUMN 17 PEAK WIND IN M.P.H.

PRELIMINARY LOCAL CLIMATOLOGICAL DATA (WS FORM: F-6) , PAGE 2

                                          STATION:  DODGE CITY KS
                                          MONTH:    JANUARY
                                          YEAR:     2012
                                          LATITUDE:   37 46 N
                                          LONGITUDE:  99 58 W

[TEMPERATURE DATA]      [PRECIPITATION DATA]       SYMBOLS USED IN COLUMN 16

AVERAGE MONTHLY: 36.5   TOTAL FOR MONTH:   0.07    1 = FOG OR MIST
DPTR FM NORMAL:   4.3   DPTR FM NORMAL:   -0.51    2 = FOG REDUCING VISIBILITY
HIGHEST:    66 ON  5    GRTST 24HR  0.07 ON 22-22      TO 1/4 MILE OR LESS
LOWEST:     12 ON 21                               3 = THUNDER
                        SNOW, ICE PELLETS, HAIL    4 = ICE PELLETS
                        TOTAL MONTH:   0.0 INCH    5 = HAIL
                        GRTST 24HR     0.0         6 = FREEZING RAIN OR DRIZZLE
                        GRTST DEPTH:   0           7 = DUSTSTORM OR SANDSTORM:
                                                       VSBY 1/2 MILE OR LESS
                                                   8 = SMOKE OR HAZE
[NO. OF DAYS WITH]      [WEATHER - DAYS WITH]      9 = BLOWING SNOW
                                                   X = TORNADO
MAX 32 OR BELOW:   1    0.01 INCH OR MORE:   1
MAX 90 OR ABOVE:   0    0.10 INCH OR MORE:   0
MIN 32 OR BELOW:  31    0.50 INCH OR MORE:   0
MIN  0 OR BELOW:   0    1.00 INCH OR MORE:   0

[HDD (BASE 65) ]
TOTAL THIS MO.   878    CLEAR  (SCALE 0-3)  28
DPTR FM NORMAL  -140    PTCLDY (SCALE 4-7)   2
TOTAL FM JUL 1  2848    CLOUDY (SCALE 8-10)  1
DPTR FM NORMAL  -184

[CDD (BASE 65) ]
TOTAL THIS MO.     0
DPTR FM NORMAL     0    [PRESSURE DATA]
TOTAL FM JAN 1     0    HIGHEST SLP 30.77 ON  2
DPTR FM NORMAL     0    LOWEST  SLP 29.31 ON 22

[REMARKS]
#FINAL-01-12#
