000
CXUS53 KDDC 311200
CF6DDC
PRELIMINARY LOCAL CLIMATOLOGICAL DATA (WS FORM: F-6)

                                          STATION:   DODGE CITY KS
                                          MONTH:     DECEMBER
                                          YEAR:      2011
                                          LATITUDE:   37 46 N
                                          LONGITUDE:  99 58 W

  TEMPERATURE IN F:       :PCPN:    SNOW:  WIND      :SUNSHINE: SKY     :PK WND
================================================================================
1   2   3   4   5  6A  6B    7    8   9   10  11  12  13   14  15   16   17  18
                                     12Z  AVG MX 2MIN
DY MAX MIN AVG DEP HDD CDD  WTR  SNW DPTH SPD SPD DIR MIN PSBL S-S WX    SPD DR
================================================================================

 1  38  23  31  -5  34   0 0.00  0.0    0 21.7 40  10   M    M   6        48  20
 2  33  17  25 -11  40   0 0.00  0.0    0 13.5 26 170   M    M   5        36 170
 3  35  26  31  -4  34   0 0.61    T    0 14.8 31 360   M    M  10 1      37 360
 4  36  20  28  -7  37   0 0.00  0.0    0  7.5 17 360   M    M   3        23  10
 5  25  15  20 -14  45   0    T    T    0 21.9 33  10   M    M   9        41  10
 6  27   8  18 -16  47   0 0.00  0.0    0  6.3 17 360   M    M   2        20  10
 7  47  14  31  -3  34   0 0.00  0.0    0  9.6 17 310   M    M   0        21 260
 8  43  21  32  -2  33   0 0.00  0.0    0  6.3 16  10   M    M   1 12     18  30
 9  39  22  31  -2  34   0 0.00  0.0    0  7.1 14  30   M    M   6 12     16  20
10  30  19  25  -8  40   0 0.00  0.0    0 10.3 16 180   M    M   6 12     20 190
11  43  30  37   4  28   0 0.00  0.0    0 21.9 30 170   M    M  10 18     38 180
12  44  37  41   8  24   0 0.01  0.0    0 13.5 26 180   M    M  10 128    32 180
13  45  38  42   9  23   0    T  0.0    0 13.4 23 180   M    M  10 12     28 180
14  55  34  45  13  20   0 0.13  0.0    0 14.9 26 230   M    M   3 1      36 230
15  44  26  35   3  30   0 0.00  0.0    0  7.8 16  20   M    M   0        20  20
16  48  25  37   5  28   0 0.00  0.0    0 10.0 20 210   M    M   1        25 210
17  53  25  39   7  26   0 0.00  0.0    0  6.9 12 220   M    M   0        14 220
18  61  32  47  15  18   0 0.00  0.0    0 15.9 30 210   M    M   0        35 220
19  46  27  37   5  28   0 1.08  2.8    0 20.7 43  40   M    M   7 1      52  40
20  28  17  23  -9  42   0 0.30  3.0    6 18.6 35  10   M    M   8 18     40  20
21  33  15  24  -8  41   0 0.00  0.0    6  7.2 14 360   M    M   0        17 240
22  31  13  22 -10  43   0    T    T    4 19.9 36  30   M    M   6 18     43  40
23  27   6  17 -15  48   0 0.00  0.0    4 10.5 17 260   M    M   0        22 260
24  34  13  24  -8  41   0 0.00  0.0    4  8.9 18 290   M    M   0        20 310
25  35  17  26  -6  39   0 0.00  0.0    3  8.4 16 360   M    M   1        20 360
26  36  23  30  -2  35   0 0.00  0.0    2 10.6 21 320   M    M   3        25 350
27  39  24  32   0  33   0 0.00  0.0    1 10.5 20 320   M    M   0        24 320
28  41  22  32   0  33   0 0.00  0.0    1 10.2 15 260   M    M   0        20 250
29  51  30  41   9  24   0 0.00  0.0    1 11.8 23 290   M    M   0        29 300
30  50  31  41   9  24   0 0.00  0.0    T 11.6 17 260   M    M   0        22 310
================================================================================
SM 1197  670      1006   0  2.13     5.8 372.2          M      107
================================================================================
AV 39.9 22.3                              12.4 FASTST   M    M   4    MAX(MPH)
                                 MISC ---->  # 43  40               # 52   40
================================================================================
NOTES:
# LAST OF SEVERAL OCCURRENCES

COLUMN 17 PEAK WIND IN M.P.H.

PRELIMINARY LOCAL CLIMATOLOGICAL DATA (WS FORM: F-6) , PAGE 2

                                          STATION:  DODGE CITY KS
                                          MONTH:    DECEMBER
                                          YEAR:     2011
                                          LATITUDE:   37 46 N
                                          LONGITUDE:  99 58 W

[TEMPERATURE DATA]      [PRECIPITATION DATA]       SYMBOLS USED IN COLUMN 16

AVERAGE MONTHLY: 31.1   TOTAL FOR MONTH:   2.13    1 = FOG OR MIST
DPTR FM NORMAL:  -1.8   DPTR FM NORMAL:    1.31    2 = FOG REDUCING VISIBILITY
HIGHEST:    61 ON 18    GRTST 24HR  1.08 ON 19-19      TO 1/4 MILE OR LESS
LOWEST:      6 ON 23                               3 = THUNDER
                        SNOW, ICE PELLETS, HAIL    4 = ICE PELLETS
                        TOTAL MONTH:   5.8 INCHES  5 = HAIL
                        GRTST 24HR   3.0 ON 20-20  6 = FREEZING RAIN OR DRIZZLE
                        GRTST DEPTH:   6 ON 21,20  7 = DUSTSTORM OR SANDSTORM:
                                                       VSBY 1/2 MILE OR LESS
                                                   8 = SMOKE OR HAZE
[NO. OF DAYS WITH]      [WEATHER - DAYS WITH]      9 = BLOWING SNOW
                                                   X = TORNADO
MAX 32 OR BELOW:   6    0.01 INCH OR MORE:   5
MAX 90 OR ABOVE:   0    0.10 INCH OR MORE:   4
MIN 32 OR BELOW:  27    0.50 INCH OR MORE:   2
MIN  0 OR BELOW:   0    1.00 INCH OR MORE:   1

[HDD (BASE 65) ]
TOTAL THIS MO.  1006    CLEAR  (SCALE 0-3)  17
DPTR FM NORMAL    44    PTCLDY (SCALE 4-7)   8
TOTAL FM JUL 1  1948    CLOUDY (SCALE 8-10)  5
DPTR FM NORMAL   -28

[CDD (BASE 65) ]
TOTAL THIS MO.     0
DPTR FM NORMAL     0    [PRESSURE DATA]
TOTAL FM JAN 1  2041    HIGHEST SLP M ON M
DPTR FM NORMAL   578    LOWEST  SLP 29.67 ON 29

[REMARKS]
