000
CXUS53 KDDC 011531
CF6DDC
PRELIMINARY LOCAL CLIMATOLOGICAL DATA (WS FORM: F-6)

                                          STATION:   DODGE CITY KS
                                          MONTH:     OCTOBER
                                          YEAR:      2016
                                          LATITUDE:   37 46 N
                                          LONGITUDE:  99 58 W

  TEMPERATURE IN F:       :PCPN:    SNOW:  WIND      :SUNSHINE: SKY     :PK WND
================================================================================
1   2   3   4   5  6A  6B    7    8   9   10  11  12  13   14  15   16   17  18
                                     12Z  AVG MX 2MIN
DY MAX MIN AVG DEP HDD CDD  WTR  SNW DPTH SPD SPD DIR MIN PSBL S-S WX    SPD DR
================================================================================

 1  84  56  70   8   0   5 0.00  0.0    0 11.9 18 130   M    M   1        27 170
 2  84  55  70   8   0   5 0.00  0.0    0 14.1 21 150   M    M   1        27 180
 3  87  60  74  12   0   9 0.00  0.0    0 24.9 39 170   M    M   0 8      50 170
 4  78  45  62   1   3   0 0.00  0.0    0 12.7 28 160   M    M   1        38 170
 5  81  39  60  -1   5   0 0.00  0.0    0  8.1 17  80   M    M   0 18     24  70
 6  80  39  60   0   5   0 0.00  0.0    0 16.2 31 350   M    M   3 128    40 350
 7  69  32  51  -9  14   0 0.00  0.0    0  7.1 15 330   M    M   0 1      20 320
 8  77  38  58  -2   7   0 0.00  0.0    0 12.8 23 220   M    M   0        29 210
 9  75  55  65   6   0   0 0.09  0.0    0 16.2 28 170   M    M   5 1      33 180
10  82  54  68   9   0   3    T  0.0    0 16.8 26 190   M    M   1        32 180
11  87  52  70  12   0   5 0.00  0.0    0 10.4 25  10   M    M   0 38     34 360
12  58  38  48 -10  17   0 0.00  0.0    0 16.1 29  20   M    M   3        39  10
13  60  36  48 -10  17   0 0.00  0.0    0  9.4 22 150   M    M   2        27 150
14  82  46  64   7   1   0    T  0.0    0 18.8 26 180   M    M   4 128    34 190
15  88  49  69  12   0   4 0.00  0.0    0 12.7 25 180   M    M   1 1      33 180
16  99  52  76  19   0  11 0.00  0.0    0 12.4 21 190   M    M   0 1      26 210
17 101  55  78  22   0  13 0.00  0.0    0 16.6 25 360   M    M   0        35 220
18  74  45  60   4   5   0 0.00  0.0    0  9.8 17 360   M    M   0        22 360
19  74  42  58   3   7   0 0.00  0.0    0  9.3 20 360   M    M   0        26 360
20  64  37  51  -4  14   0 0.00  0.0    0  9.3 18 340   M    M   0        24 350
21  78  40  59   4   6   0 0.00  0.0    0 12.6 29 190   M    M   0        35 180
22  86  46  66  12   0   1 0.00  0.0    0 14.5 26 170   M    M   0        33 180
23  76  41  59   5   6   0 0.00  0.0    0 10.5 24  20   M    M   0        30  50
24  78  39  59   5   6   0 0.00  0.0    0  8.5 17 140   M    M   0        20 140
25  83  57  70  17   0   5    T  0.0    0 15.3 30 190   M    M   1        37 210
26  79  49  64  11   1   0    T  0.0    0  8.6 18 360   M    M   1 18     23 360
27  84  49  67  15   0   2 0.00  0.0    0 12.5 21 180   M    M   0        25 170
28  92  58  75  23   0  10 0.00  0.0    0 17.0 28 210   M    M   0        38 220
29  88  54  71  19   0   6 0.00  0.0    0 13.7 23 200   M    M   0 8      28 190
30  67  47  57   6   8   0 0.00  0.0    0 11.9 20  10   M    M   3        28 360
31  90  50  70  19   0   5 0.00  0.0    0 15.1 32 210   M    M   0 1      39 210
================================================================================
SM 2485 1455       122  84 0.09  0.0     405.8          M       27
================================================================================
AV 80.2 46.9                              13.1 FASTST   M    M   1      MAX(MPH)
                                 MISC ---->    39 170                     50 170
================================================================================
NOTES:
# LAST OF SEVERAL OCCURRENCES

COLUMN 17 PEAK WIND IN M.P.H.

PRELIMINARY LOCAL CLIMATOLOGICAL DATA (WS FORM: F-6) , PAGE 2

                                          STATION:  DODGE CITY KS
                                          MONTH:    OCTOBER
                                          YEAR:     2016
                                          LATITUDE:   37 46 N
                                          LONGITUDE:  99 58 W

[TEMPERATURE DATA]      [PRECIPITATION DATA]       SYMBOLS USED IN COLUMN 16

AVERAGE MONTHLY: 63.6   TOTAL FOR MONTH:   0.09    1 = FOG OR MIST
DPTR FM NORMAL:   7.0   DPTR FM NORMAL:   -1.65    2 = FOG REDUCING VISIBILITY
HIGHEST:   101 ON 17    GRTST 24HR  0.09 ON  9- 9      TO 1/4 MILE OR LESS
LOWEST:     32 ON  7                               3 = THUNDER
                        SNOW, ICE PELLETS, HAIL    4 = ICE PELLETS
                        TOTAL MONTH:   0.0 INCH    5 = HAIL
                        GRTST 24HR     0.0         6 = FREEZING RAIN OR DRIZZLE
                        GRTST DEPTH:   0           7 = DUSTSTORM OR SANDSTORM:
                                                       VSBY 1/2 MILE OR LESS
                                                   8 = SMOKE OR HAZE
[NO. OF DAYS WITH]      [WEATHER - DAYS WITH]      9 = BLOWING SNOW
                                                   X = TORNADO
MAX 32 OR BELOW:   0    0.01 INCH OR MORE:   1
MAX 90 OR ABOVE:   4    0.10 INCH OR MORE:   0
MIN 32 OR BELOW:   1    0.50 INCH OR MORE:   0
MIN  0 OR BELOW:   0    1.00 INCH OR MORE:   0

[HDD (BASE 65) ]
TOTAL THIS MO.   122    CLEAR  (SCALE 0-3)  28
DPTR FM NORMAL  -169    PTCLDY (SCALE 4-7)   3
TOTAL FM JUL 1   148    CLOUDY (SCALE 8-10)  0
DPTR FM NORMAL  -208

[CDD (BASE 65) ]
TOTAL THIS MO.    84
DPTR FM NORMAL    55    [PRESSURE DATA]
TOTAL FM JAN 1  1580    HIGHEST SLP 30.44 ON 20
DPTR FM NORMAL   118    LOWEST  SLP 29.30 ON 17

[REMARKS]
#FINAL-10-16#
