000
CXUS53 KDDC 011413
CF6DDC
PRELIMINARY LOCAL CLIMATOLOGICAL DATA (WS FORM: F-6)

                                          STATION:   DODGE CITY KS
                                          MONTH:     AUGUST
                                          YEAR:      2011
                                          LATITUDE:   37 46 N
                                          LONGITUDE:  99 58 W

  TEMPERATURE IN F:       :PCPN:    SNOW:  WIND      :SUNSHINE: SKY     :PK WND
================================================================================
1   2   3   4   5  6A  6B    7    8   9   10  11  12  13   14  15   16   17  18
                                     12Z  AVG MX 2MIN
DY MAX MIN AVG DEP HDD CDD  WTR  SNW DPTH SPD SPD DIR MIN PSBL S-S WX    SPD DR
================================================================================

 1 106  73  90  10   0  25 0.00  0.0    0 12.7 29 200   M    M   0        40 230
 2 103  72  88   8   0  23 0.00  0.0    0 12.8 28  10   M    M   0        35 360
 3  95  68  82   2   0  17 0.00  0.0    0  8.8 29 320   M    M   2 3      35 310
 4 100  68  84   4   0  19    T  0.0    0  8.5 18 290   M    M   1 38     26 240
 5  95  68  82   3   0  17 0.09  0.0    0  6.9 46 280   M    M   1 13     54 280
 6 100  64  82   3   0  17 0.04  0.0    0  8.2 18 200   M    M   0 3      24 210
 7 106  69  88   9   0  23 0.21  0.0    0 11.2 44 180   M    M   1 3      53 180
 8  94  65  80   1   0  15 0.04  0.0    0 11.4 33  30   M    M   0 3      45  30
 9  97  61  79   0   0  14 0.00  0.0    0  8.4 21  80   M    M   0        28  80
10  89  63  76  -3   0  11 0.00  0.0    0 16.8 33  80   M    M   3        45  80
11  92  65  79   0   0  14 0.00  0.0    0 10.2 22 160   M    M   1        26 150
12 100  70  85   6   0  20    T  0.0    0 13.5 35  10   M    M   2 38     43  20
13  91  60  76  -3   0  11 0.00  0.0    0  7.4 17  80   M    M   3 12     23  80
14  94  65  80   1   0  15 0.00  0.0    0 15.5 24 160   M    M   1        29 160
15 104  70  87   9   0  22 0.00  0.0    0 15.0 24 160   M    M   1 8      30 200
16 100  74  87   9   0  22 0.05  0.0    0  9.0 17  40   M    M   0 3      22  40
17  95  68  82   4   0  17 0.00  0.0    0  9.2 21 140   M    M   0 18     26 140
18 106  70  88  10   0  23 0.00  0.0    0 10.7 20 190   M    M   0 8      26 210
19 106  72  89  11   0  24 0.04  0.0    0 13.0 30 210   M    M   1        40 200
20  88  69  79   1   0  14 0.17  0.0    0  7.4 20 180   M    M   4        24 170
21  92  65  79   1   0  14    T  0.0    0  7.3 14 170   M    M   1        17 180
22 100  77  89  12   0  24    T  0.0    0 14.7 26 150   M    M   1        31 180
23 108  73  91  14   0  26 0.00  0.0    0 10.1 18 170   M    M   0        22 170
24 106  72  89  12   0  24 0.00  0.0    0 12.9 25  60   M    M   0        32  60
25  98  64  81   4   0  16 0.00  0.0    0 10.8 20 140   M    M   0        25 140
26 106  63  85   8   0  20    T  0.0    0 10.8 22 180   M    M   0        28 180
27 102  67  85   9   0  20 0.00  0.0    0  8.2 15 200   M    M   0        21 230
28 105  69  87  11   0  22 0.00  0.0    0  8.0 20  60   M    M   0        24  70
29  95  68  82   6   0  17 0.00  0.0    0 12.0 23  30   M    M   0        30  50
30  99  67  83   7   0  18 0.01  0.0    0  5.7 33 320   M    M   0 1      40 320
31 107  69  88  13   0  23 0.00  0.0    0 10.6 23 140   M    M   0        30 180
================================================================================
SM 3079 2108         0 587 0.65  0.0     327.7          M       23
================================================================================
AV 99.3 68.0                              10.6 FASTST   M    M   1      MAX(MPH)
                                 MISC ---->    46 280                     54 280
================================================================================
NOTES:
# LAST OF SEVERAL OCCURRENCES

COLUMN 17 PEAK WIND IN M.P.H.

PRELIMINARY LOCAL CLIMATOLOGICAL DATA (WS FORM: F-6) , PAGE 2

                                          STATION:  DODGE CITY KS
                                          MONTH:    AUGUST
                                          YEAR:     2011
                                          LATITUDE:   37 46 N
                                          LONGITUDE:  99 58 W

[TEMPERATURE DATA]      [PRECIPITATION DATA]       SYMBOLS USED IN COLUMN 16

AVERAGE MONTHLY: 83.7   TOTAL FOR MONTH:   0.65    1 = FOG OR MIST
DPTR FM NORMAL:   5.6   DPTR FM NORMAL:   -2.10    2 = FOG REDUCING VISIBILITY
HIGHEST:   108 ON 23    GRTST 24HR  0.25 ON  7- 8      TO 1/4 MILE OR LESS
LOWEST:     60 ON 13                               3 = THUNDER
                        SNOW, ICE PELLETS, HAIL    4 = ICE PELLETS
                        TOTAL MONTH:   0.0 INCH    5 = HAIL
                        GRTST 24HR     0.0         6 = FREEZING RAIN OR DRIZZLE
                        GRTST DEPTH:   0           7 = DUSTSTORM OR SANDSTORM:
                                                       VSBY 1/2 MILE OR LESS
                                                   8 = SMOKE OR HAZE
[NO. OF DAYS WITH]      [WEATHER - DAYS WITH]      9 = BLOWING SNOW
                                                   X = TORNADO
MAX 32 OR BELOW:   0    0.01 INCH OR MORE:   8
MAX 90 OR ABOVE:  29    0.10 INCH OR MORE:   2
MIN 32 OR BELOW:   0    0.50 INCH OR MORE:   0
MIN  0 OR BELOW:   0    1.00 INCH OR MORE:   0

[HDD (BASE 65) ]
TOTAL THIS MO.     0    CLEAR  (SCALE 0-3)  29
DPTR FM NORMAL    -3    PTCLDY (SCALE 4-7)   2
TOTAL FM JUL 1     0    CLOUDY (SCALE 8-10)  0
DPTR FM NORMAL    -4

[CDD (BASE 65) ]
TOTAL THIS MO.   587
DPTR FM NORMAL   180    [PRESSURE DATA]
TOTAL FM JAN 1  1854    HIGHEST SLP 30.08 ON 17
DPTR FM NORMAL   608    LOWEST  SLP 29.62 ON  8

[REMARKS]
#FINAL-08-11#
