000
CXUS53 KDDC 020036
CF6DDC
PRELIMINARY LOCAL CLIMATOLOGICAL DATA (WS FORM: F-6)

                                          STATION:   DODGE CITY KS
                                          MONTH:     FEBRUARY
                                          YEAR:      2016
                                          LATITUDE:   37 46 N
                                          LONGITUDE:  99 58 W

  TEMPERATURE IN F:       :PCPN:    SNOW:  WIND      :SUNSHINE: SKY     :PK WND
================================================================================
1   2   3   4   5  6A  6B    7    8   9   10  11  12  13   14  15   16   17  18
                                     12Z  AVG MX 2MIN
DY MAX MIN AVG DEP HDD CDD  WTR  SNW DPTH SPD SPD DIR MIN PSBL S-S WX    SPD DR
================================================================================

 1  50  27  39   6  26   0 0.26  0.1    0 14.9 31 120   M    M   7 1      38 120
 2  32  22  27  -6  38   0 0.05    T    T 20.7 37 320   M    M   9 1      49 320
 3  32  17  25  -8  40   0 0.00  0.0    0 12.8 20 320   M    M   0        25 320
 4  40  15  28  -6  37   0 0.00  0.0    0  9.0 21 270   M    M   0        24 260
 5  42  22  32  -2  33   0 0.00  0.0    0  9.8 21 330   M    M   4        28 320
 6  52  18  35   1  30   0 0.00  0.0    0 10.8 17 220   M    M   0        22 210
 7  48  26  37   3  28   0 0.00  0.0    0 17.1 28 340   M    M   3        40 320
 8  43  25  34   0  31   0 0.00  0.0    0 19.7 36 350   M    M   1        48 350
 9  47  25  36   2  29   0 0.00  0.0    0 10.6 21 350   M    M   1        26 350
10  74  30  52  17  13   0 0.00  0.0    0 13.3 25 320   M    M   0        33 320
11  58  25  42   7  23   0 0.00  0.0    0  9.5 17 200   M    M   0 8      22 210
12  45  24  35   0  30   0 0.00  0.0    0 10.2 18  40   M    M   1        23  30
13  45  19  32  -3  33   0 0.00  0.0    0 12.8 25 150   M    M   0 1      32 160
14  52  23  38   2  27   0 0.00  0.0    0  7.3 25 340   M    M   1        38 340
15  63  28  46  10  19   0 0.00  0.0    0 12.4 29 310   M    M   3        36 320
16  55  32  44   8  21   0 0.00  0.0    0 14.5 28 360   M    M   0        38 360
17  68  32  50  14  15   0 0.00  0.0    0  9.8 17 160   M    M   0 8      21 150
18  88  46  67  30   0   2 0.00  0.0    0 19.8 33 250   M    M   0        44 220
19  71  39  55  18  10   0 0.00  0.0    0  9.6 28 340   M    M   0 8      38 340
20  72  36  54  17  11   0 0.00  0.0    0 13.2 32  20   M    M   0        37  20
21  57  31  44   7  21   0 0.00  0.0    0 12.9 29  20   M    M   0        34  10
22  54  26  40   2  25   0 0.00  0.0    0  7.8 18 170   M    M   6        23 170
23  51  26  39   1  26   0    T  0.0    0 15.5 36  20   M    M   5        44  20
24  59  22  41   3  24   0 0.00  0.0    0 15.7 38 320   M    M   0        45 310
25  45  19  32  -7  33   0 0.00  0.0    0 11.8 24 350   M    M   0        34 340
26  64  20  42   3  23   0 0.00  0.0    0 11.7 23 360   M    M   0        29  10
27  76  31  54  15  11   0 0.00  0.0    0 17.8 32 200   M    M   0        41 210
28  65  32  49   9  16   0 0.00  0.0    0 16.8 32 350   M    M   0        45 340
29  73  32  53  13  12   0 0.00  0.0    0 15.9 38 350   M    M   0        47 360
================================================================================
SM 1621  770       685   2 0.31  0.1     383.7          M       41
================================================================================
AV 55.9 26.6                              13.2 FASTST   M    M   1      MAX(MPH)
                                 MISC ---->  # 38 350                     49 320
================================================================================
NOTES:
# LAST OF SEVERAL OCCURRENCES

COLUMN 17 PEAK WIND IN M.P.H.

PRELIMINARY LOCAL CLIMATOLOGICAL DATA (WS FORM: F-6) , PAGE 2

                                          STATION:  DODGE CITY KS
                                          MONTH:    FEBRUARY
                                          YEAR:     2016
                                          LATITUDE:   37 46 N
                                          LONGITUDE:  99 58 W

[TEMPERATURE DATA]      [PRECIPITATION DATA]       SYMBOLS USED IN COLUMN 16

AVERAGE MONTHLY: 41.3   TOTAL FOR MONTH:   0.31    1 = FOG OR MIST
DPTR FM NORMAL:   5.4   DPTR FM NORMAL:   -0.37    2 = FOG REDUCING VISIBILITY
HIGHEST:    88 ON 18    GRTST 24HR  0.31 ON  1- 2      TO 1/4 MILE OR LESS
LOWEST:     15 ON  4                               3 = THUNDER
                        SNOW, ICE PELLETS, HAIL    4 = ICE PELLETS
                        TOTAL MONTH:   0.1 INCH    5 = HAIL
                        GRTST 24HR   0.1 ON   1    6 = FREEZING RAIN OR DRIZZLE
                        GRTST DEPTH:   T ON   2    7 = DUSTSTORM OR SANDSTORM:
                                                       VSBY 1/2 MILE OR LESS
                                                   8 = SMOKE OR HAZE
[NO. OF DAYS WITH]      [WEATHER - DAYS WITH]      9 = BLOWING SNOW
                                                   X = TORNADO
MAX 32 OR BELOW:   2    0.01 INCH OR MORE:   2
MAX 90 OR ABOVE:   0    0.10 INCH OR MORE:   1
MIN 32 OR BELOW:  26    0.50 INCH OR MORE:   0
MIN  0 OR BELOW:   0    1.00 INCH OR MORE:   0

[HDD (BASE 65) ]
TOTAL THIS MO.   685    CLEAR  (SCALE 0-3)  24
DPTR FM NORMAL  -155    PTCLDY (SCALE 4-7)   4
TOTAL FM JUL 1  3362    CLOUDY (SCALE 8-10)  1
DPTR FM NORMAL  -535

[CDD (BASE 65) ]
TOTAL THIS MO.     2
DPTR FM NORMAL     2    [PRESSURE DATA]
TOTAL FM JAN 1     2    HIGHEST SLP 30.50 ON 12
DPTR FM NORMAL     2    LOWEST  SLP 29.31 ON  2

[REMARKS]
#FINAL-02-16#
