000
CXUS53 KDDC 241753
CF6DDC
PRELIMINARY LOCAL CLIMATOLOGICAL DATA (WS FORM: F-6)

                                          STATION:   DODGE CITY KS
                                          MONTH:     DECEMBER
                                          YEAR:      2014
                                          LATITUDE:   37 46 N
                                          LONGITUDE:  99 58 W

  TEMPERATURE IN F:       :PCPN:    SNOW:  WIND      :SUNSHINE: SKY     :PK WND
================================================================================
1   2   3   4   5  6A  6B    7    8   9   10  11  12  13   14  15   16   17  18
                                     12Z  AVG MX 2MIN
DY MAX MIN AVG DEP HDD CDD  WTR  SNW DPTH SPD SPD DIR MIN PSBL S-S WX    SPD DR
================================================================================

 1  28   9  19 -17  46   0 0.00  0.0    0 10.5 25  10   M    M   0        31  10
 2  45  14  30  -6  35   0 0.00  0.0    0 11.5 20 210   M    M   0        25 210
 3  45  26  36   1  29   0 0.00  0.0    0 13.1 28  80   M    M   3        35  80
 4  46  29  38   3  27   0 0.26  0.0    0  9.1 16 190   M    M   9 18     19 190
 5  63  34  49  15  16   0 0.21  0.0    0  7.1 14 360   M    M   4 1      16 300
 6  48  28  38   4  27   0 0.00  0.0    0  8.9 18 160   M    M   1 128    23 170
 7  58  37  48  14  17   0    T  0.0    0 13.3 22 200   M    M   5 12     27 170
 8  60  30  45  11  20   0 0.00  0.0    0  5.9 14  30   M    M   0        18  40
 9  49  26  38   5  27   0 0.00  0.0    0  8.7 17 140   M    M   0 18     20 130
10  43  32  38   5  27   0 0.00  0.0    0  5.5 17 190   M    M   9 128    22 190
11  45  38  42   9  23   0 0.00  0.0    0  7.8 16 170   M    M  10 12     19 170
12  51  45  48  15  17   0 0.00  0.0    0 11.3 17 170   M    M  10 12     21 150
13  60  48  54  21  11   0 0.00  0.0    0 19.1 28 170   M    M   8 128    34 170
14  59  40  50  18  15   0 0.32  0.0    0 17.0 31 140   M    M   9 13     38 150
15  42  29  36   4  29   0 0.01  0.0    0 25.3 37 310   M    M   7 1      47 310
16  42  20  31  -1  34   0 0.00  0.0    0  8.7 17 330   M    M   0        24 330
17  37  29  33   1  32   0 0.07  0.6    0 14.4 22 150   M    M   7 18     27 130
18  35  28  32   0  33   0 0.05  0.6    1  4.2  9 170   M    M  10 128    10 170
19  43  29  36   4  29   0 0.00  0.0    0  8.0 15 220   M    M   7 12     18 220
20  43  30  37   5  28   0 0.00  0.0    0 11.1 17 200   M    M   2 128    20 190
21  47  31  39   7  26   0 0.00  0.0    0 15.2 22 170   M    M   7 128    27 200
22  53  32  43  11  22   0    T  0.0    0 16.0 26 320   M    M   4 1      34 320
23  36  30  33   1  32   0 0.03  0.3    0 21.7 33 350   M    M   8 18     44 350
24  44  22  33   1  32   0 0.00  0.0    T 12.8 20 320   M    M   1        29 320
25  56  30  43  11  22   0 0.00  0.0    0 16.3 25 210   M    M   0        32 210
26  31  19  25  -7  40   0    T    T    0 14.8 24  10   M    M   8 18     29 350
27  34  16  25  -7  40   0 0.00  0.0    T  9.3 17 310   M    M   0        21 310
28  42  13  28  -4  37   0 0.00  0.0    0  9.4 21 180   M    M   0        24 150
29  34  14  24  -8  41   0 0.03  1.1    0 13.0 28  20   M    M   6 18     33  20
30  14  -2   6 -26  59   0 0.02  1.2    2 18.3 29  10   M    M  10 18     33  20
31  15  -3   6 -26  59   0    T    T    2  7.2 14 220   M    M   4 8      17 360
================================================================================
SM 1348  803       932   0 1.00  3.8     374.5          M      149
================================================================================
AV 43.5 25.9                              12.1 FASTST   M    M   5      MAX(MPH)
                                 MISC ---->    37 310                     47 310
================================================================================
NOTES:
# LAST OF SEVERAL OCCURRENCES

COLUMN 17 PEAK WIND IN M.P.H.

PRELIMINARY LOCAL CLIMATOLOGICAL DATA (WS FORM: F-6) , PAGE 2

                                          STATION:  DODGE CITY KS
                                          MONTH:    DECEMBER
                                          YEAR:     2014
                                          LATITUDE:   37 46 N
                                          LONGITUDE:  99 58 W

[TEMPERATURE DATA]      [PRECIPITATION DATA]       SYMBOLS USED IN COLUMN 16

AVERAGE MONTHLY: 34.7   TOTAL FOR MONTH:   1.00    1 = FOG OR MIST
DPTR FM NORMAL:   1.9   DPTR FM NORMAL:    0.16    2 = FOG REDUCING VISIBILITY
HIGHEST:    63 ON  5    GRTST 24HR  0.47 ON  4- 5      TO 1/4 MILE OR LESS
LOWEST:     -3 ON 31                               3 = THUNDER
                        SNOW, ICE PELLETS, HAIL    4 = ICE PELLETS
                        TOTAL MONTH:   3.8 INCHES  5 = HAIL
                        GRTST 24HR   2.3 ON 30,29  6 = FREEZING RAIN OR DRIZZLE
                        GRTST DEPTH:   2 ON 31,30  7 = DUSTSTORM OR SANDSTORM:
                                                       VSBY 1/2 MILE OR LESS
                                                   8 = SMOKE OR HAZE
[NO. OF DAYS WITH]      [WEATHER - DAYS WITH]      9 = BLOWING SNOW
                                                   X = TORNADO
MAX 32 OR BELOW:   4    0.01 INCH OR MORE:   9
MAX 90 OR ABOVE:   0    0.10 INCH OR MORE:   3
MIN 32 OR BELOW:  25    0.50 INCH OR MORE:   0
MIN  0 OR BELOW:   2    1.00 INCH OR MORE:   0

[HDD (BASE 65) ]
TOTAL THIS MO.   932    CLEAR  (SCALE 0-3)  12
DPTR FM NORMAL   -68    PTCLDY (SCALE 4-7)  11
TOTAL FM JUL 1  1930    CLOUDY (SCALE 8-10)  8
DPTR FM NORMAL   -84

[CDD (BASE 65) ]
TOTAL THIS MO.     0
DPTR FM NORMAL     0    [PRESSURE DATA]
TOTAL FM JAN 1  1475    HIGHEST SLP 30.87 ON 30
DPTR FM NORMAL    12    LOWEST  SLP 29.48 ON 25

[REMARKS]
#FINAL-12-14#
