000
CXUS43 KDDC 031929
CF6DDC
PRELIMINARY LOCAL CLIMATOLOGICAL DATA (WS FORM: F-6)

                                          STATION:   DODGE CITY KS
                                          MONTH:     DECEMBER
                                          YEAR:      2010
                                          LATITUDE:   37 46 N
                                          LONGITUDE:  99 58 W

  TEMPERATURE IN F:       :PCPN:    SNOW:  WIND      :SUNSHINE: SKY     :PK WND
================================================================================
1   2   3   4   5  6A  6B    7    8   9   10  11  12  13   14  15   16   17  18
                                     12Z  AVG MX 2MIN
DY MAX MIN AVG DEP HDD CDD  WTR  SNW DPTH SPD SPD DIR MIN PSBL S-S WX    SPD DR
================================================================================

 1  50  16  33  -4  32   0 0.00  0.0    0  8.3 17 190   M    M   0        23 190
 2  58  25  42   6  23   0 0.00  0.0    0  6.6 13  10   M    M   0        15  10
 3  56  29  43   7  22   0 0.00  0.0    0 11.5 25  10   M    M   0        31  20
 4  44  20  32  -4  33   0 0.00  0.0    0 14.5 28 360   M    M   0        36  10
 5  35  19  27  -9  38   0 0.00  0.0    0  4.8 10  80   M    M   2        14  80
 6  49  17  33  -2  32   0 0.00  0.0    0  7.8 13 170   M    M   0        17 210
 7  38  24  31  -4  34   0 0.23  0.2    0  4.4 12 280   M    M   7 16     14 280
 8  54  28  41   6  24   0 0.00  0.0    0  7.5 15 190   M    M   1 1      20 170
 9  64  30  47  13  18   0 0.00  0.0    0  9.3 22  10   M    M   0        28 360
10  60  30  45  11  20   0 0.00  0.0    0 10.9 26 310   M    M   1        35 310
11  49  20  35   1  30   0 0.00  0.0    0 20.5 35 350   M    M   2        46 350
12  41  13  27  -7  38   0 0.00  0.0    0  8.8 16 350   M    M   1        22 350
13  40  17  29  -5  36   0 0.00  0.0    0 10.8 20 150   M    M   1        23 140
14  47  16  32  -1  33   0 0.00  0.0    0 10.1 18 160   M    M   0        23 150
15  43  19  31  -2  34   0 0.00  0.0    0  9.2 18  10   M    M   1        22  10
16  47  28  38   5  27   0 0.00  0.0    0  8.4 23 350   M    M   3        31 350
17  40  29  35   2  30   0 0.00  0.0    0  5.3 13 180   M    M  10        16 170
18  44  25  35   3  30   0 0.00  0.0    0  9.2 20 190   M    M   7 1      28 190
19  48  20  34   2  31   0 0.00  0.0    0  9.9 20 160   M    M   1 1      24 160
20  66  31  49  17  16   0 0.00  0.0    0 11.7 22  10   M    M   0        28  10
21  40  26  33   1  32   0 0.00  0.0    0 10.5 18  30   M    M   2 18     22  30
22  37  20  29  -3  36   0 0.00  0.0    0  7.0 13  30   M    M   1        16  60
23  36  18  27  -5  38   0    T  0.0    0 12.5 23 170   M    M   4 168    29 170
24  44  20  32   1  33   0 0.00  0.0    0 13.5 30 360   M    M   5 18     37 360
25  31  15  23  -8  42   0 0.00  0.0    0  9.0 21  20   M    M   6 1      25  10
26  37  11  24  -7  41   0 0.00  0.0    0 14.2 25 150   M    M   0 1      31 160
27  46  17  32   1  33   0 0.00  0.0    0  9.3 24 160   M    M   2 18     30 160
28  49  22  36   5  29   0 0.00  0.0    0  7.3 15 170   M    M   2        18 160
29  56  26  41  10  24   0 0.00  0.0    0 16.0 26 170   M    M   2 12     33 170
30  56  21  39   9  26   0 0.08  0.5    0 14.6 29  50   M    M   2 12     37  50
31  21   4  13 -17  52   0 0.10  1.6    2 15.2 26 300   M    M   4 12     32 300
================================================================================
SM 1426  656       967   0 0.41  2.3     318.6          M       67
================================================================================
AV 46.0 21.2                              10.3 FASTST   M    M   2    MAX(MPH)
                                 MISC ---->    35 350                     46 350
================================================================================
NOTES:
# LAST OF SEVERAL OCCURRENCES

COLUMN 17 PEAK WIND IN M.P.H.

PRELIMINARY LOCAL CLIMATOLOGICAL DATA (WS FORM: F-6) , PAGE 2

                                          STATION:  DODGE CITY KS
                                          MONTH:    DECEMBER
                                          YEAR:     2010
                                          LATITUDE:   37 46 N
                                          LONGITUDE:  99 58 W

[TEMPERATURE DATA]      [PRECIPITATION DATA]       SYMBOLS USED IN COLUMN 16

AVERAGE MONTHLY: 33.6   TOTAL FOR MONTH:   0.41    1 = FOG OR MIST
DPTR FM NORMAL:   0.5   DPTR FM NORMAL:   -0.36    2 = FOG REDUCING VISIBILITY
HIGHEST:    66 ON 20    GRTST 24HR  0.23 ON  7- 7      TO 1/4 MILE OR LESS
LOWEST:      4 ON 31                               3 = THUNDER
                        SNOW, ICE PELLETS, HAIL    4 = ICE PELLETS
                        TOTAL MONTH:   2.3 INCHES  5 = HAIL
                        GRTST 24HR   2.1 ON 30-31  6 = FREEZING RAIN OR DRIZZLE
                        GRTST DEPTH:   2 ON 31     7 = DUSTSTORM OR SANDSTORM:
                                                       VSBY 1/2 MILE OR LESS
                                                   8 = SMOKE OR HAZE
[NO. OF DAYS WITH]      [WEATHER - DAYS WITH]      9 = BLOWING SNOW
                                                   X = TORNADO
MAX 32 OR BELOW:   2    0.01 INCH OR MORE:   3
MAX 90 OR ABOVE:   0    0.10 INCH OR MORE:   2
MIN 32 OR BELOW:  31    0.50 INCH OR MORE:   0
MIN  0 OR BELOW:   0    1.00 INCH OR MORE:   0

[HDD (BASE 65) ]
TOTAL THIS MO.   967    CLEAR  (SCALE 0-3)  24
DPTR FM NORMAL   -11    PTCLDY (SCALE 4-7)   6
TOTAL FM JUL 1  1796    CLOUDY (SCALE 8-10)  1
DPTR FM NORMAL  -197

[CDD (BASE 65) ]
TOTAL THIS MO.     0
DPTR FM NORMAL     0    [PRESSURE DATA]
TOTAL FM JAN 1  1701    HIGHEST SLP 30.62 ON  5
DPTR FM NORMAL   220    LOWEST  SLP 29.10 ON 30

[REMARKS]
#FINAL-12-10#
