000
CXUS53 KDDC 311200
CF6DDC
PRELIMINARY LOCAL CLIMATOLOGICAL DATA (WS FORM: F-6)

                                          STATION:   DODGE CITY KS
                                          MONTH:     DECEMBER
                                          YEAR:      2013
                                          LATITUDE:   37 46 N
                                          LONGITUDE:  99 58 W

  TEMPERATURE IN F:       :PCPN:    SNOW:  WIND      :SUNSHINE: SKY     :PK WND
================================================================================
1   2   3   4   5  6A  6B    7    8   9   10  11  12  13   14  15   16   17  18
                                     12Z  AVG MX 2MIN
DY MAX MIN AVG DEP HDD CDD  WTR  SNW DPTH SPD SPD DIR MIN PSBL S-S WX    SPD DR
================================================================================

 1  61  28  45   9  20   0 0.00  0.0    0  4.9  9 210   M    M   0        13 210
 2  66  31  49  13  16   0 0.00  0.0    0  9.2 15 320   M    M   0        21 330
 3  63  31  47  12  18   0 0.00  0.0    0  8.8 31  20   M    M   1 18     37  30
 4  32  16  24 -11  41   0    T  0.0    0 19.9 30 360   M    M   8 16     37 360
 5  16   9  13 -21  52   0 0.05  1.7    0 14.6 25 350   M    M   9 18     32 350
 6  13  -4   5 -29  60   0    T  0.1    2 12.1 22  20   M    M   7 18     25  20
 7  14  -5   5 -29  60   0    T    T    1 11.2 23 150   M    M   8        28 150
 8  22   3  13 -21  52   0    T  0.1    1 10.7 23 150   M    M   8 18     26 150
 9  19   1  10 -23  55   0 0.00  0.0    1  8.2 16 350   M    M   4        19 350
10  47  10  29  -4  36   0 0.00  0.0    T 12.1 26 160   M    M   0        31 170
11  30  18  24  -9  41   0 0.00  0.0    0 11.5 22  20   M    M   0        28  20
12  50  17  34   1  31   0 0.00  0.0    0 14.1 22 190   M    M   0        27 190
13  45  23  34   1  31   0 0.00  0.0    0 11.5 23 360   M    M   0 1      31  10
14  49  20  35   3  30   0 0.00  0.0    0 13.4 28 360   M    M   3 18     33 360
15  57  28  43  11  22   0 0.00  0.0    0 10.8 15 250   M    M   0        20 260
16  64  28  46  14  19   0 0.00  0.0    0  9.2 20 320   M    M   0        24 320
17  56  25  41   9  24   0 0.00  0.0    0 10.0 16 320   M    M   0        20 320
18  66  33  50  18  15   0 0.00  0.0    0 14.2 28 210   M    M   0        32 220
19  53  22  38   6  27   0 0.00  0.0    0 11.4 36 360   M    M   1        45 360
20  27  16  22 -10  43   0 0.00  0.0    0 11.5 30 350   M    M   6        37 350
21  26  17  22 -10  43   0 0.43  3.6    0  8.2 18 360   M    M   5 12     21 360
22  34  10  22 -10  43   0 0.00  0.0    4  9.5 15 310   M    M   0        18 320
23  19   8  14 -18  51   0    T    T    3 12.2 25  40   M    M   8 18     29  40
24  37  15  26  -6  39   0    T    T    3 17.7 31 190   M    M   6 189    37 190
25  46  19  33   1  32   0 0.00  0.0    3  9.4 21 310   M    M   1        25 310
26  56  24  40   8  25   0 0.00  0.0    T  8.5 17 220   M    M   0        24 220
27  57  25  41   9  24   0 0.00  0.0    T  8.7 15 220   M    M   0        19 220
28  50  27  39   7  26   0 0.00  0.0    T 15.4 38  10   M    M   0        45  10
29  28  11  20 -12  45   0 0.00  0.0    T 18.3 39  10   M    M   5        48 360
30  52  12  32   0  33   0 0.00  0.0    0 10.7 24 360   M    M   0        34 360
================================================================================
SM 1255  518      1054   0  0.48     5.5 347.9          M       80
================================================================================
AV 41.8 17.3                              11.6 FASTST   M    M   3    MAX(MPH)
                                 MISC ---->  # 39  10               # 48  360
================================================================================
NOTES:
# LAST OF SEVERAL OCCURRENCES

COLUMN 17 PEAK WIND IN M.P.H.

PRELIMINARY LOCAL CLIMATOLOGICAL DATA (WS FORM: F-6) , PAGE 2

                                          STATION:  DODGE CITY KS
                                          MONTH:    DECEMBER
                                          YEAR:     2013
                                          LATITUDE:   37 46 N
                                          LONGITUDE:  99 58 W

[TEMPERATURE DATA]      [PRECIPITATION DATA]       SYMBOLS USED IN COLUMN 16

AVERAGE MONTHLY: 29.5   TOTAL FOR MONTH:   0.48    1 = FOG OR MIST
DPTR FM NORMAL:  -3.4   DPTR FM NORMAL:   -0.34    2 = FOG REDUCING VISIBILITY
HIGHEST:    66 ON 18, 2 GRTST 24HR  0.43 ON 21-21      TO 1/4 MILE OR LESS
LOWEST:     -5 ON  7                               3 = THUNDER
                        SNOW, ICE PELLETS, HAIL    4 = ICE PELLETS
                        TOTAL MONTH:   5.5 INCHES  5 = HAIL
                        GRTST 24HR   3.6 ON   M    6 = FREEZING RAIN OR DRIZZLE
                        GRTST DEPTH:   4 ON 22     7 = DUSTSTORM OR SANDSTORM:
                                                       VSBY 1/2 MILE OR LESS
                                                   8 = SMOKE OR HAZE
[NO. OF DAYS WITH]      [WEATHER - DAYS WITH]      9 = BLOWING SNOW
                                                   X = TORNADO
MAX 32 OR BELOW:  11    0.01 INCH OR MORE:   2
MAX 90 OR ABOVE:   0    0.10 INCH OR MORE:   1
MIN 32 OR BELOW:  29    0.50 INCH OR MORE:   0
MIN  0 OR BELOW:   2    1.00 INCH OR MORE:   0

[HDD (BASE 65) ]
TOTAL THIS MO.  1054    CLEAR  (SCALE 0-3)  19
DPTR FM NORMAL    92    PTCLDY (SCALE 4-7)   6
TOTAL FM JUL 1  2082    CLOUDY (SCALE 8-10)  5
DPTR FM NORMAL   106

[CDD (BASE 65) ]
TOTAL THIS MO.     0
DPTR FM NORMAL     0    [PRESSURE DATA]
TOTAL FM JAN 1  1641    HIGHEST SLP M ON M
DPTR FM NORMAL   178    LOWEST  SLP 29.42 ON  3

[REMARKS]
