000
CXUS43 KDDC 011402
CF6DDC
PRELIMINARY LOCAL CLIMATOLOGICAL DATA (WS FORM: F-6)

                                          STATION:   DODGE CITY KS
                                          MONTH:     MARCH
                                          YEAR:      2010
                                          LATITUDE:   37 46 N
                                          LONGITUDE:  99 58 W

  TEMPERATURE IN F:       :PCPN:    SNOW:  WIND      :SUNSHINE: SKY     :PK WND
================================================================================
1   2   3   4   5  6A  6B    7    8   9   10  11  12  13   14  15   16   17  18
                                     12Z  AVG MX 2MIN
DY MAX MIN AVG DEP HDD CDD  WTR  SNW DPTH SPD SPD DIR MIN PSBL S-S WX    SPD DR
================================================================================

 1  37  29  33  -7  32   0    T    T    0  9.4 17  50   M    M  10        22  50
 2  52  29  41   1  24   0 0.00  0.0    0  4.1 12 170   M    M   6 18     20 220
 3  55  23  39  -1  26   0 0.00  0.0    0  8.4 15 140   M    M   0 18     20 130
 4  61  31  46   5  19   0 0.00  0.0    0 16.3 26 160   M    M   0 8      32 170
 5  66  38  52  11  13   0 0.00  0.0    0 21.5 36 150   M    M   1 1      43 150
 6  65  39  52  11  13   0 0.00  0.0    0  9.7 20 200   M    M   4 1      25 200
 7  53  30  42   0  23   0 0.00  0.0    0 10.0 18 160   M    M   8 12     22 170
 8  51  41  46   4  19   0 0.39  0.0    0 15.9 26 150   M    M   9 12     32 160
 9  50  37  44   2  21   0 0.01  0.0    0 13.2 29 310   M    M   8 12     35 310
10  44  35  40  -2  25   0    T  0.0    0 13.0 23  10   M    M  10        29  10
11  47  31  39  -4  26   0 0.03    T    0 18.0 28 330   M    M   7 1      37 350
12  52  32  42  -1  23   0 0.00  0.0    0 19.8 37 320   M    M   4        45 320
13  57  31  44   1  21   0 0.00  0.0    0 11.8 21 350   M    M   2        28 360
14  49  26  38  -6  27   0 0.00  0.0    0 14.0 23  30   M    M   8 1      28  20
15  52  33  43  -1  22   0    T  0.0    0 15.9 25  10   M    M   8 1      31  10
16  60  26  43  -1  22   0 0.00  0.0    0  6.7 15 350   M    M   0 1      20 350
17  54  25  40  -5  25   0 0.00  0.0    0  7.6 17  30   M    M   2 12     21 360
18  70  28  49   4  16   0 0.00  0.0    0 16.3 28 180   M    M   0 1      36 190
19  47  25  36  -9  29   0 0.03  0.3    0 26.2 39  20   M    M   7 18     49  20
20  36  21  29 -16  36   0 0.02  0.2    1 23.4 35 360   M    M   8 18     44  10
21  55  17  36 -10  29   0 0.00  0.0    0  9.5 22 350   M    M   0        26  20
22  71  25  48   2  17   0 0.00  0.0    0 12.3 22 180   M    M   0        28 190
23  64  30  47   1  18   0    T  0.0    0 15.0 32  20   M    M   1        40  30
24  43  36  40  -7  25   0 0.37    T    0 23.9 36  20   M    M  10 1      43  10
25  56  29  43  -4  22   0 0.00  0.0    0  9.8 17 350   M    M   1        23 350
26  67  33  50   3  15   0    T  0.0    0 23.5 39 170   M    M   1        48 170
27  53  35  44  -4  21   0 0.35  0.0    0 21.4 40 360   M    M   7 1      49 350
28  62  31  47  -1  18   0 0.00  0.0    0 11.0 22 360   M    M   0        26 350
29  76  37  57   9   8   0 0.00  0.0    0 14.4 23 170   M    M   0        29 170
30  85  42  64  15   1   0 0.00  0.0    0 12.4 15 200   M    M   0        20 210
31  83  45  64  15   1   0 0.00  0.0    0 10.1 25  30   M    M   0        32  30
================================================================================
SM 1773  970       637   0 1.20  0.5     444.5          M      122
================================================================================
AV 57.2 31.3                              14.3 FASTST   M    M   4    MAX(MPH)
                                 MISC ---->    40 360                   # 49  20
================================================================================
NOTES:
# LAST OF SEVERAL OCCURRENCES

COLUMN 17 PEAK WIND IN M.P.H.

PRELIMINARY LOCAL CLIMATOLOGICAL DATA (WS FORM: F-6) , PAGE 2

                                          STATION:  DODGE CITY KS
                                          MONTH:    MARCH
                                          YEAR:     2010
                                          LATITUDE:   37 46 N
                                          LONGITUDE:  99 58 W

[TEMPERATURE DATA]      [PRECIPITATION DATA]       SYMBOLS USED IN COLUMN 16

AVERAGE MONTHLY: 44.3   TOTAL FOR MONTH:   1.20    1 = FOG OR MIST
DPTR FM NORMAL:   0.0   DPTR FM NORMAL:   -0.64    2 = FOG REDUCING VISIBILITY
HIGHEST:    85 ON 30    GRTST 24HR  0.39 ON  8         TO 1/4 MILE OR LESS
LOWEST:     17 ON 21                               3 = THUNDER
                        SNOW, ICE PELLETS, HAIL    4 = ICE PELLETS
                        TOTAL MONTH:   0.5 INCH    5 = HAIL
                        GRTST 24HR   0.5 ON 19-20  6 = FREEZING RAIN OR DRIZZLE
                        GRTST DEPTH:   1 ON 20     7 = DUSTSTORM OR SANDSTORM:
                                                       VSBY 1/2 MILE OR LESS
                                                   8 = SMOKE OR HAZE
[NO. OF DAYS WITH]      [WEATHER - DAYS WITH]      9 = BLOWING SNOW
                                                   X = TORNADO
MAX 32 OR BELOW:   0    0.01 INCH OR MORE:   7
MAX 90 OR ABOVE:   0    0.10 INCH OR MORE:   3
MIN 32 OR BELOW:  19    0.50 INCH OR MORE:   0
MIN  0 OR BELOW:   0    1.00 INCH OR MORE:   0

[HDD (BASE 65) ]
TOTAL THIS MO.   637    CLEAR  (SCALE 0-3)  16
DPTR FM NORMAL   -10    PTCLDY (SCALE 4-7)  10
TOTAL FM JUL 1  4937    CLOUDY (SCALE 8-10)  5
DPTR FM NORMAL   384

[CDD (BASE 65) ]
TOTAL THIS MO.     0
DPTR FM NORMAL    -2    [PRESSURE DATA]
TOTAL FM JAN 1     0    HIGHEST SLP 30.45 ON 16
DPTR FM NORMAL    -2    LOWEST  SLP 29.36 ON  9

[REMARKS]
#FINAL-03-10#
