000
CXUS43 KDDC 011605
CF6DDC
PRELIMINARY LOCAL CLIMATOLOGICAL DATA (WS FORM: F-6)

                                          STATION:   DODGE CITY KS
                                          MONTH:     JUNE
                                          YEAR:      2010
                                          LATITUDE:   37 46 N
                                          LONGITUDE:  99 58 W

  TEMPERATURE IN F:       :PCPN:    SNOW:  WIND      :SUNSHINE: SKY     :PK WND
================================================================================
1   2   3   4   5  6A  6B    7    8   9   10  11  12  13   14  15   16   17  18
                                     12Z  AVG MX 2MIN
DY MAX MIN AVG DEP HDD CDD  WTR  SNW DPTH SPD SPD DIR MIN PSBL S-S WX    SPD DR
================================================================================

 1  95  62  79   9   0  14    T  0.0    0 15.3 32 200   M    M   0 13     43 190
 2  85  59  72   2   0   7 0.00  0.0    0 14.9 25  30   M    M   1        36  20
 3  88  55  72   2   0   7 0.00  0.0    0  9.9 18 170   M    M   0 1      24 190
 4  97  64  81  10   0  16 0.00  0.0    0 13.8 24 190   M    M   0        33 170
 5  99  67  83  12   0  18 0.00  0.0    0 15.3 32  10   M    M   0        40  30
 6  89  63  76   5   0  11 0.01  0.0    0 12.6 20 150   M    M   0 3      28 160
 7  79  59  69  -3   0   4 1.11  0.0    0 18.9 43 360   M    M   3 138    56  10
 8  91  70  81   9   0  16 0.00  0.0    0 15.0 33 360   M    M   1        39 360
 9  86  67  77   4   0  12    T  0.0    0 14.4 25 140   M    M   7 18     33 150
10  97  70  84  11   0  19 0.00  0.0    0 22.5 31 190   M    M   3 1      41 170
11  94  72  83  10   0  18 0.00  0.0    0 18.4 29 160   M    M   0        36 160
12  93  66  80   7   0  15 1.20  0.0    0 13.0 33 110   M    M   3 138    39 110
13  77  62  70  -4   0   5 2.10  0.0    0 13.3 31 290   M    M   7 13     40 270
14  72  56  64 -10   1   0 0.00  0.0    0  8.6 18 320   M    M   9 3      24 320
15  85  57  71  -3   0   6 0.00  0.0    0  4.9 14 150   M    M   1 1      21 160
16  89  67  78   3   0  13    T  0.0    0 15.3 29 180   M    M   1 3      37 190
17  92  69  81   6   0  16 0.00  0.0    0 17.0 29 190   M    M   0        38 200
18  96  67  82   7   0  17 0.00  0.0    0  9.9 22 210   M    M   0        28 210
19  96  69  83   7   0  18 0.00  0.0    0 15.2 30 170   M    M   0        39 170
20  95  70  83   7   0  18 0.00  0.0    0 16.9 29 170   M    M   0        38 180
21  96  69  83   7   0  18 0.01  0.0    0 13.9 22 170   M    M   0 3      30 180
22  98  71  85   9   0  20    T  0.0    0 17.5 47 170   M    M   0        60 170
23  90  65  78   1   0  13 0.00  0.0    0 15.1 47 170   M    M   0        34  10
24  82  63  73  -4   0   8 0.00  0.0    0  8.8 17 150   M    M   4        36 210
25  97  71  84   7   0  19 0.00  0.0    0 14.6 24 180   M    M   0 1      32 190
26 101  71  86   9   0  21 0.00  0.0    0 15.7 25 180   M    M   0        35 180
27  91  64  78   1   0  13 0.01  0.0    0 10.0 26 290   M    M   2 3      33 250
28  91  61  76  -2   0  11 0.00  0.0    0  6.6 15 120   M    M   0        20 120
29  91  63  77  -1   0  12 0.00  0.0    0  7.0 15 150   M    M   1        22 210
30  91  62  77  -1   0  12 0.00  0.0    0  8.3 18 170   M    M   1        26 150
================================================================================
SM 2723 1951         1 397 4.44  0.0     402.6          M       44
================================================================================
AV 90.8 65.0                              13.4 FASTST   M    M   1    MAX(MPH)
                                 MISC ---->  # 47 170                     60 170
================================================================================
NOTES:
# LAST OF SEVERAL OCCURRENCES

COLUMN 17 PEAK WIND IN M.P.H.

PRELIMINARY LOCAL CLIMATOLOGICAL DATA (WS FORM: F-6) , PAGE 2

                                          STATION:  DODGE CITY KS
                                          MONTH:    JUNE
                                          YEAR:     2010
                                          LATITUDE:   37 46 N
                                          LONGITUDE:  99 58 W

[TEMPERATURE DATA]      [PRECIPITATION DATA]       SYMBOLS USED IN COLUMN 16

AVERAGE MONTHLY: 77.9   TOTAL FOR MONTH:   4.44    1 = FOG OR MIST
DPTR FM NORMAL:   3.6   DPTR FM NORMAL:    1.29    2 = FOG REDUCING VISIBILITY
HIGHEST:   101 ON 26    GRTST 24HR  3.30 ON 12-13      TO 1/4 MILE OR LESS
LOWEST:     55 ON  3                               3 = THUNDER
                        SNOW, ICE PELLETS, HAIL    4 = ICE PELLETS
                        TOTAL MONTH:   0.0 INCH    5 = HAIL
                        GRTST 24HR     0.0         6 = FREEZING RAIN OR DRIZZLE
                        GRTST DEPTH:   0           7 = DUSTSTORM OR SANDSTORM:
                                                       VSBY 1/2 MILE OR LESS
                                                   8 = SMOKE OR HAZE
[NO. OF DAYS WITH]      [WEATHER - DAYS WITH]      9 = BLOWING SNOW
                                                   X = TORNADO
MAX 32 OR BELOW:   0    0.01 INCH OR MORE:   6
MAX 90 OR ABOVE:  20    0.10 INCH OR MORE:   3
MIN 32 OR BELOW:   0    0.50 INCH OR MORE:   3
MIN  0 OR BELOW:   0    1.00 INCH OR MORE:   3

[HDD (BASE 65) ]
TOTAL THIS MO.     1    CLEAR  (SCALE 0-3)  25
DPTR FM NORMAL   -11    PTCLDY (SCALE 4-7)   4
TOTAL FM JUL 1  5364    CLOUDY (SCALE 8-10)  1
DPTR FM NORMAL   327

[CDD (BASE 65) ]
TOTAL THIS MO.   397
DPTR FM NORMAL   106    [PRESSURE DATA]
TOTAL FM JAN 1   488    HIGHEST SLP 30.16 ON 24
DPTR FM NORMAL    98    LOWEST  SLP 29.48 ON 10

[REMARKS]
#FINAL-06-10#
