000
CXUS53 KDDC 031344
CF6DDC
PRELIMINARY LOCAL CLIMATOLOGICAL DATA (WS FORM: F-6)

                                          STATION:   DODGE CITY KS
                                          MONTH:     NOVEMBER
                                          YEAR:      2015
                                          LATITUDE:   37 46 N
                                          LONGITUDE:  99 58 W

  TEMPERATURE IN F:       :PCPN:    SNOW:  WIND      :SUNSHINE: SKY     :PK WND
================================================================================
1   2   3   4   5  6A  6B    7    8   9   10  11  12  13   14  15   16   17  18
                                     12Z  AVG MX 2MIN
DY MAX MIN AVG DEP HDD CDD  WTR  SNW DPTH SPD SPD DIR MIN PSBL S-S WX    SPD DR
================================================================================

 1  75  40  58   8   7   0 0.00  0.0    0 11.3 21 200   M    M   0 18     25 200
 2  76  40  58   8   7   0 0.00  0.0    0 13.8 23 170   M    M   0        26 170
 3  79  48  64  15   1   0 0.00  0.0    0 19.9 28 170   M    M   0        35 170
 4  69  53  61  12   4   0 0.45  0.0    0 20.9 32 210   M    M   6 13     43 210
 5  62  36  49   1  16   0 0.02  0.0    0 12.0 20 290   M    M   2        26 340
 6  58  33  46  -2  19   0 0.00  0.0    0  6.9 14 140   M    M   1        18 170
 7  55  28  42  -5  23   0 0.00  0.0    0  5.2 14 160   M    M   0        16 160
 8  60  34  47   0  18   0 0.00  0.0    0 13.8 25 190   M    M   0        32 190
 9  63  39  51   5  14   0 0.00  0.0    0 16.2 25 170   M    M   1        31 160
10  70  39  55   9  10   0 0.00  0.0    0  9.4 22 160   M    M   4 12     26 150
11  52  35  44  -1  21   0 0.00  0.0    0 18.4 36 320   M    M   3        47 320
12  58  32  45   0  20   0 0.00  0.0    0  9.4 20 280   M    M   0        25 280
13  62  30  46   2  19   0 0.00  0.0    0 11.3 28 220   M    M   0 8      33 210
14  66  36  51   7  14   0 0.00  0.0    0 16.3 29 190   M    M   0        37 180
15  59  41  50   7  15   0 0.00  0.0    0 23.3 30 170   M    M   7 1      38 170
16  72  50  61  18   4   0 0.67  0.0    0 22.2 43 230   M    M   5 13     62 240
17  53  32  43   1  22   0 0.05    T    0 14.4 28 360   M    M   7 1      36 360
18  59  30  45   3  20   0 0.02  0.1    0 12.2 23 310   M    M   3 1      30 340
19  50  26  38  -3  27   0 0.00  0.0    0  9.5 17 170   M    M   0        24 170
20  61  29  45   4  20   0 0.00  0.0    0 19.6 33 350   M    M   1        42 350
21  40  21  31  -9  34   0 0.00  0.0    0 11.5 32 360   M    M   2        43 360
22  57  21  39  -1  26   0 0.00  0.0    0  8.6 15 260   M    M   0        18 270
23  64  27  46   7  19   0 0.00  0.0    0 12.0 24 180   M    M   0        29 190
24  61  33  47   8  18   0 0.00  0.0    0 14.5 20 190   M    M   0        24 190
25  60  35  48  10  17   0 0.00  0.0    0 13.1 22 190   M    M   5 12     26 210
26  39  24  32  -6  33   0 0.53    T    0 20.0 29 360   M    M  10 16     36  20
27  24  20  22 -16  43   0 0.15  0.6    T 18.9 28  10   M    M  10 16     36  20
28  26  21  24 -13  41   0 0.04  0.0    1 11.0 20 360   M    M  10 16     25 360
29  29  24  27 -10  38   0 0.01  0.0    1  7.4 13  10   M    M  10 16     16  10
30  35  27  31  -5  34   0 0.03  0.4    1  8.8 15 270   M    M   7 1      19 270
================================================================================
SM 1694  984       604   0 1.97  1.1     411.8          M       94
================================================================================
AV 56.5 32.8                              13.7 FASTST   M    M   3      MAX(MPH)
                                 MISC ---->    43 230                     62 240
================================================================================
NOTES:
# LAST OF SEVERAL OCCURRENCES

COLUMN 17 PEAK WIND IN M.P.H.

PRELIMINARY LOCAL CLIMATOLOGICAL DATA (WS FORM: F-6) , PAGE 2

                                          STATION:  DODGE CITY KS
                                          MONTH:    NOVEMBER
                                          YEAR:     2015
                                          LATITUDE:   37 46 N
                                          LONGITUDE:  99 58 W

[TEMPERATURE DATA]      [PRECIPITATION DATA]       SYMBOLS USED IN COLUMN 16

AVERAGE MONTHLY: 44.7   TOTAL FOR MONTH:   1.97    1 = FOG OR MIST
DPTR FM NORMAL:   1.6   DPTR FM NORMAL:    1.21    2 = FOG REDUCING VISIBILITY
HIGHEST:    79 ON  3    GRTST 24HR  0.71 ON 16-17      TO 1/4 MILE OR LESS
LOWEST:     20 ON 27                               3 = THUNDER
                        SNOW, ICE PELLETS, HAIL    4 = ICE PELLETS
                        TOTAL MONTH:   1.1 INCHES  5 = HAIL
                        GRTST 24HR   0.6 ON  27    6 = FREEZING RAIN OR DRIZZLE
                        GRTST DEPTH:   1 ON 30,29  7 = DUSTSTORM OR SANDSTORM:
                                                       VSBY 1/2 MILE OR LESS
                                                   8 = SMOKE OR HAZE
[NO. OF DAYS WITH]      [WEATHER - DAYS WITH]      9 = BLOWING SNOW
                                                   X = TORNADO
MAX 32 OR BELOW:   3    0.01 INCH OR MORE:  10
MAX 90 OR ABOVE:   0    0.10 INCH OR MORE:   4
MIN 32 OR BELOW:  15    0.50 INCH OR MORE:   2
MIN  0 OR BELOW:   0    1.00 INCH OR MORE:   0

[HDD (BASE 65) ]
TOTAL THIS MO.   604    CLEAR  (SCALE 0-3)  18
DPTR FM NORMAL   -54    PTCLDY (SCALE 4-7)   8
TOTAL FM JUL 1   830    CLOUDY (SCALE 8-10)  4
DPTR FM NORMAL  -184

[CDD (BASE 65) ]
TOTAL THIS MO.     0
DPTR FM NORMAL    -1    [PRESSURE DATA]
TOTAL FM JAN 1  1512    HIGHEST SLP 30.58 ON 27
DPTR FM NORMAL    49    LOWEST  SLP 29.27 ON 17

[REMARKS]
#FINAL-11-15#
