000
CXUS53 KDDC 021625
CF6DDC
PRELIMINARY LOCAL CLIMATOLOGICAL DATA (WS FORM: F-6)

                                          STATION:   DODGE CITY KS
                                          MONTH:     NOVEMBER
                                          YEAR:      2013
                                          LATITUDE:   37 46 N
                                          LONGITUDE:  99 58 W

  TEMPERATURE IN F:       :PCPN:    SNOW:  WIND      :SUNSHINE: SKY     :PK WND
================================================================================
1   2   3   4   5  6A  6B    7    8   9   10  11  12  13   14  15   16   17  18
                                     12Z  AVG MX 2MIN
DY MAX MIN AVG DEP HDD CDD  WTR  SNW DPTH SPD SPD DIR MIN PSBL S-S WX    SPD DR
================================================================================

 1  61  36  49  -1  16   0 0.00  0.0    0 13.4 26 320   M    M   2        36 320
 2  60  31  46  -4  19   0 0.00  0.0    0 11.4 25 170   M    M   0        33 160
 3  69  42  56   7   9   0 0.00  0.0    0 25.6 44 180   M    M   0        56 180
 4  60  37  49   0  16   0 0.00  0.0    0 12.4 28  10   M    M   0        35 360
 5  57  33  45  -3  20   0 0.62  0.0    0 13.1 26 320   M    M  10 13     36 350
 6  54  28  41  -7  24   0 0.00  0.0    0  8.1 18 350   M    M   1        24 340
 7  61  36  49   2  16   0 0.00  0.0    0  9.4 17 170   M    M   0        23 160
 8  72  39  56   9   9   0 0.00  0.0    0 16.9 33 200   M    M   0        41 210
 9  61  33  47   1  18   0 0.00  0.0    0  9.9 21  50   M    M   0        25  60
10  60  35  48   2  17   0 0.00  0.0    0  8.1 17 200   M    M   8 1      22 190
11  53  26  40  -5  25   0 0.00  0.0    0 16.4 29  20   M    M  10 128    36  10
12  40  21  31 -14  34   0 0.00  0.0    0  9.4 20  10   M    M   0        24  10
13  63  26  45   1  20   0 0.00  0.0    0 16.5 30 190   M    M   0        38 180
14  55  31  43  -1  22   0 0.00  0.0    0 10.9 20  10   M    M   0        24  10
15  65  27  46   3  19   0 0.00  0.0    0 11.7 25 180   M    M   0 1      32 180
16  73  49  61  18   4   0 0.00  0.0    0 15.7 28 250   M    M   0        33 230
17  61  31  46   4  19   0 0.00  0.0    0 13.6 29 310   M    M   0        39 270
18  58  29  44   2  21   0 0.00  0.0    0  9.5 18 180   M    M   0        26 180
19  63  33  48   7  17   0 0.00  0.0    0 18.4 35 170   M    M   0        44 190
20  66  34  50   9  15   0 0.00  0.0    0  7.4 23 170   M    M   0        29 170
21  49  19  34  -6  31   0 0.01  0.0    0 21.9 35  20   M    M  10 168    43 360
22  28  16  22 -18  43   0 0.15  2.1    0 15.0 29 360   M    M  10 18     39 360
23  32  22  27 -12  38   0 0.00  0.0    2  8.4 18  30   M    M   6        23  30
24  31  23  27 -12  38   0 0.02  0.2    1 12.5 22 160   M    M  10 18     26 160
25  34  24  29  -9  36   0 0.00  0.0    T  8.6 17 170   M    M   9 1      21 180
26  42  19  31  -7  34   0 0.00  0.0    T 11.3 26  10   M    M   0        33  20
27  46  15  31  -7  34   0 0.00  0.0    0 11.4 24 190   M    M   0        28 190
28  46  23  35  -2  30   0 0.00  0.0    0 10.7 22  40   M    M   0        24  40
29  59  21  40   3  25   0 0.00  0.0    0 11.5 26 190   M    M   0        35 190
30  64  27  46  10  19   0 0.00  0.0    0  5.2 12 300   M    M   0 8      14 300
================================================================================
SM 1643  866       688   0 0.80  2.3     374.3          M       76
================================================================================
AV 54.8 28.9                              12.5 FASTST   M    M   3      MAX(MPH)
                                 MISC ---->    44 180                     56 180
================================================================================
NOTES:
# LAST OF SEVERAL OCCURRENCES

COLUMN 17 PEAK WIND IN M.P.H.

PRELIMINARY LOCAL CLIMATOLOGICAL DATA (WS FORM: F-6) , PAGE 2

                                          STATION:  DODGE CITY KS
                                          MONTH:    NOVEMBER
                                          YEAR:     2013
                                          LATITUDE:   37 46 N
                                          LONGITUDE:  99 58 W

[TEMPERATURE DATA]      [PRECIPITATION DATA]       SYMBOLS USED IN COLUMN 16

AVERAGE MONTHLY: 41.9   TOTAL FOR MONTH:   0.80    1 = FOG OR MIST
DPTR FM NORMAL:  -1.2   DPTR FM NORMAL:    0.04    2 = FOG REDUCING VISIBILITY
HIGHEST:    73 ON 16    GRTST 24HR  0.62 ON  5- 5      TO 1/4 MILE OR LESS
LOWEST:     15 ON 27                               3 = THUNDER
                        SNOW, ICE PELLETS, HAIL    4 = ICE PELLETS
                        TOTAL MONTH:   2.3 INCHES  5 = HAIL
                        GRTST 24HR   2.1 ON 22     6 = FREEZING RAIN OR DRIZZLE
                        GRTST DEPTH:   2 ON 23     7 = DUSTSTORM OR SANDSTORM:
                                                       VSBY 1/2 MILE OR LESS
                                                   8 = SMOKE OR HAZE
[NO. OF DAYS WITH]      [WEATHER - DAYS WITH]      9 = BLOWING SNOW
                                                   X = TORNADO
MAX 32 OR BELOW:   3    0.01 INCH OR MORE:   4
MAX 90 OR ABOVE:   0    0.10 INCH OR MORE:   2
MIN 32 OR BELOW:  19    0.50 INCH OR MORE:   1
MIN  0 OR BELOW:   0    1.00 INCH OR MORE:   0

[HDD (BASE 65) ]
TOTAL THIS MO.   688    CLEAR  (SCALE 0-3)  22
DPTR FM NORMAL    30    PTCLDY (SCALE 4-7)   2
TOTAL FM JUL 1  1028    CLOUDY (SCALE 8-10)  6
DPTR FM NORMAL    14

[CDD (BASE 65) ]
TOTAL THIS MO.     0
DPTR FM NORMAL    -1    [PRESSURE DATA]
TOTAL FM JAN 1  1641    HIGHEST SLP 30.90 ON 12
DPTR FM NORMAL   178    LOWEST  SLP 29.31 ON 16

[REMARKS]
#FINAL-11-13#
