000
CXUS53 KDDC 011438
CF6DDC
PRELIMINARY LOCAL CLIMATOLOGICAL DATA (WS FORM: F-6)

                                          STATION:   DODGE CITY KS
                                          MONTH:     OCTOBER
                                          YEAR:      2013
                                          LATITUDE:   37 46 N
                                          LONGITUDE:  99 58 W

  TEMPERATURE IN F:       :PCPN:    SNOW:  WIND      :SUNSHINE: SKY     :PK WND
================================================================================
1   2   3   4   5  6A  6B    7    8   9   10  11  12  13   14  15   16   17  18
                                     12Z  AVG MX 2MIN
DY MAX MIN AVG DEP HDD CDD  WTR  SNW DPTH SPD SPD DIR MIN PSBL S-S WX    SPD DR
================================================================================

 1  82  51  67   5   0   2 0.00  0.0    0  9.0 16 160   M    M   0        21 150
 2  85  60  73  11   0   8 0.00  0.0    0 16.0 26 170   M    M   0        33 160
 3  91  63  77  15   0  12 0.00  0.0    0 16.2 25 160   M    M   0        31 160
 4  75  43  59  -2   6   0 0.00  0.0    0 18.1 28 230   M    M   0        37 230
 5  63  42  53  -8  12   0 0.00  0.0    0 20.8 35 310   M    M   3        48 290
 6  72  40  56  -4   9   0 0.00  0.0    0 15.2 29 320   M    M   0        38 320
 7  78  38  58  -2   7   0 0.00  0.0    0  9.8 21 170   M    M   0 8      25 160
 8  84  48  66   6   0   1 0.00  0.0    0 21.9 36 180   M    M   0        48 170
 9  84  53  69  10   0   4 0.00  0.0    0 20.5 31 160   M    M   0 8      38 160
10  83  54  69  10   0   4 0.48  0.0    0 20.8 37 150   M    M   0 13     47 150
11  74  50  62   4   3   0 0.00  0.0    0  9.5 24 170   M    M   1        28 170
12  67  42  55  -3  10   0 0.00  0.0    0 10.4 20  40   M    M   0        24  50
13  71  40  56  -2   9   0 0.00  0.0    0 13.7 25 150   M    M   3 1      30 140
14  76  43  60   3   5   0 0.13  0.0    0 17.7 31 180   M    M   6 13     38 170
15  57  36  47 -10  18   0 0.00  0.0    0 13.8 28 350   M    M   0        36 340
16  51  33  42 -15  23   0 0.00  0.0    0  7.3 12 270   M    M   5 8      16 350
17  65  34  50  -6  15   0 0.00  0.0    0  9.8 17 350   M    M   0 18     21 350
18  42  32  37 -19  28   0 0.45  2.7    T 10.3 22  30   M    M   7 12     26  30
19  66  31  49  -6  16   0 0.00  0.0    T 10.5 18 290   M    M   0        23 270
20  67  37  52  -3  13   0 0.00  0.0    0 11.5 26  20   M    M   0        32  20
21  63  34  49  -6  16   0 0.00  0.0    0  8.8 21 320   M    M   2        24 310
22  71  44  58   4   7   0 0.00  0.0    0 12.2 28 320   M    M   2        36 310
23  72  37  55   1  10   0 0.00  0.0    0  9.0 21 360   M    M   0 8      24  10
24  54  32  43 -11  22   0 0.00  0.0    0  9.1 17  70   M    M   0 1      22  70
25  63  33  48  -5  17   0 0.00  0.0    0 15.3 28 170   M    M   0 8      32 180
26  63  34  49  -4  16   0 0.00  0.0    0 12.5 31  30   M    M   1 8      39  30
27  75  33  54   2  11   0 0.00  0.0    0 13.0 23 190   M    M   0 8      30 180
28  71  46  59   7   6   0 1.60  0.0    0 15.3 28 160   M    M   3 13     32 170
29  57  45  51  -1  14   0 0.00  0.0    0  8.3 15 310   M    M   8 12     17 320
30  52  42  47  -4  18   0 0.01  0.0    0  8.5 17  40   M    M   9 12     20  80
31  63  41  52   1  13   0 0.17  0.0    0 14.7 33 270   M    M   4 13     51 270
================================================================================
SM 2137 1291       324  31 2.84  2.7     409.5          M       54
================================================================================
AV 68.9 41.6                              13.2 FASTST   M    M   2      MAX(MPH)
                                 MISC ---->    37 150                     51 270
================================================================================
NOTES:
# LAST OF SEVERAL OCCURRENCES

COLUMN 17 PEAK WIND IN M.P.H.

PRELIMINARY LOCAL CLIMATOLOGICAL DATA (WS FORM: F-6) , PAGE 2

                                          STATION:  DODGE CITY KS
                                          MONTH:    OCTOBER
                                          YEAR:     2013
                                          LATITUDE:   37 46 N
                                          LONGITUDE:  99 58 W

[TEMPERATURE DATA]      [PRECIPITATION DATA]       SYMBOLS USED IN COLUMN 16

AVERAGE MONTHLY: 55.3   TOTAL FOR MONTH:   2.84    1 = FOG OR MIST
DPTR FM NORMAL:  -1.3   DPTR FM NORMAL:    1.10    2 = FOG REDUCING VISIBILITY
HIGHEST:    91 ON  3    GRTST 24HR  1.60 ON 28-28      TO 1/4 MILE OR LESS
LOWEST:     31 ON 19                               3 = THUNDER
                        SNOW, ICE PELLETS, HAIL    4 = ICE PELLETS
                        TOTAL MONTH:   2.7 INCHES  5 = HAIL
                        GRTST 24HR   2.7 ON  18    6 = FREEZING RAIN OR DRIZZLE
                        GRTST DEPTH:   T ON  18,19 7 = DUSTSTORM OR SANDSTORM:
                                                       VSBY 1/2 MILE OR LESS
                                                   8 = SMOKE OR HAZE
[NO. OF DAYS WITH]      [WEATHER - DAYS WITH]      9 = BLOWING SNOW
                                                   X = TORNADO
MAX 32 OR BELOW:   0    0.01 INCH OR MORE:   6
MAX 90 OR ABOVE:   1    0.10 INCH OR MORE:   5
MIN 32 OR BELOW:   3    0.50 INCH OR MORE:   1
MIN  0 OR BELOW:   0    1.00 INCH OR MORE:   1

[HDD (BASE 65) ]
TOTAL THIS MO.   324    CLEAR  (SCALE 0-3)  24
DPTR FM NORMAL    33    PTCLDY (SCALE 4-7)   6
TOTAL FM JUL 1   340    CLOUDY (SCALE 8-10)  1
DPTR FM NORMAL   -16

[CDD (BASE 65) ]
TOTAL THIS MO.    31
DPTR FM NORMAL     2    [PRESSURE DATA]
TOTAL FM JAN 1  1641    HIGHEST SLP 30.42 ON 24
DPTR FM NORMAL   179    LOWEST  SLP 29.55 ON  4

[REMARKS]
#FINAL-10-13#
