000
CXUS53 KDDC 031348
CF6DDC
PRELIMINARY LOCAL CLIMATOLOGICAL DATA (WS FORM: F-6)

                                          STATION:   DODGE CITY KS
                                          MONTH:     AUGUST
                                          YEAR:      2013
                                          LATITUDE:   37 46 N
                                          LONGITUDE:  99 58 W

  TEMPERATURE IN F:       :PCPN:    SNOW:  WIND      :SUNSHINE: SKY     :PK WND
================================================================================
1   2   3   4   5  6A  6B    7    8   9   10  11  12  13   14  15   16   17  18
                                     12Z  AVG MX 2MIN
DY MAX MIN AVG DEP HDD CDD  WTR  SNW DPTH SPD SPD DIR MIN PSBL S-S WX    SPD DR
================================================================================

 1  91  60  76  -4   0  11 0.13  0.0    0 14.2 26 160   M    M   0 138    35 240
 2 100  69  85   5   0  20    T  0.0    0 12.2 29 200   M    M   1 3      36 190
 3  90  68  79  -1   0  14    T  0.0    0 12.8 21  60   M    M   5 13     28  80
 4  86  65  76  -4   0  11 1.32  0.0    0  7.6 26 360   M    M   8 13     35 360
 5  93  69  81   2   0  16 1.28  0.0    0  6.5 30 350   M    M   6 138    37 350
 6  90  65  78  -1   0  13 0.07  0.0    0  7.3 24 170   M    M   1 13     30 170
 7  85  65  75  -4   0  10 0.18  0.0    0 10.8 25 300   M    M   3 13     31  20
 8  81  64  73  -6   0   8 0.63  0.0    0 10.4 25 300   M    M   7 13     30 300
 9  73  58  66 -13   0   1 0.82  0.0    0 10.4 22  20   M    M   8 1      26  30
10  79  56  68 -11   0   3 0.00  0.0    0  6.5 15 140   M    M   2 18     21 130
11  82  63  73  -6   0   8    T  0.0    0 11.6 22 180   M    M   1 18     28 190
12  89  64  77  -2   0  12 2.29  0.0    0  7.9 29  10   M    M   2 13     36  20
13  83  62  73  -6   0   8 0.06  0.0    0  5.9 26  60   M    M   5 1      33  50
14  76  62  69 -10   0   4 0.14  0.0    0  7.5 17 170   M    M   6 18     24 160
15  82  62  72  -6   0   7 0.00  0.0    0  6.1 14 180   M    M   1 18     17 190
16  83  64  74  -4   0   9 0.00  0.0    0  7.3 15 160   M    M   5 128    20 160
17  79  64  72  -6   0   7 0.00  0.0    0 14.0 22 140   M    M   8 1      29 130
18  82  62  72  -6   0   7 0.00  0.0    0 14.6 23 170   M    M   2 18     30 160
19  85  64  75  -3   0  10 0.00  0.0    0 13.7 21 160   M    M   0 18     26 170
20  89  65  77  -1   0  12 0.00  0.0    0 13.6 22 160   M    M   0 8      29 160
21  93  66  80   2   0  15 0.00  0.0    0 15.9 26 170   M    M   0 8      33 170
22  91  65  78   1   0  13 0.00  0.0    0 13.7 23 170   M    M   0        30 180
23  94  66  80   3   0  15 0.00  0.0    0 12.8 24 170   M    M   0 18     31 200
24  93  68  81   4   0  16 0.00  0.0    0 13.4 23 170   M    M   0 18     30 150
25  94  69  82   5   0  17 0.00  0.0    0 14.0 22 150   M    M   0 18     28 150
26  93  68  81   4   0  16 0.00  0.0    0 14.1 23 160   M    M   0        30 200
27  92  68  80   4   0  15 0.00  0.0    0 12.1 21 180   M    M   0        28 180
28  94  67  81   5   0  16 0.00  0.0    0 10.1 17 160   M    M   0        22 170
29  96  69  83   7   0  18 0.00  0.0    0 10.6 18 200   M    M   0 8      28 200
30  99  66  83   7   0  18 0.00  0.0    0  7.5 13 150   M    M   0 8      18 140
31  99  72  86  11   0  21    T  0.0    0  9.7 33 280   M    M   0 38     44 280
================================================================================
SM 2736 2015         0 371 6.92  0.0     334.8          M       71
================================================================================
AV 88.3 65.0                              10.8 FASTST   M    M   2      MAX(MPH)
                                 MISC ---->    33 280                     44 280
================================================================================
NOTES:
# LAST OF SEVERAL OCCURRENCES

COLUMN 17 PEAK WIND IN M.P.H.

PRELIMINARY LOCAL CLIMATOLOGICAL DATA (WS FORM: F-6) , PAGE 2

                                          STATION:  DODGE CITY KS
                                          MONTH:    AUGUST
                                          YEAR:     2013
                                          LATITUDE:   37 46 N
                                          LONGITUDE:  99 58 W

[TEMPERATURE DATA]      [PRECIPITATION DATA]       SYMBOLS USED IN COLUMN 16

AVERAGE MONTHLY: 76.7   TOTAL FOR MONTH:   6.92    1 = FOG OR MIST
DPTR FM NORMAL:  -1.4   DPTR FM NORMAL:    4.17    2 = FOG REDUCING VISIBILITY
HIGHEST:   100 ON  2    GRTST 24HR  2.35 ON 12-13      TO 1/4 MILE OR LESS
LOWEST:     56 ON 10                               3 = THUNDER
                        SNOW, ICE PELLETS, HAIL    4 = ICE PELLETS
                        TOTAL MONTH:   0.0 INCH    5 = HAIL
                        GRTST 24HR     0.0         6 = FREEZING RAIN OR DRIZZLE
                        GRTST DEPTH:   0           7 = DUSTSTORM OR SANDSTORM:
                                                       VSBY 1/2 MILE OR LESS
                                                   8 = SMOKE OR HAZE
[NO. OF DAYS WITH]      [WEATHER - DAYS WITH]      9 = BLOWING SNOW
                                                   X = TORNADO
MAX 32 OR BELOW:   0    0.01 INCH OR MORE:  10
MAX 90 OR ABOVE:  16    0.10 INCH OR MORE:   8
MIN 32 OR BELOW:   0    0.50 INCH OR MORE:   5
MIN  0 OR BELOW:   0    1.00 INCH OR MORE:   3

[HDD (BASE 65) ]
TOTAL THIS MO.     0    CLEAR  (SCALE 0-3)  22
DPTR FM NORMAL    -3    PTCLDY (SCALE 4-7)   9
TOTAL FM JUL 1     0    CLOUDY (SCALE 8-10)  0
DPTR FM NORMAL    -4

[CDD (BASE 65) ]
TOTAL THIS MO.   371
DPTR FM NORMAL   -36    [PRESSURE DATA]
TOTAL FM JAN 1  1364    HIGHEST SLP 30.21 ON 10
DPTR FM NORMAL   118    LOWEST  SLP 29.69 ON  2

[REMARKS]
#FINAL-08-13#
