000
CXUS53 KDDC 021658
CLSDDC
CLIMATE REPORT
NATIONAL WEATHER SERVICE DODGE CITY KS
1147 AM CDT WED SEP 2 2020
...................................
...THE DODGE CITY KS CLIMATE SUMMARY FOR THE SEASON, FROM
6/1/2020 TO 8/31/2020...
CLIMATE NORMAL PERIOD 1981 TO 2010
CLIMATE RECORD PERIOD 1875 TO 2020
WEATHER OBSERVED NORMAL DEPART LAST YEAR`S
VALUE DATE(S) VALUE FROM VALUE DATE(S)
NORMAL
................................................................
TEMPERATURE (F)
RECORD
HIGH 111 06/27/2012
LOW 18 07/17/2020
HIGHEST 103 08/28 MM MM 105 07/31
07/08 07/20
06/30
LOWEST 50 06/09 MM MM 45 06/10
AVG. MAXIMUM 92.0 90.2 1.8 90.8
AVG. MINIMUM 65.1 64.3 0.8 64.6
MEAN 78.6 77.2 1.4 77.7
DAYS MAX >= 90 66 50.8 15.2 52
DAYS MAX <= 32 0 0.0 0.0 0
DAYS MIN <= 32 0 0.0 0.0 0
DAYS MIN <= 0 0 0.0 0.0 0
PRECIPITATION (INCHES)
RECORD
MAXIMUM 18.89 1884
MINIMUM 1.58 2011
TOTALS 12.10 9.07 3.03 7.93
DAILY AVG. 0.13 0.10 0.03 0.09
DAYS >= .01 24 25.1 -1.1 24
DAYS >= .10 16 15.8 0.2 12
DAYS >= .50 9 6.0 3.0 6
DAYS >= 1.00 4 2.2 1.8 3
GREATEST
24 HR. TOTAL 2.27 06/19 TO 06/20 06/17 TO 06/18
SNOWFALL (INCHES)
RECORDS
TOTAL MM MM
24 HR TOTAL MM
SNOW DEPTH MM MM
TOTALS 0.0 0.0 0.0 0.0
LIQUID EQUIV 0.00 0.00 0.00 0.00
SINCE 7/1 0.0 0.0 0.0 0.0
LIQUID 7/1 0.00 0.00 0.00 0.00
SNOWDEPTH AVG. 0 MM MM 0
DAYS >= TRACE 0 0.0 0.0 0
DAYS >= 1.0 0 0.0 0.0 0
GREATEST
SNOW DEPTH 0 MM 0 MM
24 HR TOTAL 0.0 MM 08/31 TO 08/31
DEGREE_DAYS
HEATING TOTAL 2 16 -14 8
SINCE 7/1 0 4 -4 0
COOLING TOTAL 1270 1136 134 1211
SINCE 1/1 1352 1246 106 1279
.................................................................
WIND (MPH)
AVERAGE WIND SPEED 12.8
RESULTANT WIND SPEED/DIRECTION 8/163
HIGHEST WIND SPEED/DIRECTION 48/310 DATE 06/09
HIGHEST GUST SPEED/DIRECTION 69/320 DATE 06/21
SKY COVER
POSSIBLE SUNSHINE (PERCENT) MM
AVERAGE SKY COVER 0.10
NUMBER OF DAYS FAIR 72
NUMBER OF DAYS PC 19
NUMBER OF DAYS CLOUDY 1
AVERAGE RH (PERCENT) 62
WEATHER CONDITIONS. NUMBER OF DAYS WITH
THUNDERSTORM 28 MIXED PRECIP 0
HEAVY RAIN 14 RAIN 16
LIGHT RAIN 31 FREEZING RAIN 0
LT FREEZING RAIN 0 HAIL 0
HEAVY SNOW 0 SNOW 0
LIGHT SNOW 0 SLEET 0
FOG 39 FOG W/VIS <= 1/4 MILE 4
HAZE 32 BLOWING SNOW 0
TORNADO 0
- INDICATES NEGATIVE NUMBERS.
R INDICATES RECORD WAS SET OR TIED.
MM INDICATES DATA IS MISSING.
T INDICATES TRACE AMOUNT.
$$