000
CXUS55 KALY 010710
CF6DDH
PRELIMINARY LOCAL CLIMATOLOGICAL DATA (WS FORM: F-6)
STATION: BENNINGTON VT
MONTH: SEPTEMBER
YEAR: 2021
LATITUDE: 42 53 N
LONGITUDE: 73 15 W
TEMPERATURE IN F: :PCPN: SNOW: WIND :SUNSHINE: SKY :PK WND
================================================================================
1 2 3 4 5 6A 6B 7 8 9 10 11 12 13 14 15 16 17 18
12Z AVG MX 2MIN
DY MAX MIN AVG DEP HDD CDD WTR SNW DPTH SPD SPD DIR MIN PSBL S-S WX SPD DR
================================================================================
1 68 55 62 -3 3 0 1.32 M M 1.5 10 360 M M 5 1 15 360
2 69 51 60 -4 5 0 0.14 M M 5.0 15 340 M M 7 1 22 360
3 71 50 61 -3 4 0 T M M 3.0 12 340 M M 7 20 10
4 74 48 61 -3 4 0 0.00 M M 2.3 9 10 M M 4 8 12 10
5 70 54 62 -2 3 0 0.25 M M 2.4 13 170 M M 7 18 18 200
6 74 51 63 0 2 0 0.03 M M 4.1 15 320 M M 6 12 25 310
7 74 50 62 -1 3 0 0.00 M M 2.0 10 220 M M 3 1 14 290
8 82 54 68 5 0 3 0.35 M M 9.2 24 200 M M 3 13 35 220
9 68 62 65 3 0 0 0.26 M M 1.0 8 80 M M 7 12 12 80
10 69 46 58 -4 7 0 T M M 4.6 13 310 M M 5 20 290
11 73 43 58 -4 7 0 0.00 M M 3.3 14 250 M M 1 1 19 240
12 76 52 64 2 1 0 0.43 M M 2.8 10 230 M M 7 13 18 240
13 72 54 63 2 2 0 0.89 M M 3.5 13 250 M M 5 13 18 260
14 75 48 62 1 3 0 0.00 M M 2.1 10 170 M M 4 12 13 180
15 83 62 73 12 0 8 0.94 M M 5.8 17 310 M M 5 13 27 330
16 77 59 68 8 0 3 0.08 M M 3.5 12 130 M M 6 12 15 140
17 75 59 67 7 0 2 0.00 M M 5.1 13 140 M M 6 1 18 130
18 80 56 68 8 0 3 T M M 2.6 13 280 M M 6 13 18 280
19 70 46 58 -1 7 0 0.00 M M 3.6 10 270 M M 1 12 15 250
20 76 44 60 1 5 0 0.00 M M 3.2 12 140 M M M 18 190
21 73 49 61 3 4 0 T M M 5.5 15 190 M M 0 8 23 180
22 81 60 71 13 0 6 T M M 8.8 21 140 M M 6 29 150
23 79 65 72 14 0 7 0.19 M M 13.7 26 160 M M 4 1 36 160
24 71 50 61 4 4 0 1.88 M M 3.3 13 250 M M 7 1 18 240
25 73 45 59 2 6 0 0.00 M M 1.2 8 350 M M 0 1 10 330
26 66 46 56 0 9 0 0.00 M M 5.3 15 260 M M 6 18 25 250
27 72 44 58 2 7 0 0.04 M M 3.2 12 240 M M 7 1 19 240
28 66 50 58 2 7 0 T M M 2.3 12 260 M M 7 16 250
29 61 39 50 -5 15 0 0.02 M M 2.6 10 360 M M 5 18 16 350
30 56 42 49 -6 16 0 0.06 M M 2.9 13 360 M M 9 1 17 350
================================================================================
SM 2174 1534 124 32 6.88 M 119.4 M 146
================================================================================
AV 72.5 51.1 4.0 FASTST M M 5 MAX(MPH)
MISC ----> 26 160 36 160
================================================================================
NOTES:
# LAST OF SEVERAL OCCURRENCES
COLUMN 17 PEAK WIND IN M.P.H.
PRELIMINARY LOCAL CLIMATOLOGICAL DATA (WS FORM: F-6) , PAGE 2
STATION: BENNINGTON VT
MONTH: SEPTEMBER
YEAR: 2021
LATITUDE: 42 53 N
LONGITUDE: 73 15 W
[TEMPERATURE DATA] [PRECIPITATION DATA] SYMBOLS USED IN COLUMN 16
AVERAGE MONTHLY: 61.8 TOTAL FOR MONTH: 6.88 1 = FOG OR MIST
DPTR FM NORMAL: 1.6 DPTR FM NORMAL: 3.06 2 = FOG REDUCING VISIBILITY
HIGHEST: 83 ON 15 GRTST 24HR 2.07 ON 23-24 TO 1/4 MILE OR LESS
LOWEST: 39 ON 29 3 = THUNDER
SNOW, ICE PELLETS, HAIL 4 = ICE PELLETS
TOTAL MONTH: M 5 = HAIL
GRTST 24HR M ON M 6 = FREEZING RAIN OR DRIZZLE
GRTST DEPTH: M ON M 7 = DUSTSTORM OR SANDSTORM:
VSBY 1/2 MILE OR LESS
8 = SMOKE OR HAZE
[NO. OF DAYS WITH] [WEATHER - DAYS WITH] 9 = BLOWING SNOW
X = TORNADO
MAX 32 OR BELOW: 0 0.01 INCH OR MORE: 15
MAX 90 OR ABOVE: 0 0.10 INCH OR MORE: 10
MIN 32 OR BELOW: 0 0.50 INCH OR MORE: 4
MIN 0 OR BELOW: 0 1.00 INCH OR MORE: 2
[HDD (BASE 65) ]
TOTAL THIS MO. 124 CLEAR (SCALE 0-3) 4
DPTR FM NORMAL -58 PTCLDY (SCALE 4-7) 24
TOTAL FM JUL 1 153 CLOUDY (SCALE 8-10) 2
DPTR FM NORMAL -86
[CDD (BASE 65) ]
TOTAL THIS MO. 32
DPTR FM NORMAL -4 [PRESSURE DATA]
TOTAL FM JAN 1 514 HIGHEST SLP M ON M
DPTR FM NORMAL 146 LOWEST SLP 29.72 ON 8
[REMARKS]
#FINAL-09-21#