000
CXUS51 KALY 020445
CLMDDH
CLIMATE REPORT
NATIONAL WEATHER SERVICE ALBANY NY
1245 AM EDT SUN APR 02 2023
...................................
...THE BENNINGTON VT CLIMATE SUMMARY FOR THE MONTH OF MARCH 2023...
CLIMATE NORMAL PERIOD: 1991 TO 2020
CLIMATE RECORD PERIOD: 9999 TO 9999
WEATHER OBSERVED NORMAL DEPART LAST YEAR`S
VALUE DATE(S) VALUE FROM VALUE DATE(S)
NORMAL
................................................................
TEMPERATURE (F)
HIGHEST 61 03/22 71 03/18
LOWEST 15 03/20 -1 03/04
AVG. MAXIMUM 44.0 43.6 0.4 47.0
AVG. MINIMUM 25.8 23.2 2.6 25.5
MEAN 34.9 33.4 1.5 36.3
DAYS MAX >= 90 0 0.0 0.0 0
DAYS MAX <= 32 2 4.8 -2.8 4
DAYS MIN <= 32 28 25.2 2.8 21
DAYS MIN <= 0 0 0.8 -0.8 1
PRECIPITATION (INCHES)
TOTALS MM 2.65 MM 3.46
DAILY AVG. 0.00 0.11
DAYS >= .01 MM 16
DAYS >= .10 MM 8
DAYS >= .50 MM 2
DAYS >= 1.00 MM 0
GREATEST
24 HR. TOTAL MM
DEGREE DAYS
HEATING TOTAL 928 980 -52 833
SINCE 7/1 5313 6058 -745 5621
COOLING TOTAL 0 0 0 0
SINCE 1/1 0 0 0 0
................................................................
WIND (MPH)
AVERAGE WIND SPEED 5.7
HIGHEST WIND SPEED/DIRECTION 33/110 DATE 03/04
HIGHEST GUST SPEED/DIRECTION 51/100 DATE 03/04
SKY COVER
AVERAGE SKY COVER 0.59
AVERAGE RH (PERCENT) 55
WEATHER CONDITIONS. NUMBER OF DAYS WITH
THUNDERSTORM 0 MIXED PRECIP 0
HEAVY RAIN 0 RAIN 1
LIGHT RAIN 10 FREEZING RAIN 0
LT FREEZING RAIN 0 HAIL 0
HEAVY SNOW 2 SNOW 2
LIGHT SNOW 11 SLEET 0
FOG 0 FOG W/VIS <= 1/4 MILE 0
HAZE 12
- INDICATES NEGATIVE NUMBERS.
R INDICATES RECORD WAS SET OR TIED.
MM INDICATES DATA IS MISSING.
T INDICATES TRACE AMOUNT.
$$