000
CXUS55 KBOU 011000
CF6DEN
PRELIMINARY LOCAL CLIMATOLOGICAL DATA (WS FORM: F-6)
STATION: DENVER CO
MONTH: FEBRUARY
YEAR: 2023
LATITUDE: 39 52 N
LONGITUDE: 104 40 W
TEMPERATURE IN F: :PCPN: SNOW: WIND :SUNSHINE: SKY :PK WND
================================================================================
1 2 3 4 5 6A 6B 7 8 9 10 11 12 13 14 15 16 17 18
12Z AVG MX 2MIN
DY MAX MIN AVG DEP HDD CDD WTR SNW DPTH SPD SPD DIR MIN PSBL S-S WX SPD DR
================================================================================
1 41 7 24 -7 41 0 0.00 0.0 4 9.5 16 210 M M 1 19 210
2 35 14 25 -6 40 0 0.00 0.0 4 10.3 21 210 M M 2 24 210
3 51 26 39 8 26 0 0.00 0.0 2 12.1 21 210 M M 4 26 210
4 49 27 38 7 27 0 0.00 0.0 1 13.2 32 280 M M 4 43 270
5 41 27 34 3 31 0 0.00 0.0 T 6.9 15 170 M M 5 8 16 160
6 39 21 30 -1 35 0 T T T 8.4 28 340 M M 6 33 340
7 39 22 31 0 34 0 0.00 0.0 T 11.2 18 210 M M 1 24 220
8 44 21 33 2 32 0 T T T 9.6 22 340 M M 3 27 330
9 31 16 24 -8 41 0 T T T 14.6 36 360 M M 6 48 360
10 40 9 25 -7 40 0 0.00 0.0 0 9.7 17 160 M M 1 22 160
11 52 23 38 6 27 0 0.00 0.0 0 7.4 14 220 M M 4 18 220
12 43 28 36 4 29 0 0.00 0.0 0 8.7 15 230 M M 5 19 120
13 55 28 42 10 23 0 0.00 0.0 0 11.8 23 180 M M 3 31 180
14 42 22 32 0 33 0 T T 0 12.1 28 360 M M 7 1 37 360
15 22 10 16 -16 49 0 0.22 3.6 1 13.5 22 10 M M 10 1 30 30
16 24 4 14 -18 51 0 0.01 T 2 9.6 20 210 M M 3 1 22 200
17 49 19 34 1 31 0 0.00 0.0 1 12.7 22 210 M M 3 29 210
18 50 32 41 8 24 0 0.00 0.0 T 8.9 14 190 M M 7 19 210
19 49 26 38 5 27 0 0.00 0.0 0 12.0 41 290 M M 3 58 270
20 54 30 42 9 23 0 0.00 0.0 0 10.6 35 280 M M 6 50 280
21 60 32 46 12 19 0 0.00 0.0 0 11.5 20 60 M M 6 27 180
22 36 -7 15 -19 50 0 0.02 1.1 T 13.0 26 10 M M 10 18 34 10
23 7 -11 -2 -36 67 0 T T 1 7.2 14 50 M M 6 8 18 60
24 39 -3 18 -16 47 0 0.00 0.0 1 5.0 14 170 M M 3 17 170
25 56 20 38 3 27 0 0.00 0.0 T 8.6 17 130 M M 3 23 130
26 62 32 47 12 18 0 0.00 0.0 0 14.3 35 280 M M 3 47 280
27 51 30 41 5 24 0 0.00 0.0 0 16.8 36 280 M M 1 47 280
28 50 26 38 2 27 0 0.00 0.0 0 15.1 29 320 M M 5 38 310
================================================================================
SM 1211 531 943 0 0.25 4.7 304.3 M 121
================================================================================
AV 43.3 19.0 10.9 FASTST M M 4 MAX(MPH)
MISC ----> 41 290 58 270
================================================================================
NOTES:
# LAST OF SEVERAL OCCURRENCES
COLUMN 17 PEAK WIND IN M.P.H.
PRELIMINARY LOCAL CLIMATOLOGICAL DATA (WS FORM: F-6) , PAGE 2
STATION: DENVER CO
MONTH: FEBRUARY
YEAR: 2023
LATITUDE: 39 52 N
LONGITUDE: 104 40 W
[TEMPERATURE DATA] [PRECIPITATION DATA] SYMBOLS USED IN COLUMN 16
AVERAGE MONTHLY: 31.1 TOTAL FOR MONTH: 0.25 1 = FOG OR MIST
DPTR FM NORMAL: -1.6 DPTR FM NORMAL: -0.16 2 = FOG REDUCING VISIBILITY
HIGHEST: 62 ON 26 GRTST 24HR 0.22 ON 14-15 TO 1/4 MILE OR LESS
LOWEST: -11 ON 23 3 = THUNDER
SNOW, ICE PELLETS, HAIL 4 = ICE PELLETS
TOTAL MONTH: 4.8 INCHES 5 = HAIL
GRTST 24HR 3.6 ON 15-15 6 = FREEZING RAIN OR DRIZZLE
GRTST DEPTH: 4 ON 1, 2 7 = DUSTSTORM OR SANDSTORM:
VSBY 1/2 MILE OR LESS
8 = SMOKE OR HAZE
[NO. OF DAYS WITH] [WEATHER - DAYS WITH] 9 = BLOWING SNOW
X = TORNADO
MAX 32 OR BELOW: 4 0.01 INCH OR MORE: 3
MAX 90 OR ABOVE: 0 0.10 INCH OR MORE: 1
MIN 32 OR BELOW: 28 0.50 INCH OR MORE: 0
MIN 0 OR BELOW: 3 1.00 INCH OR MORE: 0
[HDD (BASE 65) ]
TOTAL THIS MO. 943 CLEAR (SCALE 0-3) 10
DPTR FM NORMAL 39 PTCLDY (SCALE 4-7) 16
TOTAL FM JUL 1 4540 CLOUDY (SCALE 8-10) 2
DPTR FM NORMAL 231
[CDD (BASE 65) ]
TOTAL THIS MO. 0
DPTR FM NORMAL 0 [PRESSURE DATA]
TOTAL FM JAN 1 0 HIGHEST SLP 30.56 ON 9
DPTR FM NORMAL 0 LOWEST SLP 29.13 ON 14
[REMARKS]
#FINAL-02-23#