000
CXUS54 KSHV 011400
CF6DEQ
PRELIMINARY LOCAL CLIMATOLOGICAL DATA (WS FORM: F-6)
STATION: DE QUEEN
MONTH: JANUARY
YEAR: 2023
LATITUDE: 34 2 N
LONGITUDE: 94 24 W
TEMPERATURE IN F: :PCPN: SNOW: WIND :SUNSHINE: SKY :PK WND
================================================================================
1 2 3 4 5 6A 6B 7 8 9 10 11 12 13 14 15 16 17 18
12Z AVG MX 2MIN
DY MAX MIN AVG DEP HDD CDD WTR SNW DPTH SPD SPD DIR MIN PSBL S-S WX SPD DR
================================================================================
1 77 45 61 18 4 0 0.00 0.0 0 4.5 17 200 M M 1 12 24 210
2 74 61 68 25 0 3 0.81 0.0 0 5.4 17 190 M M 7 138 26 190
3 71 46 59 16 6 0 0.05 0.0 0 5.3 17 270 M M 2 12 26 240
4 58 35 47 4 18 0 0.00 0.0 0 3.2 12 260 M M 0 15 230
5 60 30 45 2 20 0 0.00 0.0 0 3.9 17 270 M M 0 21 280
6 67 31 49 6 16 0 0.00 0.0 0 3.9 13 190 M M 2 18 140
7 72 49 61 18 4 0 0.00 0.0 0 4.4 12 280 M M 4 16 260
8 64 35 50 7 15 0 0.00 0.0 0 1.4 8 360 M M 0 16 360
9 63 31 47 4 18 0 0.00 0.0 0 3.2 10 160 M M 0 15 120
10 74 35 55 12 10 0 0.00 0.0 0 2.1 10 180 M M 2 18 16 170
11 79 45 62 19 3 0 0.00 0.0 0 4.4 17 290 M M 5 123 29 320
12 67 33 50 7 15 0 T 0.0 0 11.0 23 290 M M 4 35 260
13 56 29 43 0 22 0 0.00 0.0 0 3.3 16 360 M M 0 26 350
14 53 25 39 -4 26 0 0.00 0.0 0 3.5 10 140 M M 0 14 110
15 63 32 48 5 17 0 0.00 0.0 0 6.0 14 140 M M 5 21 150
16 73 47 60 17 5 0 0.00 0.0 0 6.5 17 250 M M 3 1 23 200
17 73 45 59 16 6 0 0.00 0.0 0 1.6 8 210 M M 3 128 14 190
18 69 39 54 11 11 0 0.02 0.0 0 5.7 25 260 M M 6 1 37 230
19 57 33 45 2 20 0 0.00 0.0 0 5.3 17 270 M M 0 29 310
20 61 29 45 2 20 0 0.00 0.0 0 1.3 12 40 M M 0 1 18 50
21 56 40 48 5 17 0 0.01 0.0 0 4.4 16 120 M M 7 23 100
22 48 37 43 0 22 0 T 0.0 0 6.5 20 280 M M 10 27 310
23 55 26 41 -2 24 0 0.00 0.0 0 1.8 9 110 M M 0 13 80
24 42 33 38 -5 27 0 1.25 T 0 6.9 18 50 M M M 28 70
25 45 35 40 -3 25 0 T 0.0 0 8.2 17 270 M M 6 23 290
26 51 28 40 -3 25 0 0.00 0.0 0 4.7 16 260 M M 0 18 20 260
27 61 25 43 -1 22 0 0.00 0.0 0 4.2 22 240 M M 1 12 32 250
28 53 31 42 -2 23 0 0.31 0.0 0 2.6 7 90 M M 8 1 8 90
29 66 40 53 9 12 0 0.18 0.0 0 4.7 15 270 M M 9 12 19 260
30 41 36 39 -5 26 0 0.38 0.0 0 5.0 12 40 M M 10 18 17 40
31 37 32 35 -9 30 0 0.20 0.0 0 5.2 12 40 M M 10 168 17 40
================================================================================
SM 1886 1118 509 3 3.21 T 140.1 M 105
================================================================================
AV 60.8 36.1 4.5 FASTST M M 4 MAX(MPH)
MISC ----> 25 260 37 230
================================================================================
NOTES:
# LAST OF SEVERAL OCCURRENCES
COLUMN 17 PEAK WIND IN M.P.H.
PRELIMINARY LOCAL CLIMATOLOGICAL DATA (WS FORM: F-6) , PAGE 2
STATION: DE QUEEN
MONTH: JANUARY
YEAR: 2023
LATITUDE: 34 2 N
LONGITUDE: 94 24 W
[TEMPERATURE DATA] [PRECIPITATION DATA] SYMBOLS USED IN COLUMN 16
AVERAGE MONTHLY: 48.5 TOTAL FOR MONTH: 3.21 1 = FOG OR MIST
DPTR FM NORMAL: 5.5 DPTR FM NORMAL: 0.29 2 = FOG REDUCING VISIBILITY
HIGHEST: 79 ON 11 GRTST 24HR 3.55 ON 2- 3 TO 1/4 MILE OR LESS
LOWEST: 25 ON 27,14 3 = THUNDER
SNOW, ICE PELLETS, HAIL 4 = ICE PELLETS
TOTAL MONTH: T 5 = HAIL
GRTST 24HR T ON 24-24 6 = FREEZING RAIN OR DRIZZLE
GRTST DEPTH: 0 7 = DUSTSTORM OR SANDSTORM:
VSBY 1/2 MILE OR LESS
8 = SMOKE OR HAZE
[NO. OF DAYS WITH] [WEATHER - DAYS WITH] 9 = BLOWING SNOW
X = TORNADO
MAX 32 OR BELOW: 0 0.01 INCH OR MORE: 9
MAX 90 OR ABOVE: 0 0.10 INCH OR MORE: 6
MIN 32 OR BELOW: 12 0.50 INCH OR MORE: 2
MIN 0 OR BELOW: 0 1.00 INCH OR MORE: 1
[HDD (BASE 65) ]
TOTAL THIS MO. 509 CLEAR (SCALE 0-3) 16
DPTR FM NORMAL -174 PTCLDY (SCALE 4-7) 10
TOTAL FM JUL 1 1537 CLOUDY (SCALE 8-10) 5
DPTR FM NORMAL -271
[CDD (BASE 65) ]
TOTAL THIS MO. 3
DPTR FM NORMAL 2 [PRESSURE DATA]
TOTAL FM JAN 1 3 HIGHEST SLP 30.39 ON 13
DPTR FM NORMAL 2 LOWEST SLP 29.62 ON 18
[REMARKS]
#FINAL-01-23#