000
CXUS56 KOTX 010910
CF6DEW
PRELIMINARY LOCAL CLIMATOLOGICAL DATA (WS FORM: F-6)
STATION: DEER_PARK WA AIRPORT
MONTH: AUGUST
YEAR: 2021
LATITUDE: 47 58 N
LONGITUDE: 117 25 W
TEMPERATURE IN F: :PCPN: SNOW: WIND :SUNSHINE: SKY :PK WND
================================================================================
1 2 3 4 5 6A 6B 7 8 9 10 11 12 13 14 15 16 17 18
12Z AVG MX 2MIN
DY MAX MIN AVG DEP HDD CDD WTR SNW DPTH SPD SPD DIR MIN PSBL S-S WX SPD DR
================================================================================
1 84 67 76 8 0 11 0.01 M M 4.7 17 200 M M 2 8 20 190
2 91 60 76 8 0 11 0.00 M M 2.6 12 260 M M 3 18 20 210
3 97 56 77 9 0 12 0.00 M M 3.2 12 320 M M 0 8 14 310
4 97 66 82 14 0 17 0.00 M M 7.1 18 330 M M 0 26 330
5 87 57 72 4 0 7 0.00 M M 5.1 15 30 M M 0 17 40
6 87 55 71 3 0 6 0.00 M M 10.8 22 200 M M 2 8 29 210
7 80 60 70 2 0 5 0.02 M M 8.4 18 210 M M 6 23 210
8 72 47 60 -8 5 0 0.63 M M 8.0 25 230 M M 5 123 38 220
9 80 48 64 -3 1 0 0.00 M M 2.8 13 250 M M 5 12 23 250
10 89 49 69 2 0 4 0.00 M M 3.5 10 270 M M 0 17 230
11 99 55 77 10 0 12 0.00 M M 5.0 14 30 M M 1 8 21 240
12 96 55 76 9 0 11 0.00 M M 5.4 14 320 M M 7 8 20 10
13 91 54 73 7 0 8 0.00 M M 3.1 10 30 M M 10 8 14 40
14 98 51 75 9 0 10 0.00 M M 3.4 15 220 M M 7 8 22 210
15 98 55 77 11 0 12 0.00 M M 7.0 18 220 M M 2 8 28 150
16 92 61 77 11 0 12 0.00 M M 8.5 23 240 M M 5 8 33 230
17 70 55 63 -3 2 0 T M M 10.0 18 30 M M 7 38 25 40
18 77 49 63 -2 2 0 0.00 M M 7.3 16 30 M M 4 33 70
19 83 43 63 -2 2 0 0.00 M M 3.9 12 40 M M 4 8 14 40
20 76 56 66 1 0 1 T M M 5.0 16 60 M M 5 3 22 80
21 73 53 63 -1 2 0 0.08 M M 5.9 16 50 M M 8 1 25 220
22 74 53 64 0 1 0 0.00 M M 10.4 22 190 M M 5 26 200
23 70 39 55 -9 10 0 0.00 M M 3.6 10 230 M M 2 15 190
24 77 36 57 -7 8 0 0.00 M M 5.8 12 40 M M 0 16 240
25 81 46 64 1 1 0 0.00 M M 4.0 13 50 M M 0 17 40
26 78 44 61 -2 4 0 0.00 M M 8.4 18 180 M M 3 23 230
27 74 45 60 -3 5 0 0.04 M M 4.5 21 330 M M 3 12 24 330
28 80 37 59 -3 6 0 0.00 M M 3.0 12 220 M M 0 1 39 290
29 83 40 62 0 3 0 0.00 M M 2.2 9 140 M M 0 12 130
30 83 39 61 -1 4 0 0.00 M M 7.5 21 200 M M 0 27 200
31 70 46 58 -4 7 0 0.00 M M 9.1 20 180 M M 1 25 230
================================================================================
SM 2587 1577 63 139 0.78 M 179.2 M 97
================================================================================
AV 83.5 50.9 5.8 FASTST M M 3 MAX(MPH)
MISC ----> 25 230 39 290
================================================================================
NOTES:
# LAST OF SEVERAL OCCURRENCES
COLUMN 17 PEAK WIND IN M.P.H.
PRELIMINARY LOCAL CLIMATOLOGICAL DATA (WS FORM: F-6) , PAGE 2
STATION: DEER_PARK WA AIRPORT
MONTH: AUGUST
YEAR: 2021
LATITUDE: 47 58 N
LONGITUDE: 117 25 W
[TEMPERATURE DATA] [PRECIPITATION DATA] SYMBOLS USED IN COLUMN 16
AVERAGE MONTHLY: 67.2 TOTAL FOR MONTH: 0.78 1 = FOG OR MIST
DPTR FM NORMAL: 1.7 DPTR FM NORMAL: 0.05 2 = FOG REDUCING VISIBILITY
HIGHEST: 99 ON 11 GRTST 24HR 0.63 ON 8- 8 TO 1/4 MILE OR LESS
LOWEST: 36 ON 24 3 = THUNDER
SNOW, ICE PELLETS, HAIL 4 = ICE PELLETS
TOTAL MONTH: M 5 = HAIL
GRTST 24HR M ON M 6 = FREEZING RAIN OR DRIZZLE
GRTST DEPTH: M ON M 7 = DUSTSTORM OR SANDSTORM:
VSBY 1/2 MILE OR LESS
8 = SMOKE OR HAZE
[NO. OF DAYS WITH] [WEATHER - DAYS WITH] 9 = BLOWING SNOW
X = TORNADO
MAX 32 OR BELOW: 0 0.01 INCH OR MORE: 5
MAX 90 OR ABOVE: 9 0.10 INCH OR MORE: 1
MIN 32 OR BELOW: 0 0.50 INCH OR MORE: 1
MIN 0 OR BELOW: 0 1.00 INCH OR MORE: 0
[HDD (BASE 65) ]
TOTAL THIS MO. 63 CLEAR (SCALE 0-3) 17
DPTR FM NORMAL -3 PTCLDY (SCALE 4-7) 12
TOTAL FM JUL 1 67 CLOUDY (SCALE 8-10) 2
DPTR FM NORMAL -57
[CDD (BASE 65) ]
TOTAL THIS MO. 139
DPTR FM NORMAL 58 [PRESSURE DATA]
TOTAL FM JAN 1 562 HIGHEST SLP M ON M
DPTR FM NORMAL 360 LOWEST SLP 29.58 ON 16
[REMARKS]
#FINAL-08-21#