000
CXUS53 KIWX 010910
CF6DFI
PRELIMINARY LOCAL CLIMATOLOGICAL DATA (WS FORM: F-6)
STATION: DEFIANCE MEMORIAL
MONTH: NOVEMBER
YEAR: 2022
LATITUDE: 41 20 N
LONGITUDE: 84 26 W
TEMPERATURE IN F: :PCPN: SNOW: WIND :SUNSHINE: SKY :PK WND
================================================================================
1 2 3 4 5 6A 6B 7 8 9 10 11 12 13 14 15 16 17 18
12Z AVG MX 2MIN
DY MAX MIN AVG DEP HDD CDD WTR SNW DPTH SPD SPD DIR MIN PSBL S-S WX SPD DR
================================================================================
1 68 44 56 10 9 0 T M M 4.1 10 300 M M 5 18 15 290
2 67 37 52 6 13 0 0.00 M M 2.4 10 200 M M 2 128 14 190
3 70 40 55 9 10 0 0.00 M M 5.1 13 190 M M 3 128 17 190
4 74 53 64 19 1 0 0.00 M M 12.3 22 180 M M 0 34 180
5 74 52 63 18 2 0 T M M 14.9 35 210 M M 3 58 220
6 67 42 55 11 10 0 0.00 M M 7.9 20 210 M M 1 27 220
7 60 38 49 5 16 0 0.00 M M 6.9 16 330 M M 0 20 330
8 56 36 46 2 19 0 0.00 M M 8.9 18 70 M M 0 23 70
9 69 33 51 8 14 0 0.00 M M 4.9 12 180 M M 0 18 15 190
10 74 51 63 20 2 0 0.00 0.0 0 8.7 16 190 M M 0 21 190
11 64 39 52 10 13 0 0.00 0.0 0 6.3 22 300 M M 2 29 300
12 39 32 36 -6 29 0 0.13 M M 7.8 18 310 M M 10 1 26 300
13 38 31 35 -7 30 0 0.00 M M 5.2 12 290 M M 9 17 230
14 38 28 33 -8 32 0 0.00 0.0 M 3.7 8 50 M M 9 12 100
15 39 27 33 -8 32 0 0.05 M M 5.8 17 90 M M 9 1 23 70
16 37 31 34 -6 31 0 T M M 8.8 15 230 M M 10 1 26 230
17 33 30 32 -8 33 0 T M M 10.9 21 210 M M 10 1 34 230
18 32 22 27 -13 38 0 T M M 11.4 18 230 M M 10 1 34 250
19 31 17 24 -15 41 0 T M M 13.4 25 210 M M 4 39 220
20 28 16 22 -17 43 0 0.00 M M 8.1 15 230 M M 4 26 270
21 48 20 34 -4 31 0 0.00 M M 10.0 25 220 M M 0 38 220
22 53 20 37 -1 28 0 0.00 M M 5.5 16 230 M M 0 24 270
23 58 25 42 4 23 0 0.00 M M 4.0 14 220 M M 0 8 19 220
24 60 25 43 6 22 0 0.05 M M 4.5 14 220 M M 3 1 21 230
25 52 28 40 3 25 0 0.00 M M 7.5 21 310 M M 4 31 320
26 54 27 41 5 24 0 0.00 M M 6.5 16 220 M M 0 1 23 220
27 48 39 44 8 21 0 1.65 M M 6.1 20 330 M M 9 1 26 330
28 44 37 41 5 24 0 0.00 M M 3.2 13 340 M M 10 17 340
29 57 41 49 14 16 0 T M M 10.3 22 190 M M 8 18 35 180
30 56 26 41 6 24 0 0.10 M M 13.9 24 260 M M 9 1 40 250
================================================================================
SM 1588 987 656 0 1.98 0.0 229.0 M 134
================================================================================
AV 52.9 32.9 7.6 FASTST M M 4 MAX(MPH)
MISC ----> 35 210 58 220
================================================================================
NOTES:
# LAST OF SEVERAL OCCURRENCES
COLUMN 17 PEAK WIND IN M.P.H.
PRELIMINARY LOCAL CLIMATOLOGICAL DATA (WS FORM: F-6) , PAGE 2
STATION: DEFIANCE MEMORIAL
MONTH: NOVEMBER
YEAR: 2022
LATITUDE: 41 20 N
LONGITUDE: 84 26 W
[TEMPERATURE DATA] [PRECIPITATION DATA] SYMBOLS USED IN COLUMN 16
AVERAGE MONTHLY: 42.9 TOTAL FOR MONTH: 1.98 1 = FOG OR MIST
DPTR FM NORMAL: 2.3 DPTR FM NORMAL: -0.50 2 = FOG REDUCING VISIBILITY
HIGHEST: 74 ON 10, 5 GRTST 24HR 1.65 ON 27-27 TO 1/4 MILE OR LESS
LOWEST: 16 ON 20 3 = THUNDER
SNOW, ICE PELLETS, HAIL 4 = ICE PELLETS
TOTAL MONTH: 0.0 INCH 5 = HAIL
GRTST 24HR 0.0 6 = FREEZING RAIN OR DRIZZLE
GRTST DEPTH: 0 7 = DUSTSTORM OR SANDSTORM:
VSBY 1/2 MILE OR LESS
8 = SMOKE OR HAZE
[NO. OF DAYS WITH] [WEATHER - DAYS WITH] 9 = BLOWING SNOW
X = TORNADO
MAX 32 OR BELOW: 3 0.01 INCH OR MORE: 5
MAX 90 OR ABOVE: 0 0.10 INCH OR MORE: 3
MIN 32 OR BELOW: 16 0.50 INCH OR MORE: 1
MIN 0 OR BELOW: 0 1.00 INCH OR MORE: 1
[HDD (BASE 65) ]
TOTAL THIS MO. 656 CLEAR (SCALE 0-3) 12
DPTR FM NORMAL -76 PTCLDY (SCALE 4-7) 8
TOTAL FM JUL 1 1124 CLOUDY (SCALE 8-10) 10
DPTR FM NORMAL -136
[CDD (BASE 65) ]
TOTAL THIS MO. 0
DPTR FM NORMAL 0 [PRESSURE DATA]
TOTAL FM JAN 1 955 HIGHEST SLP 30.71 ON 8
DPTR FM NORMAL 208 LOWEST SLP 29.31 ON 27
[REMARKS]
#FINAL-11-22#