000
CXUS53 KIWX 010810
CF6DFI
PRELIMINARY LOCAL CLIMATOLOGICAL DATA (WS FORM: F-6)
STATION: DEFIANCE MEMORIAL
MONTH: JUNE
YEAR: 2022
LATITUDE: 41 20 N
LONGITUDE: 84 26 W
TEMPERATURE IN F: :PCPN: SNOW: WIND :SUNSHINE: SKY :PK WND
================================================================================
1 2 3 4 5 6A 6B 7 8 9 10 11 12 13 14 15 16 17 18
12Z AVG MX 2MIN
DY MAX MIN AVG DEP HDD CDD WTR SNW DPTH SPD SPD DIR MIN PSBL S-S WX SPD DR
================================================================================
1 85 63 74 9 0 9 0.03 M M 7.3 18 320 M M 4 25 320
2 77 57 67 1 0 2 0.02 M M 5.5 15 330 M M 4 27 330
3 83 49 66 0 0 1 0.00 M M 6.6 22 300 M M 0 34 300
4 77 47 62 -4 3 0 T M M 4.9 12 100 M M 3 16 100
5 85 59 72 5 0 7 0.00 M M 5.6 14 170 M M 5 23 340
6 85 65 75 8 0 10 0.18 M M 8.1 20 200 M M 4 1 27 200
7 76 57 67 0 0 2 0.88 M M 7.0 17 300 M M 6 1 23 310
8 M M M M M M 0.88 M M 5.6 23 320 M M 4 29 320
9 M M M M M M 0.01 0.0 0 6.1 14 260 M M 6 21 240
10 78 65 72 4 0 7 0.00 M M 3.6 14 200 M M 1 19 210
11 77 55 66 -2 0 1 0.00 M M 6.7 15 200 M M 3 21 190
12 84 63 74 5 0 9 0.00 M M 4.6 10 200 M M 6 1 16 220
13 90 66 78 9 0 13 1.02 M M 9.1 46 330 M M 2 1 61 350
14 90 67 79 10 0 14 0.16 M M 5.2 30 20 M M 1 1 45 20
15 94 76 85 15 0 20 0.00 M M 7.2 16 200 M M 0 1 23 190
16 93 79 86 16 0 21 T 0.0 0 8.6 15 260 M M 1 30 220
17 83 67 75 5 0 10 0.00 0.0 0 11.6 24 310 M M 0 33 310
18 76 53 65 -5 0 0 0.00 M M 8.1 18 20 M M 0 27 30
19 80 48 64 -7 1 0 0.00 M M 1.5 9 210 M M 0 13 190
20 88 59 74 3 0 9 0.00 M M 4.6 13 230 M M 0 23 220
21 97 59 78 7 0 13 0.00 M M 6.5 15 250 M M 0 29 250
22 91 68 80 9 0 15 0.00 M M 9.0 21 320 M M 0 8 26 300
23 84 59 72 0 0 7 0.00 M M 5.0 13 20 M M 0 18 340
24 89 55 72 0 0 7 0.00 M M 2.3 9 100 M M 0 13 70
25 88 60 74 2 0 9 0.00 M M 3.6 12 200 M M 1 17 210
26 84 67 76 4 0 11 0.05 M M 7.2 18 310 M M 6 18 26 310
27 77 54 66 -6 0 1 0.00 M M 7.3 20 330 M M 1 28 290
28 82 47 65 -7 0 0 0.00 M M 1.5 9 190 M M 0 14 320
29 87 57 72 0 0 7 0.00 M M 3.6 13 210 M M 2 22 250
30 92 62 77 4 0 12 0.00 M M 6.6 18 210 M M 0 8 27 200
================================================================================
SM 2372 1683 4 217 3.23 0.0 180.1 M 60
================================================================================
AV 84.7 60.1 6.0 FASTST M M 2 MAX(MPH)
MISC ----> 46 330 61 350
================================================================================
NOTES:
# LAST OF SEVERAL OCCURRENCES
COLUMN 17 PEAK WIND IN M.P.H.
PRELIMINARY LOCAL CLIMATOLOGICAL DATA (WS FORM: F-6) , PAGE 2
STATION: DEFIANCE MEMORIAL
MONTH: JUNE
YEAR: 2022
LATITUDE: 41 20 N
LONGITUDE: 84 26 W
[TEMPERATURE DATA] [PRECIPITATION DATA] SYMBOLS USED IN COLUMN 16
AVERAGE MONTHLY: 72.4 TOTAL FOR MONTH: 3.23 1 = FOG OR MIST
DPTR FM NORMAL: 2.9 DPTR FM NORMAL: -0.15 2 = FOG REDUCING VISIBILITY
HIGHEST: 97 ON 21 GRTST 24HR 1.18 ON 13-14 TO 1/4 MILE OR LESS
LOWEST: 47 ON 28, 4 3 = THUNDER
SNOW, ICE PELLETS, HAIL 4 = ICE PELLETS
TOTAL MONTH: 0.0 INCH 5 = HAIL
GRTST 24HR 0.0 6 = FREEZING RAIN OR DRIZZLE
GRTST DEPTH: 0 7 = DUSTSTORM OR SANDSTORM:
VSBY 1/2 MILE OR LESS
8 = SMOKE OR HAZE
[NO. OF DAYS WITH] [WEATHER - DAYS WITH] 9 = BLOWING SNOW
X = TORNADO
MAX 32 OR BELOW: 0 0.01 INCH OR MORE: 9
MAX 90 OR ABOVE: 7 0.10 INCH OR MORE: 5
MIN 32 OR BELOW: 0 0.50 INCH OR MORE: 3
MIN 0 OR BELOW: 0 1.00 INCH OR MORE: 1
[HDD (BASE 65) ]
TOTAL THIS MO. 4 CLEAR (SCALE 0-3) 20
DPTR FM NORMAL -28 PTCLDY (SCALE 4-7) 10
TOTAL FM JUL 1 5404 CLOUDY (SCALE 8-10) 0
DPTR FM NORMAL -772
[CDD (BASE 65) ]
TOTAL THIS MO. 217
DPTR FM NORMAL 51 [PRESSURE DATA]
TOTAL FM JAN 1 348 HIGHEST SLP 30.32 ON 19
DPTR FM NORMAL 129 LOWEST SLP 29.69 ON 7
[REMARKS]
#FINAL-06-22#