317
CXUS54 KFWD 010141
CF6DFW
PRELIMINARY LOCAL CLIMATOLOGICAL DATA (WS FORM: F-6)
STATION: DALLAS/FORT WORTH
MONTH: DECEMBER
YEAR: 2020
LATITUDE: 32 54 N
LONGITUDE: 97 2 W
TEMPERATURE IN F: :PCPN: SNOW: WIND :SUNSHINE: SKY :PK WND
================================================================================
1 2 3 4 5 6A 6B 7 8 9 10 11 12 13 14 15 16 17 18
12Z AVG MX 2MIN
DY MAX MIN AVG DEP HDD CDD WTR SNW DPTH SPD SPD DIR MIN PSBL S-S WX SPD DR
================================================================================
1 58 29 44 -6 21 0 0.00 0.0 0 13.7 28 190 M M 3 36 190
2 57 39 48 -2 17 0 T 0.0 0 10.9 21 300 M M 5 28 310
3 47 36 42 -8 23 0 0.00 0.0 0 11.1 21 310 M M 8 27 300
4 58 33 46 -3 19 0 0.00 0.0 0 5.7 15 340 M M 2 21 350
5 64 31 48 -1 17 0 0.00 0.0 0 3.7 14 310 M M 5 8 18 300
6 61 45 53 4 12 0 0.01 0.0 0 12.0 23 350 M M 5 36 320
7 64 39 52 3 13 0 0.00 0.0 0 8.3 13 240 M M 0 17 250
8 72 37 55 7 10 0 0.00 0.0 0 5.3 12 250 M M 0 8 15 310
9 79 38 59 11 6 0 0.00 0.0 0 6.6 15 210 M M 0 23 220
10 78 41 60 12 5 0 0.00 0.0 0 12.2 24 180 M M 1 34 180
11 69 45 57 9 8 0 0.12 0.0 0 10.5 18 330 M M 7 1 26 190
12 54 38 46 -1 19 0 0.00 0.0 0 7.3 16 330 M M 3 20 330
13 44 36 40 -7 25 0 0.82 0.0 0 14.8 31 340 M M 10 13 39 350
14 50 33 42 -5 23 0 0.00 0.0 0 7.4 18 330 M M 5 24 320
15 42 35 39 -8 26 0 0.03 0.0 0 8.1 18 130 M M 9 1 23 140
16 43 32 38 -9 27 0 T 0.0 0 8.5 18 340 M M 6 1 23 340
17 60 28 44 -2 21 0 0.00 0.0 0 6.3 14 180 M M 0 1 19 180
18 61 37 49 3 16 0 0.00 0.0 0 13.0 26 190 M M 7 32 180
19 58 41 50 4 15 0 T 0.0 0 6.7 18 330 M M 6 1 26 330
20 63 34 49 3 16 0 0.00 0.0 0 5.9 16 310 M M 0 21 290
21 72 35 54 8 11 0 0.00 0.0 0 5.8 13 190 M M 2 18 230
22 71 40 56 10 9 0 0.00 0.0 0 12.3 28 170 M M 6 37 180
23 71 36 54 8 11 0 0.00 0.0 0 20.9 37 350 M M 6 49 350
24 54 30 42 -4 23 0 0.00 0.0 0 14.6 30 340 M M 1 40 330
25 59 30 45 -1 20 0 0.00 0.0 0 6.2 12 180 M M 1 16 190
26 70 35 53 7 12 0 0.00 0.0 0 11.9 29 190 M M 0 35 190
27 74 48 61 15 4 0 0.00 0.0 0 14.4 28 210 M M 2 37 210
28 62 45 54 8 11 0 0.00 0.0 0 9.3 20 10 M M 8 27 20
29 69 54 62 16 3 0 0.03 0.0 0 14.7 28 150 M M 9 1 38 150
30 60 38 49 4 16 0 0.35 0.0 0 16.7 35 350 M M 10 13 42 350
31 39 37 38 -7 27 0 1.64 0.0 0 15.9 40 10 M M 10 13 55 10
================================================================================
SM 1883 1155 486 0 3.00 0.0 320.7 M 137
================================================================================
AV 60.7 37.3 10.3 FASTST M M 4 MAX(MPH)
MISC ----> 40 10 55 10
================================================================================
NOTES:
# LAST OF SEVERAL OCCURRENCES
COLUMN 17 PEAK WIND IN M.P.H.
PRELIMINARY LOCAL CLIMATOLOGICAL DATA (WS FORM: F-6) , PAGE 2
STATION: DALLAS/FORT WORTH
MONTH: DECEMBER
YEAR: 2020
LATITUDE: 32 54 N
LONGITUDE: 97 2 W
[TEMPERATURE DATA] [PRECIPITATION DATA] SYMBOLS USED IN COLUMN 16
AVERAGE MONTHLY: 49.0 TOTAL FOR MONTH: 3.00 1 = FOG OR MIST
DPTR FM NORMAL: 1.9 DPTR FM NORMAL: 0.45 2 = FOG REDUCING VISIBILITY
HIGHEST: 79 ON 9 GRTST 24HR 1.67 ON 30-31 TO 1/4 MILE OR LESS
LOWEST: 28 ON 17 3 = THUNDER
SNOW, ICE PELLETS, HAIL 4 = ICE PELLETS
TOTAL MONTH: 0.0 INCH 5 = HAIL
GRTST 24HR 0.0 6 = FREEZING RAIN OR DRIZZLE
GRTST DEPTH: 0 7 = DUSTSTORM OR SANDSTORM:
VSBY 1/2 MILE OR LESS
8 = SMOKE OR HAZE
[NO. OF DAYS WITH] [WEATHER - DAYS WITH] 9 = BLOWING SNOW
X = TORNADO
MAX 32 OR BELOW: 0 0.01 INCH OR MORE: 7
MAX 90 OR ABOVE: 0 0.10 INCH OR MORE: 4
MIN 32 OR BELOW: 6 0.50 INCH OR MORE: 2
MIN 0 OR BELOW: 0 1.00 INCH OR MORE: 1
[HDD (BASE 65) ]
TOTAL THIS MO. 486 CLEAR (SCALE 0-3) 14
DPTR FM NORMAL -72 PTCLDY (SCALE 4-7) 10
TOTAL FM JUL 1 789 CLOUDY (SCALE 8-10) 7
DPTR FM NORMAL -124
[CDD (BASE 65) ]
TOTAL THIS MO. 0
DPTR FM NORMAL -4 [PRESSURE DATA]
TOTAL FM JAN 1 2788 HIGHEST SLP 30.37 ON 24
DPTR FM NORMAL 32 LOWEST SLP 29.48 ON 31
[REMARKS]
#FINAL-12-20#