000
CXUS54 KFWD 010730
CF6DFW
PRELIMINARY LOCAL CLIMATOLOGICAL DATA (WS FORM: F-6)
STATION: DALLAS/FORT WORTH
MONTH: AUGUST
YEAR: 2023
LATITUDE: 32 54 N
LONGITUDE: 97 2 W
TEMPERATURE IN F: :PCPN: SNOW: WIND :SUNSHINE: SKY :PK WND
================================================================================
1 2 3 4 5 6A 6B 7 8 9 10 11 12 13 14 15 16 17 18
12Z AVG MX 2MIN
DY MAX MIN AVG DEP HDD CDD WTR SNW DPTH SPD SPD DIR MIN PSBL S-S WX SPD DR
================================================================================
1 107 81 94 7 0 29 0.00 0.0 0 7.5 18 130 M M 3 24 120
2 106 83 95 8 0 30 0.00 0.0 0 10.7 20 190 M M 4 31 170
3 105 85 95 8 0 30 0.00 0.0 0 12.7 20 200 M M 1 26 190
4 105 85 95 8 0 30 0.00 0.0 0 11.3 21 190 M M 1 27 190
5 107 85 96 9 0 31 0.00 0.0 0 10.8 20 190 M M 2 24 210
6 104 85 95 8 0 30 0.00 0.0 0 10.1 21 200 M M 3 27 200
7 104 86 95 8 0 30 0.00 0.0 0 9.7 24 190 M M 4 31 190
8 103 86 95 8 0 30 T 0.0 0 14.1 23 200 M M 7 30 200
9 107 83 95 8 0 30 0.00 0.0 0 17.1 26 200 M M 5 3 37 230
10 107 85 96 9 0 31 0.00 0.0 0 10.8 24 200 M M 2 32 190
11 107 84 96 9 0 31 0.00 0.0 0 15.4 24 190 M M 6 32 190
12 106 83 95 8 0 30 0.00 0.0 0 14.9 25 200 M M 2 33 200
13 106 84 95 9 0 30 0.00 0.0 0 13.7 24 190 M M 1 31 210
14 99 80 90 4 0 25 0.00 0.0 0 12.9 24 10 M M 2 29 360
15 94 74 84 -2 0 19 0.00 0.0 0 9.7 18 20 M M 3 25 40
16 97 71 84 -2 0 19 0.00 0.0 0 5.6 14 20 M M 0 17 10
17 109 74 92 6 0 27 0.00 0.0 0 9.1 16 150 M M 1 21 150
18 109 82 96 10 0 31 0.00 0.0 0 9.0 15 200 M M 1 21 180
19 108 85 97 11 0 32 0.00 0.0 0 8.6 18 210 M M 1 24 160
20 109 83 96 10 0 31 0.00 0.0 0 7.6 18 80 M M 1 25 90
21 106 82 94 9 0 29 0.00 0.0 0 9.0 20 60 M M 3 31 120
22 103 82 93 8 0 28 0.00 0.0 0 8.9 17 110 M M 5 27 110
23 103 83 93 8 0 28 0.00 0.0 0 6.5 15 120 M M 5 20 120
24 107 84 96 11 0 31 0.00 0.0 0 5.6 14 110 M M 7 19 100
25 110 85 98 14 0 33 0.00 0.0 0 5.4 14 60 M M 4 8 19 60
26 110 85 98 14 0 33 0.00 0.0 0 6.0 17 30 M M 5 23 40
27 101 78 90 6 0 25 T 0.0 0 10.7 30 250 M M 6 39 250
28 95 78 87 3 0 22 0.00 0.0 0 12.0 22 350 M M 3 31 10
29 98 75 87 3 0 22 0.00 0.0 0 7.5 18 10 M M 4 30 20
30 98 77 88 5 0 23 0.00 0.0 0 9.0 22 20 M M 2 29 20
31 99 75 87 4 0 22 0.00 0.0 0 5.8 16 120 M M 1 23 120
================================================================================
SM 3229 2528 0 872 T 0.0 307.7 M 95
================================================================================
AV104.2 81.5 9.9 FASTST M M 3 MAX(MPH)
MISC ----> 30 250 39 250
================================================================================
NOTES:
# LAST OF SEVERAL OCCURRENCES
COLUMN 17 PEAK WIND IN M.P.H.
PRELIMINARY LOCAL CLIMATOLOGICAL DATA (WS FORM: F-6) , PAGE 2
STATION: DALLAS/FORT WORTH
MONTH: AUGUST
YEAR: 2023
LATITUDE: 32 54 N
LONGITUDE: 97 2 W
[TEMPERATURE DATA] [PRECIPITATION DATA] SYMBOLS USED IN COLUMN 16
AVERAGE MONTHLY: 92.9 TOTAL FOR MONTH: T 1 = FOG OR MIST
DPTR FM NORMAL: 7.2 DPTR FM NORMAL: -2.18 2 = FOG REDUCING VISIBILITY
HIGHEST: 110 ON 26,25 GRTST 24HR T ON 8- 8 TO 1/4 MILE OR LESS
LOWEST: 71 ON 16 3 = THUNDER
SNOW, ICE PELLETS, HAIL 4 = ICE PELLETS
TOTAL MONTH: 0.0 INCH 5 = HAIL
GRTST 24HR 0.0 6 = FREEZING RAIN OR DRIZZLE
GRTST DEPTH: 0 7 = DUSTSTORM OR SANDSTORM:
VSBY 1/2 MILE OR LESS
8 = SMOKE OR HAZE
[NO. OF DAYS WITH] [WEATHER - DAYS WITH] 9 = BLOWING SNOW
X = TORNADO
MAX 32 OR BELOW: 0 0.01 INCH OR MORE: 0
MAX 90 OR ABOVE: 31 0.10 INCH OR MORE: 0
MIN 32 OR BELOW: 0 0.50 INCH OR MORE: 0
MIN 0 OR BELOW: 0 1.00 INCH OR MORE: 0
[HDD (BASE 65) ]
TOTAL THIS MO. 0 CLEAR (SCALE 0-3) 18
DPTR FM NORMAL 0 PTCLDY (SCALE 4-7) 13
TOTAL FM JUL 1 0 CLOUDY (SCALE 8-10) 0
DPTR FM NORMAL 0
[CDD (BASE 65) ]
TOTAL THIS MO. 872
DPTR FM NORMAL 229 [PRESSURE DATA]
TOTAL FM JAN 1 2715 HIGHEST SLP M ON M
DPTR FM NORMAL 487 LOWEST SLP 29.59 ON 9
[REMARKS]
#FINAL-08-23#