000
CDUS43 KDDC 192329
CLIDGC


CLIMATE REPORT
NATIONAL WEATHER SERVICE DODGE CITY KS
628 PM CDT SAT APR 19 2014


...................................

...THE DODGE CITY KS CLIMATE SUMMARY FOR APRIL 19 2014...
VALID TODAY AS OF 0500 PM LOCAL TIME.

CLIMATE NORMAL PERIOD 1981 TO 2010
CLIMATE RECORD PERIOD 1875 TO 2014


WEATHER ITEM   OBSERVED TIME   RECORD YEAR NORMAL DEPARTURE LAST
                VALUE   (LST)  VALUE       VALUE  FROM      YEAR
                                                  NORMAL
..................................................................
TEMPERATURE (F)
 TODAY
  MAXIMUM         80    417 PM  92    1961  69     11       65
  MINIMUM         52    253 AM  24    2013  41     11       24
                                      1953
  AVERAGE         66                        55     11       45

PRECIPITATION (IN)
  TODAY            0.00          0.88 1976   0.06  -0.06     0.00
  MONTH TO DATE    0.46                      1.07  -0.61     0.28
  SINCE MAR 1      0.73                      2.66  -1.93     0.54
  SINCE JAN 1      1.57                      3.92  -2.35     1.92

SNOWFALL (IN)
  TODAY            0.0           0.9  1941   0.0    0.0      0.0
  MONTH TO DATE    2.2                       1.0    1.2       T
  SINCE MAR 1      6.6                       5.9    0.7      2.1
  SINCE JUL 1     31.1                      21.0   10.1     25.5
  SNOW DEPTH       0

DEGREE DAYS
 HEATING
  TODAY            0                        11    -11       20
  MONTH TO DATE  274                       255     19      365
  SINCE MAR 1   1026                       895    131     1063
  SINCE JUL 1   5183                      4742    441     4774

 COOLING
  TODAY            1                         1      0        0
  MONTH TO DATE    9                         4      5        3
  SINCE MAR 1      9                         5      4        3
  SINCE JAN 1      9                         5      4        3
..................................................................


WIND (MPH)
  HIGHEST WIND SPEED    31   HIGHEST WIND DIRECTION    SW (210)
  HIGHEST GUST SPEED    41   HIGHEST GUST DIRECTION    SW (210)
  AVERAGE WIND SPEED    22.2


SKY COVER
  POSSIBLE SUNSHINE  MM
  AVERAGE SKY COVER 0.0


WEATHER CONDITIONS
 THE FOLLOWING WEATHER WAS RECORDED TODAY.
  NO SIGNIFICANT WEATHER WAS OBSERVED.


RELATIVE HUMIDITY (PERCENT)
 HIGHEST    83           300 AM
 LOWEST     30           400 PM
 AVERAGE    57

..........................................................


THE DODGE CITY KS CLIMATE NORMALS FOR TOMORROW
                         NORMAL    RECORD    YEAR
 MAXIMUM TEMPERATURE (F)   69        92      1902
 MINIMUM TEMPERATURE (F)   42        25      1966
                                             1953


SUNRISE AND SUNSET
APRIL 19 2014.........SUNRISE   659 AM CDT   SUNSET   819 PM CDT
APRIL 20 2014.........SUNRISE   658 AM CDT   SUNSET   820 PM CDT


-  INDICATES NEGATIVE NUMBERS.
R  INDICATES RECORD WAS SET OR TIED.
MM INDICATES DATA IS MISSING.
T  INDICATES TRACE AMOUNT.




$$
