000
CDUS43 KDDC 061025
CLIDGC


CLIMATE REPORT
NATIONAL WEATHER SERVICE DODGE CITY KS
525 AM CDT MON JUL 6 2015


...................................

...THE DODGE CITY KS CLIMATE SUMMARY FOR JULY 5 2015...

CLIMATE NORMAL PERIOD 1981 TO 2010
CLIMATE RECORD PERIOD 1875 TO 2015


WEATHER ITEM   OBSERVED TIME   RECORD YEAR NORMAL DEPARTURE LAST
                VALUE   (LST)  VALUE       VALUE  FROM      YEAR
                                                  NORMAL
..................................................................
TEMPERATURE (F)
 YESTERDAY
  MAXIMUM         95    345 PM 105    1991  92      3       93
                                      1978
                                      1966
  MINIMUM         71    629 AM  49    1924  65      6       70
  AVERAGE         83                        79      4       82

PRECIPITATION (IN)
  YESTERDAY        T             2.21 2010   0.10  -0.10     0.00
  MONTH TO DATE    T                         0.49  -0.49     0.15
  SINCE JUN 1      2.08                      3.73  -1.65     9.24
  SINCE JAN 1     15.80                     11.25   4.55    12.76

SNOWFALL (IN)
  YESTERDAY        0.0           T    1987   0.0    0.0      0.0
                                      1986
  MONTH TO DATE    0.0                       0.0    0.0      0.0
  SINCE JUN 1      0.0                       0.0    0.0      0.0
  SINCE JUL 1      0.0                       0.0    0.0      0.0
  SNOW DEPTH       0

DEGREE DAYS
 HEATING
  YESTERDAY        0                         0      0        0
  MONTH TO DATE    0                         0      0        0
  SINCE JUN 1      0                        13    -13        7
  SINCE JUL 1      0                         0      0        0

 COOLING
  YESTERDAY       18                        14      4       17
  MONTH TO DATE   71                        68      3       43
  SINCE JUN 1    424                       346     78      327
  SINCE JAN 1    485                       455     30      499
..................................................................


WIND (MPH)
  HIGHEST WIND SPEED    29   HIGHEST WIND DIRECTION     S (180)
  HIGHEST GUST SPEED    36   HIGHEST GUST DIRECTION     S (190)
  AVERAGE WIND SPEED    18.3


SKY COVER
  POSSIBLE SUNSHINE  MM
  AVERAGE SKY COVER 0.0


WEATHER CONDITIONS
 THE FOLLOWING WEATHER WAS RECORDED YESTERDAY.
  NO SIGNIFICANT WEATHER WAS OBSERVED.


RELATIVE HUMIDITY (PERCENT)
 HIGHEST    79           200 AM
 LOWEST     28           200 PM
 AVERAGE    54

..........................................................


THE DODGE CITY KS CLIMATE NORMALS FOR TODAY
                         NORMAL    RECORD    YEAR
 MAXIMUM TEMPERATURE (F)   92       107      1991
 MINIMUM TEMPERATURE (F)   66        52      1924


SUNRISE AND SUNSET
JULY  6 2015..........SUNRISE   624 AM CDT   SUNSET   905 PM CDT
JULY  7 2015..........SUNRISE   625 AM CDT   SUNSET   905 PM CDT


-  INDICATES NEGATIVE NUMBERS.
R  INDICATES RECORD WAS SET OR TIED.
MM INDICATES DATA IS MISSING.
T  INDICATES TRACE AMOUNT.




$$
