000
CDUS43 KDDC 291013
CLIDGC


CLIMATE REPORT
NATIONAL WEATHER SERVICE DODGE CITY KS
510 AM CDT WED JUL 29 2015


...................................

...THE DODGE CITY KS CLIMATE SUMMARY FOR JULY 28 2015...

CLIMATE NORMAL PERIOD 1981 TO 2010
CLIMATE RECORD PERIOD 1875 TO 2015


WEATHER ITEM   OBSERVED TIME   RECORD YEAR NORMAL DEPARTURE LAST
                VALUE   (LST)  VALUE       VALUE  FROM      YEAR
                                                  NORMAL
..................................................................
TEMPERATURE (F)
 YESTERDAY
  MAXIMUM         90    208 PM 106    1986  93     -3       85
  MINIMUM         72   1159 PM  53    2005  67      5       64
  AVERAGE         81                        80      1       75

PRECIPITATION (IN)
  YESTERDAY        0.00          3.28 1964   0.10  -0.10     0.00
  MONTH TO DATE    1.50                      2.78  -1.28     1.64
  SINCE JUN 1      3.58                      6.02  -2.44    10.73
  SINCE JAN 1     17.30                     13.54   3.76    14.25

SNOWFALL (IN)
  YESTERDAY        0.0           T    2000   0.0    0.0      0.0
  MONTH TO DATE    0.0                       0.0    0.0      0.0
  SINCE JUN 1      0.0                       0.0    0.0      0.0
  SINCE JUL 1      0.0                       0.0    0.0      0.0
  SNOW DEPTH       0

DEGREE DAYS
 HEATING
  YESTERDAY        0                         0      0        0
  MONTH TO DATE    1                         0      1       12
  SINCE JUN 1      1                        13    -12       19
  SINCE JUL 1      1                         0      1       12

 COOLING
  YESTERDAY       16                        15      1       10
  MONTH TO DATE  416                       408      8      331
  SINCE JUN 1    769                       686     83      615
  SINCE JAN 1    830                       795     35      787
..................................................................


WIND (MPH)
  HIGHEST WIND SPEED    22   HIGHEST WIND DIRECTION    SW (210)
  HIGHEST GUST SPEED    29   HIGHEST GUST DIRECTION     S (200)
  AVERAGE WIND SPEED    13.4


SKY COVER
  POSSIBLE SUNSHINE  MM
  AVERAGE SKY COVER 0.0


WEATHER CONDITIONS
 THE FOLLOWING WEATHER WAS RECORDED YESTERDAY.
  NO SIGNIFICANT WEATHER WAS OBSERVED.


RELATIVE HUMIDITY (PERCENT)
 HIGHEST    68           600 AM
 LOWEST     43          1100 AM
 AVERAGE    56

..........................................................


THE DODGE CITY KS CLIMATE NORMALS FOR TODAY
                         NORMAL    RECORD    YEAR
 MAXIMUM TEMPERATURE (F)   93       109      1986
 MINIMUM TEMPERATURE (F)   67        55      2005


SUNRISE AND SUNSET
JULY 29 2015..........SUNRISE   641 AM CDT   SUNSET   851 PM CDT
JULY 30 2015..........SUNRISE   642 AM CDT   SUNSET   851 PM CDT


-  INDICATES NEGATIVE NUMBERS.
R  INDICATES RECORD WAS SET OR TIED.
MM INDICATES DATA IS MISSING.
T  INDICATES TRACE AMOUNT.




$$
