000
CDUS43 KDDC 290706
CLIDGC


CLIMATE REPORT
NATIONAL WEATHER SERVICE DODGE CITY KS
206 AM CDT SUN MAY 29 2016


...................................

...THE DODGE CITY KS CLIMATE SUMMARY FOR MAY 28 2016...

CLIMATE NORMAL PERIOD 1981 TO 2010
CLIMATE RECORD PERIOD 1875 TO 2016


WEATHER ITEM   OBSERVED TIME   RECORD YEAR NORMAL DEPARTURE LAST
                VALUE   (LST)  VALUE       VALUE  FROM      YEAR
                                                  NORMAL
..................................................................
TEMPERATURE (F)
 YESTERDAY
  MAXIMUM         79    526 PM  98    1934  80     -1       80
                                      1895
  MINIMUM         49    607 AM  37    1947  56     -7       58
  AVERAGE         64                        68     -4       69

PRECIPITATION (IN)
  YESTERDAY        0.00          1.57 1905   0.11  -0.11     0.21
  MONTH TO DATE    1.60                      2.51  -0.91    10.33
  SINCE MAR 1      9.72                      5.92   3.80    12.42
  SINCE JAN 1     10.31                      7.18   3.13    13.72

SNOWFALL (IN)
  YESTERDAY        0.0           0.0  2002   0.0    0.0      0.0
                                      2001
  MONTH TO DATE    0.0                       0.0    0.0      0.0
  SINCE MAR 1      0.4                       6.0   -5.6       T
  SINCE JUL 1     10.4                      21.1  -10.7     21.4
  SNOW DEPTH       0

DEGREE DAYS
 HEATING
  YESTERDAY        1                         2     -1        0
  MONTH TO DATE  161                       111     50      138
  SINCE MAR 1    976                      1103   -127      899
  SINCE JUL 1   4338                      4950   -612     4647

 COOLING
  YESTERDAY        0                         5     -5        4
  MONTH TO DATE   41                        74    -33       44
  SINCE MAR 1     50                        93    -43       59
  SINCE JAN 1     52                        93    -41       59
..................................................................


WIND (MPH)
  HIGHEST WIND SPEED    17   HIGHEST WIND DIRECTION    NW (300)
  HIGHEST GUST SPEED    22   HIGHEST GUST DIRECTION     W (280)
  AVERAGE WIND SPEED     8.1


SKY COVER
  POSSIBLE SUNSHINE  MM
  AVERAGE SKY COVER 0.0


WEATHER CONDITIONS
 THE FOLLOWING WEATHER WAS RECORDED YESTERDAY.
  NO SIGNIFICANT WEATHER WAS OBSERVED.


RELATIVE HUMIDITY (PERCENT)
 HIGHEST    93           500 AM
 LOWEST     32           500 PM
 AVERAGE    63

..........................................................


THE DODGE CITY KS CLIMATE NORMALS FOR TODAY
                         NORMAL    RECORD    YEAR
 MAXIMUM TEMPERATURE (F)   81       106      2011
 MINIMUM TEMPERATURE (F)   56        34      1947


SUNRISE AND SUNSET
MAY 29 2016...........SUNRISE   621 AM CDT   SUNSET   854 PM CDT
MAY 30 2016...........SUNRISE   620 AM CDT   SUNSET   855 PM CDT


-  INDICATES NEGATIVE NUMBERS.
R  INDICATES RECORD WAS SET OR TIED.
MM INDICATES DATA IS MISSING.
T  INDICATES TRACE AMOUNT.




$$
