000
CDUS43 KDDC 232330
CLIDGC


CLIMATE REPORT
NATIONAL WEATHER SERVICE DODGE CITY KS
626 PM CDT FRI SEP 23 2016


...................................

...THE DODGE CITY KS CLIMATE SUMMARY FOR SEPTEMBER 23 2016...
VALID TODAY AS OF 0500 PM LOCAL TIME.

CLIMATE NORMAL PERIOD 1981 TO 2010
CLIMATE RECORD PERIOD 1875 TO 2016


WEATHER ITEM   OBSERVED TIME   RECORD YEAR NORMAL DEPARTURE LAST
                VALUE   (LST)  VALUE       VALUE  FROM      YEAR
                                                  NORMAL
..................................................................
TEMPERATURE (F)
 TODAY
  MAXIMUM         90    308 PM 100    1984  79     11       82
  MINIMUM         63    614 AM  34    1989  53     10       66
  AVERAGE         77                        66     11       74

PRECIPITATION (IN)
  TODAY            0.00          1.69 1960   0.05  -0.05     0.09
  MONTH TO DATE    0.29                      1.35  -1.06     0.88
  SINCE SEP 1      0.29                      1.35  -1.06     0.88
  SINCE JAN 1     22.30                     17.94   4.36    20.57

SNOWFALL (IN)
  TODAY            0.0           0.0  2002   0.0    0.0      0.0
                                      2001
  MONTH TO DATE    0.0                       0.0    0.0      0.0
  SINCE SEP 1      0.0                       0.0    0.0      0.0
  SINCE JUL 1      0.0                       0.0    0.0      0.0
  SNOW DEPTH       0

DEGREE DAYS
 HEATING
  TODAY            0                         3     -3        0
  MONTH TO DATE    6                        32    -26        6
  SINCE SEP 1      6                        32    -26        6
  SINCE JUL 1      6                        36    -30        8

 COOLING
  TODAY           12                         4      8        9
  MONTH TO DATE  232                       163     69      262
  SINCE SEP 1    232                       163     69      262
  SINCE JAN 1   1486                      1409     77     1460
..................................................................


WIND (MPH)
  HIGHEST WIND SPEED    31   HIGHEST WIND DIRECTION     S (170)
  HIGHEST GUST SPEED    38   HIGHEST GUST DIRECTION     S (160)
  AVERAGE WIND SPEED    16.7


SKY COVER
  POSSIBLE SUNSHINE  MM
  AVERAGE SKY COVER 0.1


WEATHER CONDITIONS
 THE FOLLOWING WEATHER WAS RECORDED TODAY.
  NO SIGNIFICANT WEATHER WAS OBSERVED.


RELATIVE HUMIDITY (PERCENT)
 HIGHEST    78           500 AM
 LOWEST     29           300 PM
 AVERAGE    54

..........................................................


THE DODGE CITY KS CLIMATE NORMALS FOR TOMORROW
                         NORMAL    RECORD    YEAR
 MAXIMUM TEMPERATURE (F)   79        97      1933
 MINIMUM TEMPERATURE (F)   52        33      2000
                                             1989


SUNRISE AND SUNSET
SEPTEMBER 23 2016.....SUNRISE   729 AM CDT   SUNSET   734 PM CDT
SEPTEMBER 24 2016.....SUNRISE   730 AM CDT   SUNSET   733 PM CDT


-  INDICATES NEGATIVE NUMBERS.
R  INDICATES RECORD WAS SET OR TIED.
MM INDICATES DATA IS MISSING.
T  INDICATES TRACE AMOUNT.




$$
