000
CDUS43 KDDC 180708
CLIDGC


CLIMATE REPORT
NATIONAL WEATHER SERVICE DODGE CITY KS
108 AM CST WED JAN 18 2017


...................................

...THE DODGE CITY KS CLIMATE SUMMARY FOR JANUARY 17 2017...

CLIMATE NORMAL PERIOD 1981 TO 2010
CLIMATE RECORD PERIOD 1875 TO 2017


WEATHER ITEM   OBSERVED TIME   RECORD YEAR NORMAL DEPARTURE LAST
                VALUE   (LST)  VALUE       VALUE  FROM      YEAR
                                                  NORMAL
..................................................................
TEMPERATURE (F)
 YESTERDAY
  MAXIMUM         49    431 PM  73    1923  44      5       30
  MINIMUM         31   1132 PM -12    1930  20     11       14
  AVERAGE         40                        32      8       22

PRECIPITATION (IN)
  YESTERDAY        0.00          0.33 1996   0.02  -0.02      T
  MONTH TO DATE    2.51                      0.30   2.21     0.28
  SINCE DEC 1      3.13                      1.14   1.99     2.71
  SINCE JAN 1      2.51                      0.30   2.21     0.28

SNOWFALL (IN)
  YESTERDAY        0.0           2.0  1960   0.2   -0.2       T
  MONTH TO DATE    2.7                       2.5    0.2      0.7
  SINCE DEC 1      5.0                       6.6   -1.6      8.8
  SINCE JUL 1      5.0                       8.8   -3.8      9.9
  SNOW DEPTH       0

DEGREE DAYS
 HEATING
  YESTERDAY       25                        33     -8       43
  MONTH TO DATE  619                       561     58      549
  SINCE DEC 1   1696                      1561    135     1426
  SINCE JUL 1   2292                      2575   -283     2256

 COOLING
  YESTERDAY        0                         0      0        0
  MONTH TO DATE    0                         0      0        0
  SINCE DEC 1      0                         0      0        0
  SINCE JAN 1      0                         0      0        0
..................................................................


WIND (MPH)
  HIGHEST WIND SPEED    15   HIGHEST WIND DIRECTION    NW (310)
  HIGHEST GUST SPEED    19   HIGHEST GUST DIRECTION    NW (320)
  AVERAGE WIND SPEED     8.2


SKY COVER
  POSSIBLE SUNSHINE  MM
  AVERAGE SKY COVER 0.3


WEATHER CONDITIONS
 THE FOLLOWING WEATHER WAS RECORDED YESTERDAY.
  NO SIGNIFICANT WEATHER WAS OBSERVED.


RELATIVE HUMIDITY (PERCENT)
 HIGHEST    89          1200 AM
 LOWEST     49           500 PM
 AVERAGE    69

..........................................................


THE DODGE CITY KS CLIMATE NORMALS FOR TODAY
                         NORMAL    RECORD    YEAR
 MAXIMUM TEMPERATURE (F)   44        68      1951
                                             1920
                                             1880
 MINIMUM TEMPERATURE (F)   20       -14      1943


SUNRISE AND SUNSET
JANUARY 18 2017.......SUNRISE   753 AM CST   SUNSET   548 PM CST
JANUARY 19 2017.......SUNRISE   752 AM CST   SUNSET   549 PM CST


-  INDICATES NEGATIVE NUMBERS.
R  INDICATES RECORD WAS SET OR TIED.
MM INDICATES DATA IS MISSING.
T  INDICATES TRACE AMOUNT.




$$
